000
CXUS54 KEWX 011010
CF6ERV
PRELIMINARY LOCAL CLIMATOLOGICAL DATA (WS FORM: F-6)
STATION: KERRVILLE
MONTH: JUNE
YEAR: 2021
LATITUDE: 29 58 N
LONGITUDE: 99 5 W
TEMPERATURE IN F: :PCPN: SNOW: WIND :SUNSHINE: SKY :PK WND
================================================================================
1 2 3 4 5 6A 6B 7 8 9 10 11 12 13 14 15 16 17 18
12Z AVG MX 2MIN
DY MAX MIN AVG DEP HDD CDD WTR SNW DPTH SPD SPD DIR MIN PSBL S-S WX SPD DR
================================================================================
1 83 64 74 M 0 9 0.05 M M 4.3 8 360 M M 8 23 0
2 83 63 73 M 0 8 M M M 4.2 10 150 M M 5 25 0
3 73 62 68 M 0 3 0.67 M M 4.3 12 90 M M 7 3 20 310
4 80 62 71 M 0 6 M M M 2.3 7 100 M M 8 M M
5 82 61 72 M 0 7 0.18 M M 3.4 8 110 M M 4 1 M M
6 85 66 76 M 0 11 M M M 9.4 14 190 M M 8 1 20 170
7 86 74 80 M 0 15 M M M 8.1 14 140 M M 9 1 18 150
8 88 74 81 M 0 16 0.02 M M 9.8 16 160 M M 8 18 21 160
9 89 74 82 M 0 17 M M M 9.6 14 160 M M 8 18 20 160
10 89 72 81 M 0 16 M M M 10.7 16 170 M M 5 1 23 170
11 90 74 82 M 0 17 M M M 12.0 17 180 M M 4 22 170
12 92 72 82 M 0 17 M M M 7.0 13 180 M M 4 21 160
13 94 72 83 M 0 18 M M M 2.4 7 100 M M 1 M M
14 94 68 81 M 0 16 1.23 M M 3.4 20 150 M M 3 3 47 50
15 93 66 80 M 0 15 M M M 2.8 8 70 M M 3 M M
16 92 67 80 M 0 15 M M M 3.6 10 140 M M 2 9 170
17 92 65 79 M 0 14 M M M 3.0 8 150 M M 1 12 120
18 92 65 79 M 0 14 M M M 3.5 10 110 M M 2 9 140
19 92 64 78 M 0 13 M M M 4.9 12 200 M M 0 18 180
20 92 72 82 M 0 17 M M M 9.3 16 160 M M 6 23 170
21 94 72 83 M 0 18 0.40 M M 7.9 13 150 M M 7 138 18 150
22 86 67 77 M 0 12 0.70 M M 5.2 17 70 M M 7 3 38 70
23 92 73 83 M 0 18 M M M 9.4 15 180 M M 6 1 21 180
24 92 74 83 M 0 18 0.00 0.0 0 11.1 16 150 M M 7 21 150
25 92 73 83 M 0 18 0.00 0.0 0 13.3 20 170 M M 7 30 170
26 92 74 83 M 0 18 M 0.0 0 15.5 21 160 M M 6 27 150
27 90 72 81 M 0 16 0.29 M M 5.3 13 150 M M 5 3 33 0
28 87 72 80 M 0 15 0.14 M M 4.5 16 170 M M 7 3 21 170
29 85 72 79 M 0 14 0.41 M M 4.6 14 130 M M 8 18 120
30 88 72 80 M 0 15 0.06 0.0 0 4.7 13 180 M M 5 M M
================================================================================
SM 2659 2078 0 426 4.15 0.0 199.6 M 161
================================================================================
AV 88.6 69.3 6.7 FASTST M M 5 MAX(MPH)
MISC ----> 21 160 47 50
================================================================================
NOTES:
# LAST OF SEVERAL OCCURRENCES
COLUMN 17 PEAK WIND IN M.P.H.
PRELIMINARY LOCAL CLIMATOLOGICAL DATA (WS FORM: F-6) , PAGE 2
STATION: KERRVILLE
MONTH: JUNE
YEAR: 2021
LATITUDE: 29 58 N
LONGITUDE: 99 5 W
[TEMPERATURE DATA] [PRECIPITATION DATA] SYMBOLS USED IN COLUMN 16
AVERAGE MONTHLY: 79.0 TOTAL FOR MONTH: 4.15 1 = FOG OR MIST
DPTR FM NORMAL: 0.0 DPTR FM NORMAL: M 2 = FOG REDUCING VISIBILITY
HIGHEST: 94 ON 21,14 GRTST 24HR 1.23 ON 14-14 TO 1/4 MILE OR LESS
LOWEST: 61 ON 5 3 = THUNDER
SNOW, ICE PELLETS, HAIL 4 = ICE PELLETS
TOTAL MONTH: 0.0 INCH 5 = HAIL
GRTST 24HR 0.0 6 = FREEZING RAIN OR DRIZZLE
GRTST DEPTH: 0 7 = DUSTSTORM OR SANDSTORM:
VSBY 1/2 MILE OR LESS
8 = SMOKE OR HAZE
[NO. OF DAYS WITH] [WEATHER - DAYS WITH] 9 = BLOWING SNOW
X = TORNADO
MAX 32 OR BELOW: 0 0.01 INCH OR MORE: 11
MAX 90 OR ABOVE: 16 0.10 INCH OR MORE: 8
MIN 32 OR BELOW: 0 0.50 INCH OR MORE: 3
MIN 0 OR BELOW: 0 1.00 INCH OR MORE: 1
[HDD (BASE 65) ]
TOTAL THIS MO. 0 CLEAR (SCALE 0-3) 7
DPTR FM NORMAL M PTCLDY (SCALE 4-7) 18
TOTAL FM JUL 1 2052 CLOUDY (SCALE 8-10) 5
DPTR FM NORMAL M
[CDD (BASE 65) ]
TOTAL THIS MO. 426
DPTR FM NORMAL M [PRESSURE DATA]
TOTAL FM JAN 1 786 HIGHEST SLP M ON M
DPTR FM NORMAL M LOWEST SLP M ON M
[REMARKS]
#FINAL-06-21#