000
CXUS55 KPAH 010800
CF6EVV
PRELIMINARY LOCAL CLIMATOLOGICAL DATA (WS FORM: F-6)
STATION: EVANSVILLE IN
MONTH: NOVEMBER
YEAR: 2020
LATITUDE: 38 2 N
LONGITUDE: 87 32 W
TEMPERATURE IN F: :PCPN: SNOW: WIND :SUNSHINE: SKY :PK WND
================================================================================
1 2 3 4 5 6A 6B 7 8 9 10 11 12 13 14 15 16 17 18
12Z AVG MX 2MIN
DY MAX MIN AVG DEP HDD CDD WTR SNW DPTH SPD SPD DIR MIN PSBL S-S WX SPD DR
================================================================================
1 54 32 43 -9 22 0 0.00 0.0 0 10.4 23 320 M M 0 38 300
2 52 25 39 -13 26 0 0.00 0.0 0 4.8 13 250 M M 0 17 250
3 68 36 52 0 13 0 0.00 0.0 0 5.8 14 210 M M 0 22 210
4 75 41 58 7 7 0 0.00 0.0 0 5.5 15 210 M M 0 20 220
5 73 45 59 8 6 0 0.00 0.0 0 3.1 14 230 M M 0 8 20 200
6 73 41 57 6 8 0 0.00 0.0 0 1.4 10 160 M M 0 18 16 170
7 77 42 60 10 5 0 0.00 0.0 0 1.3 9 180 M M 0 18 13 180
8 82 61 72 22 0 7 0.00 0.0 0 2.7 14 190 M M 4 21 190
9 81 59 70 21 0 5 0.00 0.0 0 4.6 18 190 M M 6 25 200
10 78 56 67 18 0 2 0.26 0.0 0 10.1 23 170 M M 10 18 33 180
11 58 38 48 0 17 0 T 0.0 0 8.6 15 350 M M 5 22 360
12 61 35 48 0 17 0 0.00 0.0 0 3.6 12 70 M M 1 16 80
13 54 31 43 -5 22 0 0.00 0.0 0 5.7 16 310 M M 1 24 290
14 66 33 50 3 15 0 0.08 0.0 0 5.9 22 180 M M 7 8 33 190
15 65 39 52 5 13 0 0.73 0.0 0 15.0 33 260 M M 4 138 47 260
16 61 35 48 2 17 0 0.00 0.0 0 9.2 18 240 M M 0 8 26 210
17 52 30 41 -5 24 0 0.00 0.0 0 7.0 17 330 M M 0 8 27 330
18 55 28 42 -3 23 0 0.00 0.0 0 6.0 15 140 M M 0 24 140
19 68 46 57 12 8 0 0.00 0.0 0 12.7 28 200 M M 0 41 210
20 65 50 58 14 7 0 0.00 0.0 0 7.2 16 210 M M 7 22 200
21 59 48 54 10 11 0 0.18 0.0 0 9.4 15 60 M M 10 18 21 70
22 54 38 46 2 19 0 0.23 0.0 0 7.2 16 310 M M 9 18 26 300
23 56 32 44 1 21 0 0.00 0.0 0 3.3 7 30 M M 3 128 11 280
24 56 43 50 7 15 0 0.03 0.0 0 5.9 14 190 M M 2 20 150
25 63 49 56 14 9 0 1.83 0.0 0 12.6 32 250 M M 10 1 47 240
26 51 48 50 8 15 0 0.00 0.0 0 6.7 15 240 M M 10 21 230
27 59 37 48 7 17 0 0.00 0.0 0 3.9 13 330 M M 4 1 18 330
28 54 30 42 1 23 0 0.00 0.0 0 1.7 9 340 M M 0 18 15 350
29 57 29 43 2 22 0 T 0.0 0 3.6 16 30 M M 2 8 26 350
30 44 30 37 -3 28 0 0.11 T 0 11.8 21 330 M M 10 18 37 360
================================================================================
SM 1871 1187 430 14 3.45 T 196.7 M 105
================================================================================
AV 62.4 39.6 6.6 FASTST M M 4 MAX(MPH)
MISC ----> 33 260 # 47 260
================================================================================
NOTES:
# LAST OF SEVERAL OCCURRENCES
COLUMN 17 PEAK WIND IN M.P.H.
PRELIMINARY LOCAL CLIMATOLOGICAL DATA (WS FORM: F-6) , PAGE 2
STATION: EVANSVILLE IN
MONTH: NOVEMBER
YEAR: 2020
LATITUDE: 38 2 N
LONGITUDE: 87 32 W
[TEMPERATURE DATA] [PRECIPITATION DATA] SYMBOLS USED IN COLUMN 16
AVERAGE MONTHLY: 51.0 TOTAL FOR MONTH: 3.45 1 = FOG OR MIST
DPTR FM NORMAL: 4.6 DPTR FM NORMAL: -0.88 2 = FOG REDUCING VISIBILITY
HIGHEST: 82 ON 8 GRTST 24HR 1.86 ON 24-25 TO 1/4 MILE OR LESS
LOWEST: 25 ON 2 3 = THUNDER
SNOW, ICE PELLETS, HAIL 4 = ICE PELLETS
TOTAL MONTH: T 5 = HAIL
GRTST 24HR T ON 30-30 6 = FREEZING RAIN OR DRIZZLE
GRTST DEPTH: 0 7 = DUSTSTORM OR SANDSTORM:
VSBY 1/2 MILE OR LESS
8 = SMOKE OR HAZE
[NO. OF DAYS WITH] [WEATHER - DAYS WITH] 9 = BLOWING SNOW
X = TORNADO
MAX 32 OR BELOW: 0 0.01 INCH OR MORE: 8
MAX 90 OR ABOVE: 0 0.10 INCH OR MORE: 6
MIN 32 OR BELOW: 9 0.50 INCH OR MORE: 2
MIN 0 OR BELOW: 0 1.00 INCH OR MORE: 1
[HDD (BASE 65) ]
TOTAL THIS MO. 430 CLEAR (SCALE 0-3) 17
DPTR FM NORMAL -128 PTCLDY (SCALE 4-7) 7
TOTAL FM JUL 1 720 CLOUDY (SCALE 8-10) 6
DPTR FM NORMAL -142
[CDD (BASE 65) ]
TOTAL THIS MO. 14
DPTR FM NORMAL 12 [PRESSURE DATA]
TOTAL FM JAN 1 1504 HIGHEST SLP M ON M
DPTR FM NORMAL 107 LOWEST SLP 29.57 ON 15
[REMARKS]
#FINAL-11-20#