000
CXUS53 KPAH 010956
CLSEVV
CLIMATE REPORT
NATIONAL WEATHER SERVICE PADUCAH KY
456 AM CDT WED JUN 01 2022
...................................
...THE EVANSVILLE IN CLIMATE SUMMARY FOR THE SEASON, FROM
3/1/2022 TO 5/31/2022...
CLIMATE NORMAL PERIOD 1991 TO 2020
CLIMATE RECORD PERIOD 1896 TO 2022
WEATHER OBSERVED NORMAL DEPART LAST YEAR`S
VALUE DATE(S) VALUE FROM VALUE
NORMAL
..............................................................
TEMPERATURE (F)
RECORD
HIGH 98 05/28/1911
LOW -9 03/06/1960
HIGHEST 91 05/11 67 24
LOWEST 16 03/12 45 -29
AVG. MAXIMUM 68.5 67.5 1.0
AVG. MINIMUM 46.9 46.3 0.6
MEAN 57.7 56.9 0.8
DAYS MAX >= 90 4 1.1 2.9
DAYS MAX <= 32 1 0.6 0.4
DAYS MIN <= 32 11 14.2 -3.2
DAYS MIN <= 0 0 0.0 0.0
PRECIPITATION (INCHES)
RECORD
MAXIMUM 25.48 2008
MINIMUM 4.04 1930
TOTALS 12.57 14.86 -2.29
DAILY AVG. 0.14 0.16 -0.02
DAYS >= .01 38 35.5 2.5
DAYS >= .10 24 23.0 1.0
DAYS >= .50 11 10.2 0.8
DAYS >= 1.00 3 3.9 -0.9
GREATEST
24 HR. TOTAL 2.44
STORM TOTAL 1.48
(MM/DD(HH))
SNOWFALL (INCHES)
TOTALS T
LIQUID EQUIV T
SINCE 7/1 4.1
LIQUID 7/1 0.41
SNOWDEPTH AVG. T
DAYS >= TRACE 2
DAYS >= 1.0 0
GREATEST
SNOW DEPTH 0
24 HR TOTAL 0.0
STORM TOTAL 0.0
(MM/DD(HH))
DEGREE DAYS
HEATING TOTAL 863 909 -46
SINCE 7/1 4163 4335 -172
COOLING TOTAL 215 167 48
SINCE 1/1 215 167 48
FREEZE DATES
RECORD
EARLIEST 10/03/1974
LATEST 05/10/1966
EARLIEST 11/03
LATEST 04/22
..............................................................
WIND (MPH)
AVERAGE WIND SPEED 7.9
HIGHEST WIND SPEED/DIRECTION 35/240 DATE 03/30
HIGHEST GUST SPEED/DIRECTION 52/190 DATE 03/30
SKY COVER
POSSIBLE SUNSHINE (PERCENT) MM
AVERAGE SKY COVER 0.41
NUMBER OF DAYS FAIR 45
NUMBER OF DAYS PC 29
NUMBER OF DAYS CLOUDY 18
AVERAGE RH (PERCENT) 65
WEATHER CONDITIONS. NUMBER OF DAYS WITH
THUNDERSTORM 17 MIXED PRECIP 0
HEAVY RAIN 17 RAIN 23
LIGHT RAIN 45 FREEZING RAIN 0
LT FREEZING RAIN 0 HAIL 0
HEAVY SNOW 0 SNOW 1
LIGHT SNOW 2 SLEET 0
FOG 43 FOG W/VIS <= 1/4 MILE 3
HAZE 8
- INDICATES NEGATIVE NUMBERS.
R INDICATES RECORD WAS SET OR TIED.
MM INDICATES DATA IS MISSING.
T INDICATES TRACE AMOUNT.
$$