000
CXUS52 KMHX 011320
CLMEWN
CLIMATE REPORT
NATIONAL WEATHER SERVICE NEWPORT/MOREHEAD CITY
920 AM EDT SUN OCT 01 2023
...................................
...THE NEW BERN NC CLIMATE SUMMARY FOR THE MONTH OF SEPTEMBER 2023...
CLIMATE NORMAL PERIOD 1991 TO 2020
CLIMATE RECORD PERIOD 1948 TO 2023
WEATHER OBSERVED NORMAL DEPART LAST YEAR`S
VALUE DATE(S) VALUE FROM VALUE DATE(S)
NORMAL
................................................................
TEMPERATURE (F)
RECORD
HIGH 101 09/06/1954
LOW 43 09/30/1970
HIGHEST 96 09/05 91 09/22
09/06
LOWEST 55 09/16 47 09/24
AVG. MAXIMUM 84.4 83.1 1.3 83.9
AVG. MINIMUM 65.7 65.2 0.5 64.9
MEAN 75.1 74.2 0.9 74.4
DAYS MAX >= 90 8 3.5 4.5 MM
DAYS MAX <= 32 0 0.0 0.0 MM
DAYS MIN <= 32 0 0.0 0.0 0
DAYS MIN <= 0 0 0.0 0.0 0
PRECIPITATION (INCHES)
RECORD
MAXIMUM 19.43 1955
MINIMUM 0.52 1951
TOTALS 6.93 6.33 0.60 4.50
DAILY AVG. 0.23 0.21 0.02 0.15
DAYS >= .01 7 11.1 -4.1 MM
DAYS >= .10 5 7.1 -2.1 MM
DAYS >= .50 3 3.4 -0.4 MM
DAYS >= 1.00 3 1.6 1.4 MM
GREATEST
24 HR. TOTAL 4.80 09/22 TO 09/23
DEGREE DAYS
COOLING TOTAL 310 280 30 296
SINCE 1/1 1897 1797 100 MM
................................................................
WIND (MPH)
AVERAGE WIND SPEED 6.3
RESULTANT WIND SPEED/DIRECTION 2/010
HIGHEST WIND SPEED/DIRECTION 43/050 DATE 09/23
HIGHEST GUST SPEED/DIRECTION 55/050 DATE 09/23
SKY COVER
POSSIBLE SUNSHINE (PERCENT) MM
AVERAGE SKY COVER 0.32
NUMBER OF DAYS FAIR 21
NUMBER OF DAYS PC 3
NUMBER OF DAYS CLOUDY 6
AVERAGE RH (PERCENT) 74
WEATHER CONDITIONS. NUMBER OF DAYS WITH
THUNDERSTORM 2 MIXED PRECIP 0
HEAVY RAIN 3 RAIN 5
LIGHT RAIN 9 FREEZING RAIN 0
LT FREEZING RAIN 0 HAIL 0
HEAVY SNOW 0 SNOW 0
LIGHT SNOW 0 SLEET 0
FOG 18 FOG W/VIS <= 1/4 MILE 1
HAZE 2
- INDICATES NEGATIVE NUMBERS.
R INDICATES RECORD WAS SET OR TIED.
MM INDICATES DATA IS MISSING.
T INDICATES TRACE AMOUNT.
$$