000
CXUS53 KFGF 011558
CLSFAR
CLIMATE REPORT
NATIONAL WEATHER SERVICE GRAND FORKS
1045 AM CDT THU SEP 1 2022
...................................
...THE FARGO HECTOR INTL AP ND CLIMATE SUMMARY FOR THE SEASON, FROM
6/1/2022 TO 8/31/2022...
CLIMATE NORMAL PERIOD 1991 TO 2020
CLIMATE RECORD PERIOD 1881 TO 2022
WEATHER OBSERVED NORMAL DEPART LAST YEAR`S
VALUE DATE(S) VALUE FROM VALUE DATE(S)
NORMAL
................................................................
TEMPERATURE (F)
RECORD
HIGH 114 07/06/1936
LOW 28 06/01/1888
HIGHEST 101 06/19 80 21 102 06/04
LOWEST 37 06/03 55 -18 46 08/13
06/01
06/22
AVG. MAXIMUM 81.2 80.3 0.9 85.6
AVG. MINIMUM 57.9 57.3 0.6 59.9
MEAN 69.5 68.8 0.7 72.8
DAYS MAX >= 90 8 9.1 -1.1 30
DAYS MAX <= 32 0 0.0 0.0 0
DAYS MIN <= 32 0 0.0 0.0 0
DAYS MIN <= 0 0 0.0 0.0 0
PRECIPITATION (INCHES)
RECORD
MAXIMUM 18.88 1944
MINIMUM 1.86 1936
TOTALS 7.76 9.96 -2.20 7.10
DAILY AVG. 0.09 0.11 -0.02 0.08
DAYS >= .01 27 30.1 -3.1 16
DAYS >= .10 16 17.4 -1.4 12
DAYS >= .50 6 6.3 -0.3 5
DAYS >= 1.00 1 2.3 -1.3 3
GREATEST
24 HR. TOTAL 1.75 07/14 TO 07/15 1.29 08/20 TO 08/20
STORM TOTAL 1.54 1.29
(MM/DD(HH)) MM
SNOWFALL (INCHES)
RECORDS
TOTAL MM MM
24 HR TOTAL MM
SNOW DEPTH MM MM
TOTALS 0.0 0.0 0.0 0.0
LIQUID EQUIV 0.00 0.00 0.00 0.00
SINCE 7/1 0.0 0.0 0.0 MM
LIQUID 7/1 0.00 0.00 0.00 MM
SNOWDEPTH AVG. 0 0
DAYS >= TRACE 0 0.0 0.0 0
DAYS >= 1.0 0 0.0 0.0 0
GREATEST
SNOW DEPTH 0 0 MM
24 HR TOTAL MM MM 0.0
STORM TOTAL 0.0 0.0
(MM/DD(HH)) MM
DEGREE DAYS
HEATING TOTAL 68 110 -42 18
SINCE 7/1 17 48 -31 MM
COOLING TOTAL 509 459 50 757
SINCE 1/1 525 489 36 MM
FREEZE DATES
RECORD
EARLIEST MM
LATEST MM
EARLIEST MM
LATEST 05/22
................................................................
WIND (MPH)
AVERAGE WIND SPEED 10.2
RESULTANT WIND SPEED/DIRECTION 1/230
HIGHEST WIND SPEED/DIRECTION 49/290 DATE 06/20
HIGHEST GUST SPEED/DIRECTION 65/290 DATE 06/20
SKY COVER
POSSIBLE SUNSHINE (PERCENT) MM
AVERAGE SKY COVER 0.21
NUMBER OF DAYS FAIR 73
NUMBER OF DAYS PC 17
NUMBER OF DAYS CLOUDY 2
AVERAGE RH (PERCENT) 66
WEATHER CONDITIONS. NUMBER OF DAYS WITH
THUNDERSTORM 21 MIXED PRECIP 0
HEAVY RAIN 13 RAIN 14
LIGHT RAIN 34 FREEZING RAIN 0
LT FREEZING RAIN 0 HAIL 0
HEAVY SNOW 0 SNOW 0
LIGHT SNOW 0 SLEET 0
FOG 24 FOG W/VIS <= 1/4 MILE 0
HAZE 5
- INDICATES NEGATIVE NUMBERS.
R INDICATES RECORD WAS SET OR TIED.
MM INDICATES DATA IS MISSING.
T INDICATES TRACE AMOUNT.
&&
THE SUMMER SEASON AT THE FARGO HECTOR INTERNATIONAL AIRPORT OVERALL
HAD SLIGHTLY ABOVE NORMAL TEMPERATURES AND BELOW NORMAL MOISTURE.
THE AVERAGE TEMPERATURE FOR THE SEASON WAS 69.5 DEGREES WHICH IS
0.7 DEGREES ABOVE NORMAL.
PRECIPITATION FOR THE SEASON WAS BELOW NORMAL. TOTAL PRECIPITATION
WAS 7.76 INCHES WHICH WAS 2.20 INCHES BELOW NORMAL. JUNE AND AUGUST
RECORDED BELOW NORMAL PRECIPITATION CONTRIBUTING TO THE BELOW NORMAL
SEASONAL RAINFALL. JULY HAD NORMAL PRECIPITATION FOR THE MONTH.
REMEMBER, THIS DATA IS PROVISIONAL AND SUBJECT TO CHANGE. THE FINAL
AND OFFICIAL RECORDS WILL BE AVAILABLE FROM THE NATIONAL CENTERS FOR
ENVIRONMENTAL INFORMATION (NCEI).
$$