000
CXUS52 KRAH 010845
CF6FAY
PRELIMINARY LOCAL CLIMATOLOGICAL DATA (WS FORM: F-6)
STATION: FAYETTEVILLE NC
MONTH: APRIL
YEAR: 2023
LATITUDE: 35 0 N
LONGITUDE: 78 53 W
TEMPERATURE IN F: :PCPN: SNOW: WIND :SUNSHINE: SKY :PK WND
================================================================================
1 2 3 4 5 6A 6B 7 8 9 10 11 12 13 14 15 16 17 18
12Z AVG MX 2MIN
DY MAX MIN AVG DEP HDD CDD WTR SNW DPTH SPD SPD DIR MIN PSBL S-S WX SPD DR
================================================================================
1 78 66 72 13 0 7 0.11 M M 20.5 37 210 M M 4 13 51 210
2 70 47 59 0 6 0 0.00 M M 5.9 17 340 M M 0 8 25 340
3 73 44 59 0 6 0 T M M 5.0 14 170 M M 3 18 120
4 82 61 72 12 0 7 0.01 M M 4.3 10 250 M M 5 1 14 240
5 87 58 73 13 0 8 0.00 M M 7.0 16 180 M M 4 12 21 160
6 87 69 78 18 0 13 0.00 M M 9.8 20 250 M M 5 1 24 240
7 71 46 59 -1 6 0 0.24 0.0 0 11.7 26 10 M M 9 1 35 30
8 47 41 44 -17 21 0 1.66 0.0 0 14.2 22 40 M M 10 1 31 50
9 63 41 52 -9 13 0 0.09 M M 14.1 28 20 M M 4 1 34 20
10 66 38 52 -9 13 0 0.00 M M 8.6 20 30 M M 0 8 27 10
11 74 36 55 -7 10 0 0.00 M M 3.2 9 190 M M 0 13 20
12 81 44 63 1 2 0 0.00 M M 7.7 15 210 M M 0 27 220
13 82 49 66 4 0 1 0.00 M M 6.3 16 180 M M 0 22 170
14 82 58 70 8 0 5 0.13 M M 7.2 21 240 M M 6 13 27 240
15 82 59 71 8 0 6 0.00 M M 8.2 22 230 M M 3 26 220
16 83 58 71 8 0 6 0.00 M M 9.4 22 220 M M 3 30 220
17 73 54 64 1 1 0 0.00 M M 12.0 22 240 M M 2 29 260
18 80 44 62 -2 3 0 0.00 M M 8.3 18 260 M M 0 24 320
19 87 52 70 6 0 5 0.00 M M 5.6 14 220 M M 0 17 220
20 87 56 72 8 0 7 0.00 M M 8.7 16 260 M M 0 21 270
21 85 57 71 7 0 6 0.00 M M 7.6 18 190 M M 0 23 170
22 76 58 67 2 0 2 0.66 M M 8.8 23 140 M M 4 138 30 170
23 74 47 61 -4 4 0 0.00 M M 5.4 17 220 M M 1 22 240
24 68 46 57 -8 8 0 0.00 M M 7.6 21 10 M M 4 25 10
25 72 43 58 -8 7 0 0.00 M M 3.8 14 90 M M 4 1 19 90
26 73 53 63 -3 2 0 0.28 M M 6.6 13 340 M M 7 1 16 340
27 67 58 63 -3 2 0 0.13 M M 5.9 13 90 M M 10 1 16 40
28 82 64 73 7 0 8 0.46 M M 7.1 16 220 M M 7 1 20 220
29 83 59 71 5 0 6 0.06 M M 4.3 22 190 M M 3 13 30 190
30 78 60 69 2 0 4 0.43 0.0 0 11.6 40 240 M M 8 123 50 230
================================================================================
SM 2293 1566 104 91 4.26 0.0 246.4 M 106
================================================================================
AV 76.4 52.2 8.2 FASTST M M 4 MAX(MPH)
MISC ----> 40 240 51 210
================================================================================
NOTES:
# LAST OF SEVERAL OCCURRENCES
COLUMN 17 PEAK WIND IN M.P.H.
PRELIMINARY LOCAL CLIMATOLOGICAL DATA (WS FORM: F-6) , PAGE 2
STATION: FAYETTEVILLE NC
MONTH: APRIL
YEAR: 2023
LATITUDE: 35 0 N
LONGITUDE: 78 53 W
[TEMPERATURE DATA] [PRECIPITATION DATA] SYMBOLS USED IN COLUMN 16
AVERAGE MONTHLY: 64.3 TOTAL FOR MONTH: 4.26 1 = FOG OR MIST
DPTR FM NORMAL: 1.5 DPTR FM NORMAL: 1.11 2 = FOG REDUCING VISIBILITY
HIGHEST: 87 ON 20,19 GRTST 24HR 1.72 ON 7- 8 TO 1/4 MILE OR LESS
LOWEST: 36 ON 11 3 = THUNDER
SNOW, ICE PELLETS, HAIL 4 = ICE PELLETS
TOTAL MONTH: 0.0 INCH 5 = HAIL
GRTST 24HR 0.0 6 = FREEZING RAIN OR DRIZZLE
GRTST DEPTH: 0 7 = DUSTSTORM OR SANDSTORM:
VSBY 1/2 MILE OR LESS
8 = SMOKE OR HAZE
[NO. OF DAYS WITH] [WEATHER - DAYS WITH] 9 = BLOWING SNOW
X = TORNADO
MAX 32 OR BELOW: 0 0.01 INCH OR MORE: 12
MAX 90 OR ABOVE: 0 0.10 INCH OR MORE: 9
MIN 32 OR BELOW: 0 0.50 INCH OR MORE: 2
MIN 0 OR BELOW: 0 1.00 INCH OR MORE: 1
[HDD (BASE 65) ]
TOTAL THIS MO. 104 CLEAR (SCALE 0-3) 13
DPTR FM NORMAL -32 PTCLDY (SCALE 4-7) 14
TOTAL FM JUL 1 2112 CLOUDY (SCALE 8-10) 3
DPTR FM NORMAL -595
[CDD (BASE 65) ]
TOTAL THIS MO. 91
DPTR FM NORMAL 21 [PRESSURE DATA]
TOTAL FM JAN 1 143 HIGHEST SLP 30.44 ON 10
DPTR FM NORMAL 52 LOWEST SLP 29.18 ON 30
[REMARKS]
#FINAL-04-23#