000
CXUS53 KFGF 012206
CF6FGF
PRELIMINARY LOCAL CLIMATOLOGICAL DATA (WS FORM: F-6)
STATION: GRAND FORKS UNIV. (NWS) ND
MONTH: MAY
YEAR: 2022
LATITUDE: 47 55 N
LONGITUDE: 97 6 W
TEMPERATURE IN F: :PCPN: SNOW: WIND :SUNSHINE: SKY :PK WND
================================================================================
1 2 3 4 5 6A 6B 7 8 9 10 11 12 13 14 15 16 17 18
12Z AVG MX 2MIN
DY MAX MIN AVG DEP HDD CDD WTR SNW DPTH SPD SPD DIR MIN PSBL S-S WX SPD DR
================================================================================
1 41 35 38 -12 27 0 0.01 0.0 0 M M M M M M M M
2 41 31 36 -15 29 0 T T T M M M M M M M M
3 52 35 44 -7 21 0 0.00 0.0 0 M M M M M M M M
4 61 34 48 -4 17 0 0.00 0.0 0 M M M M M M M M
5 65 40 53 1 12 0 0.00 0.0 0 M M M M M M M M
6 69 44 57 5 8 0 0.00 0.0 0 M M M M M M M M
7 73 51 62 9 3 0 0.39 0.0 0 M M M M M M M M
8 66 53 60 7 5 0 0.15 0.0 0 M M M M M M M M
9 61 51 56 3 9 0 0.81 0.0 0 M M M M M M M M
10 71 47 59 5 6 0 0.00 0.0 0 M M M M M M M M
11 73 46 60 6 5 0 0.08 0.0 0 M M M M M M M M
12 67 51 59 5 6 0 1.48 0.0 0 M M M M M M 3 M M
13 66 53 60 5 5 0 0.00 0.0 0 M M M M M M M M
14 64 49 57 2 8 0 T 0.0 0 M M M M M M M M
15 70 45 58 2 7 0 0.00 0.0 0 M M M M M M M M
16 68 42 55 -1 10 0 0.00 0.0 0 M M M M M M M M
17 68 45 57 1 8 0 0.00 0.0 0 M M M M M M M M
18 69 50 60 4 5 0 0.12 T 0 M M M M M M 5 M M
19 58 47 53 -4 12 0 0.30 0.0 0 M M M M M M M M
20 47 37 42 -15 23 0 0.02 0.0 0 M M M M M M 1 M M
21 49 32 41 -17 24 0 0.02 0.0 0 M M M M M M 1 M M
22 61 39 50 -8 15 0 0.00 0.0 0 M M M M M M M M
23 67 42 55 -3 10 0 0.15 0.0 0 M M M M M M M M
24 71 46 59 1 6 0 0.00 0.0 0 M M M M M M M M
25 69 48 59 0 6 0 0.00 0.0 0 M M M M M M M M
26 74 41 58 -1 7 0 0.00 0.0 0 M M M M M M M M
27 82 51 67 8 0 2 T 0.0 0 M M M M M M M M
28 83 62 73 13 0 8 T 0.0 0 M M M M M M M M
29 80 62 71 11 0 6 0.77 0.0 0 M M M M M M 3 M M
30 68 56 62 2 3 0 1.52 0.0 M M M M M M 0 M M
31 58 46 52 -9 13 0 0.28 0.0 0 M M M M M M M M
================================================================================
SM 2012 1411 310 16 6.10 T M M 0
================================================================================
AV 64.9 45.5 M FASTST M M 0 MAX(MPH)
MISC ----> M M M M
================================================================================
NOTES:
# LAST OF SEVERAL OCCURRENCES
COLUMN 17 PEAK WIND IN M.P.H.
PRELIMINARY LOCAL CLIMATOLOGICAL DATA (WS FORM: F-6) , PAGE 2
STATION: GRAND FORKS UNIV. (NWS) ND
MONTH: MAY
YEAR: 2022
LATITUDE: 47 55 N
LONGITUDE: 97 6 W
[TEMPERATURE DATA] [PRECIPITATION DATA] SYMBOLS USED IN COLUMN 16
AVERAGE MONTHLY: 55.2 TOTAL FOR MONTH: 6.10 1 = FOG OR MIST
DPTR FM NORMAL: -0.6 DPTR FM NORMAL: 3.35 2 = FOG REDUCING VISIBILITY
HIGHEST: 83 ON 28 GRTST 24HR 1.52 ON 30-30 TO 1/4 MILE OR LESS
LOWEST: 31 ON 2 3 = THUNDER
SNOW, ICE PELLETS, HAIL 4 = ICE PELLETS
TOTAL MONTH: T 5 = HAIL
GRTST 24HR T ON 2- 2 6 = FREEZING RAIN OR DRIZZLE
GRTST DEPTH: T 7 = DUSTSTORM OR SANDSTORM:
VSBY 1/2 MILE OR LESS
8 = SMOKE OR HAZE
[NO. OF DAYS WITH] [WEATHER - DAYS WITH] 9 = BLOWING SNOW
X = TORNADO
MAX 32 OR BELOW: 0 0.01 INCH OR MORE: 14
MAX 90 OR ABOVE: 0 0.10 INCH OR MORE: 10
MIN 32 OR BELOW: 2 0.50 INCH OR MORE: 4
MIN 0 OR BELOW: 0 1.00 INCH OR MORE: 2
[HDD (BASE 65) ]
TOTAL THIS MO. 310 CLEAR (SCALE 0-3) 1
DPTR FM NORMAL 0 PTCLDY (SCALE 4-7) 0
TOTAL FM JUL 1 9348 CLOUDY (SCALE 8-10) 30
DPTR FM NORMAL 223
[CDD (BASE 65) ]
TOTAL THIS MO. 16
DPTR FM NORMAL -7 [PRESSURE DATA]
TOTAL FM JAN 1 16 HIGHEST SLP M ON M
DPTR FM NORMAL -10 LOWEST SLP M ON M
[REMARKS]
#FINAL-05-22#