000
CXUS53 KARX 010900
CF6FKA
PRELIMINARY LOCAL CLIMATOLOGICAL DATA (WS FORM: F-6)
STATION: PRESTON MN
MONTH: OCTOBER
YEAR: 2022
LATITUDE: 43 40 N
LONGITUDE: 92 11 W
TEMPERATURE IN F: :PCPN: SNOW: WIND :SUNSHINE: SKY :PK WND
================================================================================
1 2 3 4 5 6A 6B 7 8 9 10 11 12 13 14 15 16 17 18
12Z AVG MX 2MIN
DY MAX MIN AVG DEP HDD CDD WTR SNW DPTH SPD SPD DIR MIN PSBL S-S WX SPD DR
================================================================================
1 67 48 58 M 7 0 T 0.0 0 2.1 7 90 M M 0 M M
2 71 50 61 M 4 0 0.00 0.0 0 4.3 9 130 M M 0 M M
3 71 50 61 M 4 0 0.00 0.0 0 6.5 10 170 M M 0 M M
4 72 47 60 M 5 0 0.00 0.0 0 7.1 14 180 M M 0 M M
5 71 52 62 M 3 0 M 0.0 0 7.6 12 240 M M 1 20 210
6 58 38 48 M 17 0 0.00 0.0 0 9.9 17 360 M M 4 1 28 10
7 48 32 40 M 25 0 0.00 0.0 0 5.6 10 330 M M 3 M M
8 58 30 44 M 21 0 0.00 0.0 0 10.0 18 250 M M 0 24 250
9 67 39 53 M 12 0 0.00 0.0 0 5.0 13 360 M M 1 16 290
10 72 37 55 M 10 0 0.00 0.0 0 5.6 15 200 M M 0 21 210
11 75 49 62 M 3 0 M 0.0 0 13.7 23 180 M M 4 32 180
12 62 39 51 M 14 0 M 0.0 0 12.9 24 280 M M 3 33 280
13 45 31 38 M 27 0 0.00 0.0 0 11.6 18 300 M M 7 24 300
14 41 28 35 M 30 0 M M 0 7.9 16 310 M M 3 23 310
15 60 28 44 M 21 0 0.00 0.0 0 10.5 23 260 M M 2 28 260
16 45 34 40 M 25 0 0.00 0.0 0 12.4 21 310 M M 8 25 320
17 36 27 32 M 33 0 0.00 0.0 0 16.0 22 350 M M 7 30 340
18 42 22 32 M 33 0 0.00 0.0 0 11.7 18 360 M M 0 23 340
19 45 21 33 M 32 0 0.00 0.0 0 9.8 15 320 M M 0 18 320
20 60 33 47 M 18 0 0.00 0.0 0 6.9 10 220 M M 0 M M
21 71 41 56 M 9 0 0.00 0.0 0 7.6 17 190 M M 0 8 21 180
22 79 41 60 M 5 0 0.00 0.0 0 10.6 20 170 M M 0 8 28 170
23 74 56 65 M 0 0 M 0.0 0 15.5 24 150 M M 1 3 31 150
24 67 41 54 M 11 0 M 0.0 0 13.4 23 170 M M 5 18 31 170
25 42 33 38 M 27 0 0.00 0.0 0 7.5 15 340 M M 2 18 300
26 49 31 40 M 25 0 0.00 0.0 0 6.9 13 310 M M 1 16 300
27 53 34 44 M 21 0 0.00 0.0 0 7.0 14 150 M M 2 17 150
28 58 34 46 M 19 0 0.00 0.0 0 6.6 10 170 M M 1 1 M M
29 62 35 49 M 16 0 0.00 0.0 0 7.6 13 200 M M 0 M M
30 59 39 49 M 16 0 0.00 0.0 0 3.2 8 210 M M 0 M M
31 64 38 51 M 14 0 0.00 0.0 0 4.5 8 210 M M 0 M M
================================================================================
SM 1844 1158 507 0 T 0.0 267.5 M 55
================================================================================
AV 59.5 37.4 8.6 FASTST M M 2 MAX(MPH)
MISC ----> # 24 280 33 280
================================================================================
NOTES:
# LAST OF SEVERAL OCCURRENCES
COLUMN 17 PEAK WIND IN M.P.H.
PRELIMINARY LOCAL CLIMATOLOGICAL DATA (WS FORM: F-6) , PAGE 2
STATION: PRESTON MN
MONTH: OCTOBER
YEAR: 2022
LATITUDE: 43 40 N
LONGITUDE: 92 11 W
[TEMPERATURE DATA] [PRECIPITATION DATA] SYMBOLS USED IN COLUMN 16
AVERAGE MONTHLY: 48.4 TOTAL FOR MONTH: T 1 = FOG OR MIST
DPTR FM NORMAL: 0.0 DPTR FM NORMAL: M 2 = FOG REDUCING VISIBILITY
HIGHEST: 79 ON 22 GRTST 24HR T ON 1- 1 TO 1/4 MILE OR LESS
LOWEST: 21 ON 19 3 = THUNDER
SNOW, ICE PELLETS, HAIL 4 = ICE PELLETS
TOTAL MONTH: 0.0 INCH 5 = HAIL
GRTST 24HR 0.0 6 = FREEZING RAIN OR DRIZZLE
GRTST DEPTH: 0 7 = DUSTSTORM OR SANDSTORM:
VSBY 1/2 MILE OR LESS
8 = SMOKE OR HAZE
[NO. OF DAYS WITH] [WEATHER - DAYS WITH] 9 = BLOWING SNOW
X = TORNADO
MAX 32 OR BELOW: 0 0.01 INCH OR MORE: 0
MAX 90 OR ABOVE: 0 0.10 INCH OR MORE: 0
MIN 32 OR BELOW: 9 0.50 INCH OR MORE: 0
MIN 0 OR BELOW: 0 1.00 INCH OR MORE: 0
[HDD (BASE 65) ]
TOTAL THIS MO. 507 CLEAR (SCALE 0-3) 24
DPTR FM NORMAL M PTCLDY (SCALE 4-7) 7
TOTAL FM JUL 1 655 CLOUDY (SCALE 8-10) 0
DPTR FM NORMAL M
[CDD (BASE 65) ]
TOTAL THIS MO. 0
DPTR FM NORMAL M [PRESSURE DATA]
TOTAL FM JAN 1 581 HIGHEST SLP M ON M
DPTR FM NORMAL M LOWEST SLP M ON M
[REMARKS]
#FINAL-10-22#