000
CXUS53 KARX 181946
CF6FKA
PRELIMINARY LOCAL CLIMATOLOGICAL DATA (WS FORM: F-6)
STATION: PRESTON MN
MONTH: JANUARY
YEAR: 2024
LATITUDE: 43 40 N
LONGITUDE: 92 11 W
TEMPERATURE IN F: :PCPN: SNOW: WIND :SUNSHINE: SKY :PK WND
================================================================================
1 2 3 4 5 6A 6B 7 8 9 10 11 12 13 14 15 16 17 18
12Z AVG MX 2MIN
DY MAX MIN AVG DEP HDD CDD WTR SNW DPTH SPD SPD DIR MIN PSBL S-S WX SPD DR
================================================================================
1 23 19 21 M 44 0 0.00 0.0 M 8.8 15 190 M M 8 18 210
2 32 21 27 M 38 0 0.00 0.0 M 11.2 16 310 M M 8 1 24 310
3 32 25 29 M 36 0 0.00 0.0 M 9.4 13 300 M M 10 18 300
4 27 23 25 M 40 0 0.00 0.0 M 4.2 8 180 M M 10 M M
5 36 21 29 M 36 0 0.00 0.0 M 9.4 18 190 M M 6 1 23 190
6 30 23 27 M 38 0 0.00 0.0 M 3.4 9 150 M M 10 1 M M
7 28 21 25 M 40 0 0.00 0.0 M 6.4 14 280 M M 10 1 15 300
8 32 21 27 M 38 0 M M M 10.4 16 90 M M 10 1 20 120
9 30 28 29 M 36 0 M M M 14.8 21 340 M M 10 1 30 340
10 28 21 25 M 40 0 M M M 8.6 15 310 M M 9 1 18 310
11 23 10 17 M 48 0 M M M 8.3 15 310 M M 7 1 18 310
12 18 10 14 M 51 0 M M M 17.1 25 330 M M 9 12 35 340
13 14 -11 2 M 63 0 M M M 22.4 26 300 M M 10 128 36 320
14 -6 -13 -9 M 74 0 M M M 17.5 26 290 M M 9 8 31 290
15 0 -13 -6 M 71 0 0.00 0.0 M 14.2 21 260 M M 6 28 250
16 3 -9 -3 M 68 0 0.00 0.0 M 16.1 22 260 M M 2 30 240
17 9 -2 4 M 61 0 0.00 0.0 M 11.3 17 270 M M 2 23 230
18 9 0 5 M 60 0 M M M 8.0 17 340 M M 4 18 24 340
19 5 -6 0 M 65 0 M M M 10.9 15 310 M M 4 18 18 330
20 3 -9 -3 M 68 0 0.00 0.0 M 7.0 12 320 M M 0 M M
21 18 -4 7 M 58 0 0.00 0.0 M 16.6 23 160 M M 3 30 170
22 32 19 26 M 39 0 0.00 0.0 M 10.9 18 180 M M 5 1 23 210
23 32 28 30 M 35 0 0.00 0.0 M 6.4 10 80 M M 10 12 13 80
24 34 30 32 M 33 0 0.00 0.0 M 5.0 10 150 M M 10 12 M M
25 36 32 34 M 31 0 0.00 0.0 M 3.4 7 90 M M 10 12 M M
26 37 34 36 M 29 0 0.12 0.0 M 3.8 6 320 M M 10 12 M M
27 34 28 31 M 34 0 0.00 0.0 M 7.5 13 330 M M 10 12 17 350
28 32 28 30 M 35 0 0.00 0.0 M 7.0 10 350 M M 10 12 17 10
29 45 28 37 M 28 0 0.00 0.0 M 10.5 20 320 M M 4 12 27 320
30 37 32 35 M 30 0 0.00 0.0 M 10.7 16 340 M M 10 23 320
31 52 28 40 M 25 0 M M M 10.4 16 220 M M 4 12 27 220
================================================================================
SM 765 463 1392 0 0.12 0.0 311.6 M 230
================================================================================
AV 24.7 14.9 10.1 FASTST M M 7 MAX(MPH)
MISC ----> # 26 300 36 320
================================================================================
NOTES:
# LAST OF SEVERAL OCCURRENCES
COLUMN 17 PEAK WIND IN M.P.H.
PRELIMINARY LOCAL CLIMATOLOGICAL DATA (WS FORM: F-6) , PAGE 2
STATION: PRESTON MN
MONTH: JANUARY
YEAR: 2024
LATITUDE: 43 40 N
LONGITUDE: 92 11 W
[TEMPERATURE DATA] [PRECIPITATION DATA] SYMBOLS USED IN COLUMN 16
AVERAGE MONTHLY: 19.8 TOTAL FOR MONTH: 0.12 1 = FOG OR MIST
DPTR FM NORMAL: 0.0 DPTR FM NORMAL: M 2 = FOG REDUCING VISIBILITY
HIGHEST: 52 ON 31 GRTST 24HR 0.24 ON 12-12 TO 1/4 MILE OR LESS
LOWEST: -13 ON 15,14 3 = THUNDER
SNOW, ICE PELLETS, HAIL 4 = ICE PELLETS
TOTAL MONTH: 0.0 INCH 5 = HAIL
GRTST 24HR 0.0 6 = FREEZING RAIN OR DRIZZLE
GRTST DEPTH: M ON M 7 = DUSTSTORM OR SANDSTORM:
VSBY 1/2 MILE OR LESS
8 = SMOKE OR HAZE
[NO. OF DAYS WITH] [WEATHER - DAYS WITH] 9 = BLOWING SNOW
X = TORNADO
MAX 32 OR BELOW: 23 0.01 INCH OR MORE: 1
MAX 90 OR ABOVE: 0 0.10 INCH OR MORE: 1
MIN 32 OR BELOW: 30 0.50 INCH OR MORE: 0
MIN 0 OR BELOW: 9 1.00 INCH OR MORE: 0
[HDD (BASE 65) ]
TOTAL THIS MO. 1392 CLEAR (SCALE 0-3) 3
DPTR FM NORMAL M PTCLDY (SCALE 4-7) 10
TOTAL FM JUL 1 3689 CLOUDY (SCALE 8-10) 18
DPTR FM NORMAL M
[CDD (BASE 65) ]
TOTAL THIS MO. 0
DPTR FM NORMAL M [PRESSURE DATA]
TOTAL FM JAN 1 0 HIGHEST SLP M ON M
DPTR FM NORMAL M LOWEST SLP M ON M
[REMARKS]
#FINAL-01-24#