000
CXUS53 KARX 010930
CF6FKA
PRELIMINARY LOCAL CLIMATOLOGICAL DATA (WS FORM: F-6)
STATION: PRESTON MN
MONTH: AUGUST
YEAR: 2020
LATITUDE: 43 40 N
LONGITUDE: 92 11 W
TEMPERATURE IN F: :PCPN: SNOW: WIND :SUNSHINE: SKY :PK WND
================================================================================
1 2 3 4 5 6A 6B 7 8 9 10 11 12 13 14 15 16 17 18
12Z AVG MX 2MIN
DY MAX MIN AVG DEP HDD CDD WTR SNW DPTH SPD SPD DIR MIN PSBL S-S WX SPD DR
================================================================================
1 80 56 68 M 0 3 0.00 0.0 0 3.5 8 50 M M 2 M M
2 67 54 61 M 4 0 0.00 0.0 0 9.3 16 340 M M 8 24 340
3 67 49 58 M 7 0 0.00 0.0 0 6.7 12 30 M M 2 20 20
4 72 46 59 M 6 0 0.00 0.0 0 4.6 9 330 M M 1 M M
5 74 52 63 M 2 0 0.00 0.0 0 5.0 10 190 M M 1 16 190
6 77 60 69 M 0 4 0.00 0.0 0 7.4 15 180 M M 4 21 190
7 80 61 71 M 0 6 0.00 0.0 0 11.6 18 150 M M 2 25 150
8 85 67 76 M 0 11 0.55 0.0 0 10.1 20 290 M M 4 3 30 290
9 82 67 75 M 0 10 0.06 0.0 0 7.5 17 190 M M 2 13 21 190
10 75 57 66 M 0 1 M 0.0 0 7.2 14 300 M M 1 3 22 340
11 80 52 66 M 0 1 0.00 0.0 0 4.3 7 230 M M 0 M M
12 79 55 67 M 0 2 0.00 0.0 0 6.9 15 130 M M 0 3 21 160
13 84 64 74 M 0 9 0.00 0.0 0 8.4 13 160 M M 4 M M
14 83 63 73 M 0 8 0.46 0.0 0 8.0 15 180 M M 4 3 21 160
15 74 57 66 M 0 1 0.00 0.0 0 7.9 14 330 M M 1 18 330
16 81 58 70 M 0 5 0.00 0.0 0 6.2 13 320 M M 1 17 320
17 74 54 64 M 1 0 0.00 0.0 0 6.5 15 350 M M 1 22 350
18 75 51 63 M 2 0 0.00 0.0 0 2.6 6 10 M M 1 M M
19 79 54 67 M 0 2 0.00 0.0 0 7.2 12 230 M M 0 16 210
20 80 58 69 M 0 4 0.00 0.0 0 8.8 14 200 M M 0 3 18 230
21 83 61 72 M 0 7 0.10 0.0 0 8.7 14 180 M M 2 3 18 230
22 83 64 74 M 0 9 0.16 0.0 0 7.9 17 240 M M 2 13 22 240
23 87 61 74 M 0 9 0.00 0.0 0 3.8 10 280 M M 1 12 M M
24 91 64 78 M 0 13 0.00 0.0 0 5.3 9 170 M M 0 3 M M
25 90 67 79 M 0 14 0.00 0.0 0 6.7 9 190 M M 0 M M
26 90 69 80 M 0 15 0.00 0.0 0 10.0 15 240 M M 0 22 230
27 90 70 80 M 0 15 0.00 0.0 0 6.5 10 230 M M 2 M M
28 83 65 74 M 0 9 0.69 0.0 0 10.5 22 280 M M 2 3 28 280
29 73 56 65 M 0 0 0.00 0.0 0 8.2 15 340 M M 1 20 340
30 76 52 64 M 1 0 0.00 0.0 0 7.9 14 170 M M 3 3 21 170
31 71 51 61 M 4 0 0.74 0.0 0 8.9 16 350 M M 3 13 30 350
================================================================================
SM 2465 1815 27 158 2.76 0.0 224.1 M 55
================================================================================
AV 79.5 58.6 7.2 FASTST M M 2 MAX(MPH)
MISC ----> # 22 280 # 30 290
================================================================================
NOTES:
# LAST OF SEVERAL OCCURRENCES
COLUMN 17 PEAK WIND IN M.P.H.
PRELIMINARY LOCAL CLIMATOLOGICAL DATA (WS FORM: F-6) , PAGE 2
STATION: PRESTON MN
MONTH: AUGUST
YEAR: 2020
LATITUDE: 43 40 N
LONGITUDE: 92 11 W
[TEMPERATURE DATA] [PRECIPITATION DATA] SYMBOLS USED IN COLUMN 16
AVERAGE MONTHLY: 69.0 TOTAL FOR MONTH: 2.76 1 = FOG OR MIST
DPTR FM NORMAL: M DPTR FM NORMAL: M 2 = FOG REDUCING VISIBILITY
HIGHEST: 91 ON 24 GRTST 24HR 0.74 ON 31-31 TO 1/4 MILE OR LESS
LOWEST: 46 ON 4 3 = THUNDER
SNOW, ICE PELLETS, HAIL 4 = ICE PELLETS
TOTAL MONTH: 0.0 INCH 5 = HAIL
GRTST 24HR 0.0 6 = FREEZING RAIN OR DRIZZLE
GRTST DEPTH: 0 7 = DUSTSTORM OR SANDSTORM:
VSBY 1/2 MILE OR LESS
8 = SMOKE OR HAZE
[NO. OF DAYS WITH] [WEATHER - DAYS WITH] 9 = BLOWING SNOW
X = TORNADO
MAX 32 OR BELOW: 0 0.01 INCH OR MORE: 7
MAX 90 OR ABOVE: 4 0.10 INCH OR MORE: 6
MIN 32 OR BELOW: 0 0.50 INCH OR MORE: 3
MIN 0 OR BELOW: 0 1.00 INCH OR MORE: 0
[HDD (BASE 65) ]
TOTAL THIS MO. 27 CLEAR (SCALE 0-3) 25
DPTR FM NORMAL M PTCLDY (SCALE 4-7) 6
TOTAL FM JUL 1 35 CLOUDY (SCALE 8-10) 0
DPTR FM NORMAL M
[CDD (BASE 65) ]
TOTAL THIS MO. 158
DPTR FM NORMAL M [PRESSURE DATA]
TOTAL FM JAN 1 561 HIGHEST SLP M ON M
DPTR FM NORMAL M LOWEST SLP M ON M
[REMARKS]
#FINAL-08-20#