000
CXUS55 KFGZ 011317
CLMFLG
CLIMATE REPORT
NATIONAL WEATHER SERVICE FLAGSTAFF AZ
617 AM MST FRI MAR 01 2024
...................................
...THE FLAGSTAFF AZ AIRPORT CLIMATE SUMMARY FOR THE MONTH OF FEBRUARY 2024...
CLIMATE NORMAL PERIOD 1991 TO 2020
CLIMATE RECORD PERIOD 1898 TO 2024
WEATHER OBSERVED NORMAL DEPART LAST YEAR`S
VALUE DATE(S) VALUE FROM VALUE DATE(S)
NORMAL
................................................................
TEMPERATURE (F)
RECORD
HIGH 71 02/26/1986
LOW -23 02/01/1985
HIGHEST 56 02/25 51 02/20
LOWEST -2 02/11 -9 02/16
AVG. MAXIMUM 44.5 45.7 -1.2 39.6
AVG. MINIMUM 20.7 19.6 1.1 14.5
MEAN 32.6 32.6 0.0 27.0
DAYS MAX >= 90 0 0.0 0.0 0
DAYS MAX <= 32 3 2.2 0.8 5
DAYS MIN <= 32 27 27.3 -0.3 28
DAYS MIN <= 0 1 0.8 0.2 2
PRECIPITATION (INCHES)
RECORD
MAXIMUM 10.05 1993
MINIMUM T 1967
TOTALS 4.06 2.17 1.89 3.12
DAILY AVG. 0.14 0.08 0.06 0.11
DAYS >= .01 7 7.6 -0.6 8
DAYS >= .10 5 4.6 0.4 5
DAYS >= .50 4 1.1 2.9 4
DAYS >= 1.00 1 0.4 0.6 0
GREATEST
24 HR. TOTAL 1.79 02/06 TO 02/07 0.82
SNOWFALL (INCHES)
RECORDS
TOTAL 84.3 1901
TOTALS 45.9 19.3 33.4
SINCE 7/1 72.9 68.4 4.5 118.9
SNOWDEPTH AVG. MM MM
GREATEST
SNOW DEPTH 27 02/09 25 02/26
02/27
24 HR TOTAL 13.1 02/07 TO 02/07 10.3
DEGREE DAYS
HEATING TOTAL 931 906 25 1054
SINCE 7/1 4298 4758 -460 MM
COOLING TOTAL 0 0 0 0
SINCE 1/1 0 0 0 MM
................................................................
WIND (MPH)
AVERAGE WIND SPEED 6.8
HIGHEST WIND SPEED/DIRECTION 28/200 DATE 02/06
HIGHEST GUST SPEED/DIRECTION 45/200 DATE 02/06
SKY COVER
POSSIBLE SUNSHINE (PERCENT) MM
AVERAGE SKY COVER 0.34
NUMBER OF DAYS FAIR 17
NUMBER OF DAYS PC 5
NUMBER OF DAYS CLOUDY 7
AVERAGE RH (PERCENT) 65
WEATHER CONDITIONS. NUMBER OF DAYS WITH
THUNDERSTORM 1 MIXED PRECIP 0
HEAVY RAIN 0 RAIN 1
LIGHT RAIN 4 FREEZING RAIN 0
LT FREEZING RAIN 0 HAIL 0
HEAVY SNOW 4 SNOW 4
LIGHT SNOW 10 SLEET 0
FOG 8 FOG W/VIS <= 1/4 MILE 4
HAZE 6
- INDICATES NEGATIVE NUMBERS.
R INDICATES RECORD WAS SET OR TIED.
MM INDICATES DATA IS MISSING.
T INDICATES TRACE AMOUNT.
$$