000
CXUS52 KMFL 011240
CF6FLL
PRELIMINARY LOCAL CLIMATOLOGICAL DATA (WS FORM: F-6)
STATION: FORT LAUDERDALE
MONTH: MARCH
YEAR: 2022
LATITUDE: 26 4 N
LONGITUDE: 80 9 W
TEMPERATURE IN F: :PCPN: SNOW: WIND :SUNSHINE: SKY :PK WND
================================================================================
1 2 3 4 5 6A 6B 7 8 9 10 11 12 13 14 15 16 17 18
12Z AVG MX 2MIN
DY MAX MIN AVG DEP HDD CDD WTR SNW DPTH SPD SPD DIR MIN PSBL S-S WX SPD DR
================================================================================
1 80 66 73 1 0 8 0.00 0.0 0 8.1 14 50 M M 6 1 21 300
2 77 66 72 0 0 7 T 0.0 0 6.3 14 350 M M 8 17 350
3 80 65 73 1 0 8 T M M 8.2 16 100 M M 5 24 80
4 80 70 75 3 0 10 T M M 13.1 21 80 M M 3 28 80
5 82 73 78 6 0 13 T 0.0 0 19.8 29 90 M M 5 35 100
6 82 74 78 6 0 13 T 0.0 0 19.7 25 100 M M 7 30 100
7 82 75 79 7 0 14 T 0.0 0 16.9 24 140 M M 8 31 130
8 84 75 80 8 0 15 0.00 0.0 0 13.0 23 130 M M 4 27 140
9 84 75 80 8 0 15 0.00 0.0 0 11.5 21 160 M M 3 29 150
10 82 75 79 7 0 14 0.52 0.0 0 8.8 21 160 M M 6 138 26 150
11 86 72 79 7 0 14 0.00 0.0 M 9.6 22 180 M M 3 29 170
12 90 60 75 3 0 10 T 0.0 0 15.4 32 250 M M 5 41 300
13 74 50 62 -10 3 0 0.00 0.0 0 13.1 21 70 M M 4 29 40
14 77 68 73 1 0 8 T 0.0 0 13.8 22 80 M M 8 28 80
15 78 71 75 3 0 10 0.03 0.0 0 12.9 22 90 M M 9 1 28 80
16 84 71 78 6 0 13 0.37 0.0 0 7.1 23 250 M M 5 13 28 250
17 83 72 78 5 0 13 M 0.0 0 6.0 18 130 M M 6 22 130
18 83 70 77 4 0 12 0.00 0.0 0 8.8 17 130 M M 2 23 140
19 84 75 80 7 0 15 0.00 0.0 0 9.4 18 140 M M 2 23 140
20 85 72 79 6 0 14 T 0.0 0 7.6 18 70 M M 5 23 80
21 79 71 75 2 0 10 0.00 0.0 0 14.6 23 100 M M 5 29 70
22 81 71 76 3 0 11 0.00 0.0 0 17.0 23 120 M M 5 29 110
23 83 76 80 7 0 15 T 0.0 0 15.2 23 140 M M 6 29 130
24 87 77 82 9 0 17 T 0.0 0 13.2 24 160 M M 6 30 170
25 79 66 73 -1 0 8 0.08 0.0 0 7.5 16 340 M M 6 1 22 330
26 79 60 70 -4 0 5 0.00 M M 7.2 15 330 M M 0 24 300
27 81 59 70 -4 0 5 0.00 0.0 M 7.4 18 350 M M 0 25 350
28 81 62 72 -2 0 7 0.00 0.0 M 6.9 14 120 M M 2 18 130
29 83 64 74 0 0 9 0.00 0.0 M 8.7 15 100 M M 0 20 100
30 83 73 78 4 0 13 0.00 0.0 0 18.0 26 130 M M 2 33 140
31 83 76 80 6 0 15 0.00 0.0 0 17.7 26 160 M M 5 34 130
================================================================================
SM 2536 2150 3 341 1.00 0.0 362.5 M 141
================================================================================
AV 81.8 69.4 11.7 FASTST M M 5 MAX(MPH)
MISC ----> 32 250 41 300
================================================================================
NOTES:
# LAST OF SEVERAL OCCURRENCES
COLUMN 17 PEAK WIND IN M.P.H.
PRELIMINARY LOCAL CLIMATOLOGICAL DATA (WS FORM: F-6) , PAGE 2
STATION: FORT LAUDERDALE
MONTH: MARCH
YEAR: 2022
LATITUDE: 26 4 N
LONGITUDE: 80 9 W
[TEMPERATURE DATA] [PRECIPITATION DATA] SYMBOLS USED IN COLUMN 16
AVERAGE MONTHLY: 75.6 TOTAL FOR MONTH: 1.00 1 = FOG OR MIST
DPTR FM NORMAL: 3.0 DPTR FM NORMAL: -1.38 2 = FOG REDUCING VISIBILITY
HIGHEST: 90 ON 12 GRTST 24HR 0.52 ON 10-10 TO 1/4 MILE OR LESS
LOWEST: 50 ON 13 3 = THUNDER
SNOW, ICE PELLETS, HAIL 4 = ICE PELLETS
TOTAL MONTH: 0.0 INCH 5 = HAIL
GRTST 24HR 0.0 6 = FREEZING RAIN OR DRIZZLE
GRTST DEPTH: 0 7 = DUSTSTORM OR SANDSTORM:
VSBY 1/2 MILE OR LESS
8 = SMOKE OR HAZE
[NO. OF DAYS WITH] [WEATHER - DAYS WITH] 9 = BLOWING SNOW
X = TORNADO
MAX 32 OR BELOW: 0 0.01 INCH OR MORE: 4
MAX 90 OR ABOVE: 1 0.10 INCH OR MORE: 2
MIN 32 OR BELOW: 0 0.50 INCH OR MORE: 1
MIN 0 OR BELOW: 0 1.00 INCH OR MORE: 0
[HDD (BASE 65) ]
TOTAL THIS MO. 3 CLEAR (SCALE 0-3) 9
DPTR FM NORMAL -8 PTCLDY (SCALE 4-7) 21
TOTAL FM JUL 1 61 CLOUDY (SCALE 8-10) 1
DPTR FM NORMAL -56
[CDD (BASE 65) ]
TOTAL THIS MO. 341
DPTR FM NORMAL 93 [PRESSURE DATA]
TOTAL FM JAN 1 749 HIGHEST SLP 30.29 ON 14
DPTR FM NORMAL 173 LOWEST SLP 29.86 ON 12
[REMARKS]
#FINAL-03-22#