000
CXUS52 KTBW 011355
CLMFMY
CLIMATE REPORT
NATIONAL WEATHER SERVICE TAMPA BAY FL
955 AM EDT MON MAY 01 2023
...................................
...THE FORT MYERS CLIMATE SUMMARY FOR THE MONTH OF APRIL 2023...
CLIMATE NORMAL PERIOD: 1991 TO 2020
CLIMATE RECORD PERIOD: 1902 TO 2023
WEATHER OBSERVED NORMAL DEPART LAST YEAR`S
VALUE DATE(S) VALUE FROM VALUE DATE(S)
NORMAL
................................................................
TEMPERATURE (F)
ALL-TIME APRIL RECORD
HIGH 96 04/28/2017
04/30/1986
LOW 39 04/08/1950
APRIL 2023
HIGHEST 94 04/05 MM MM 94 04/26
LOWEST 61 04/18 MM MM 51 04/10
AVG. MAXIMUM 88.7 85.3 3.4 88.7
AVG. MINIMUM 69.2 64.3 4.9 66.7
MEAN 79.0 74.8 4.2 77.7
DAYS MAX >= 90 14 5.0 9.0 16
DAYS MAX <= 32 0 0.0 0.0 0
DAYS MIN <= 32 0 0.0 0.0 0
DAYS MIN <= 0 0 0.0 0.0 0
PRECIPITATION (INCHES)
ALL-TIME APRIL RECORD
MAXIMUM 8.42 1939
MINIMUM T 1970
1967
1903
APRIL 2023
TOTALS 3.99 2.44 1.55 5.83
DAILY AVG. 0.13 0.08 0.05 0.20
DAYS >= .01 9 5.0 4.0 7
DAYS >= .10 7 3.6 3.4 3
DAYS >= .50 4 1.7 2.3 2
DAYS >= 1.00 1 0.6 0.4 2
GREATEST
24 HR. TOTAL 1.51 04/12 TO 04/12
DEGREE DAYS
HEATING TOTAL 0 2 -2 0
SINCE 7/1 100 251 -151 MM
COOLING TOTAL 428 296 132 389
SINCE 1/1 1173 686 487 MM
................................................................
WIND (MPH)
AVERAGE WIND SPEED 8.5
HIGHEST WIND SPEED/DIRECTION 39/240 DATE 04/30
HIGHEST GUST SPEED/DIRECTION 56/260 DATE 04/30
SKY COVER (DOES NOT INCLUDE ANY CLOUDS ABOVE 12000 FEET)
POSSIBLE SUNSHINE (PERCENT) MM
AVERAGE SKY COVER 0.27
NUMBER OF DAYS FAIR 23
NUMBER OF DAYS PC 6
NUMBER OF DAYS CLOUDY 1
AVERAGE RH (PERCENT) 68
WEATHER CONDITIONS. NUMBER OF DAYS WITH
THUNDERSTORM 4 MIXED PRECIP 0
HEAVY RAIN 7 RAIN 6
LIGHT RAIN 13 FREEZING RAIN 0
LT FREEZING RAIN 0 HAIL 0
HEAVY SNOW 0 SNOW 0
LIGHT SNOW 0 SLEET 0
FOG 8 FOG W/VIS <= 1/4 MILE 0
HAZE 0
- INDICATES NEGATIVE NUMBERS.
R INDICATES RECORD WAS SET OR TIED.
MM INDICATES DATA IS MISSING.
T INDICATES TRACE AMOUNT.
$$