000
CXUS53 KOAX 011030
CF6FNB
PRELIMINARY LOCAL CLIMATOLOGICAL DATA (WS FORM: F-6)
STATION: FALLS CITY NE
MONTH: DECEMBER
YEAR: 2022
LATITUDE: 40 4 N
LONGITUDE: 95 35 W
TEMPERATURE IN F: :PCPN: SNOW: WIND :SUNSHINE: SKY :PK WND
================================================================================
1 2 3 4 5 6A 6B 7 8 9 10 11 12 13 14 15 16 17 18
12Z AVG MX 2MIN
DY MAX MIN AVG DEP HDD CDD WTR SNW DPTH SPD SPD DIR MIN PSBL S-S WX SPD DR
================================================================================
1 51 15 33 -2 32 0 0.00 M M 13.3 28 200 M M 0 44 190
2 67 23 45 10 20 0 0.00 M M 20.7 36 320 M M 1 52 330
3 33 12 23 -11 42 0 0.00 M M 8.1 21 320 M M 0 28 320
4 47 19 33 -1 32 0 0.00 M M 6.0 12 250 M M 0 16 180
5 50 23 37 3 28 0 0.00 M M 6.1 13 10 M M 0 19 20
6 44 23 34 1 31 0 0.00 M M 2.7 9 320 M M 2 8 12 320
7 49 19 34 1 31 0 0.00 M M 3.2 10 360 M M 0 18 14 360
8 44 28 36 3 29 0 0.05 M M 6.0 20 250 M M 9 128 27 250
9 38 32 35 3 30 0 0.00 M M 7.2 22 270 M M 10 1 29 270
10 44 22 33 1 32 0 0.00 M M 5.1 15 280 M M 6 12 19 290
11 33 19 26 -6 39 0 T M M 7.1 15 140 M M 9 126 20 120
12 41 33 37 6 28 0 0.26 M M 15.4 29 110 M M 8 1 37 110
13 54 34 44 13 21 0 0.32 M M 15.1 32 100 M M 6 13 42 110
14 36 27 32 1 33 0 0.00 M M 13.0 24 290 M M 5 33 280
15 33 25 29 -1 36 0 0.00 M M 20.9 29 280 M M 9 40 280
16 31 20 26 -4 39 0 0.00 M M 17.8 32 290 M M 7 42 290
17 31 11 21 -9 44 0 T M M 12.5 23 300 M M 5 31 300
18 34 8 21 -9 44 0 0.00 M M 6.1 13 100 M M 0 17 120
19 38 18 28 -2 37 0 0.03 M M 9.2 23 320 M M 8 1 30 330
20 19 9 14 -15 51 0 T M M 8.9 16 340 M M 6 18 23 340
21 30 9 20 -9 45 0 T M M 8.4 26 340 M M 10 168 42 350
22 9 -10 0 -29 65 0 T M M 20.1 29 310 M M 6 18 42 350
23 8 -7 1 -28 64 0 0.00 M M 18.7 29 300 M M 1 36 310
24 16 1 9 -19 56 0 0.00 M M 12.3 22 300 M M 1 29 310
25 31 0 16 -12 49 0 T M M 8.0 17 160 M M 1 24 170
26 35 9 22 -6 43 0 T M M 12.3 30 330 M M 5 43 330
27 37 9 23 -5 42 0 0.00 M M 13.8 23 200 M M 0 34 190
28 50 35 43 15 22 0 0.00 M M 11.6 23 190 M M 0 34 190
29 64 30 47 19 18 0 0.00 M M 11.3 33 210 M M 3 48 220
30 50 26 38 11 27 0 0.00 M M 4.7 10 290 M M 3 1 14 290
31 57 27 42 15 23 0 0.00 M M 6.6 18 210 M M 4 24 190
================================================================================
SM 1204 549 1133 0 0.66 M 332.2 M 125
================================================================================
AV 38.8 17.7 10.7 FASTST M M 4 MAX(MPH)
MISC ----> 36 320 52 330
================================================================================
NOTES:
# LAST OF SEVERAL OCCURRENCES
COLUMN 17 PEAK WIND IN M.P.H.
PRELIMINARY LOCAL CLIMATOLOGICAL DATA (WS FORM: F-6) , PAGE 2
STATION: FALLS CITY NE
MONTH: DECEMBER
YEAR: 2022
LATITUDE: 40 4 N
LONGITUDE: 95 35 W
[TEMPERATURE DATA] [PRECIPITATION DATA] SYMBOLS USED IN COLUMN 16
AVERAGE MONTHLY: 28.3 TOTAL FOR MONTH: 0.66 1 = FOG OR MIST
DPTR FM NORMAL: -2.3 DPTR FM NORMAL: -0.55 2 = FOG REDUCING VISIBILITY
HIGHEST: 67 ON 2 GRTST 24HR 0.58 ON 12-13 TO 1/4 MILE OR LESS
LOWEST: -10 ON 22 3 = THUNDER
SNOW, ICE PELLETS, HAIL 4 = ICE PELLETS
TOTAL MONTH: M 5 = HAIL
GRTST 24HR M ON M 6 = FREEZING RAIN OR DRIZZLE
GRTST DEPTH: M ON M 7 = DUSTSTORM OR SANDSTORM:
VSBY 1/2 MILE OR LESS
8 = SMOKE OR HAZE
[NO. OF DAYS WITH] [WEATHER - DAYS WITH] 9 = BLOWING SNOW
X = TORNADO
MAX 32 OR BELOW: 8 0.01 INCH OR MORE: 4
MAX 90 OR ABOVE: 0 0.10 INCH OR MORE: 2
MIN 32 OR BELOW: 28 0.50 INCH OR MORE: 0
MIN 0 OR BELOW: 3 1.00 INCH OR MORE: 0
[HDD (BASE 65) ]
TOTAL THIS MO. 1133 CLEAR (SCALE 0-3) 15
DPTR FM NORMAL 65 PTCLDY (SCALE 4-7) 9
TOTAL FM JUL 1 2227 CLOUDY (SCALE 8-10) 7
DPTR FM NORMAL 22
[CDD (BASE 65) ]
TOTAL THIS MO. 0
DPTR FM NORMAL 0 [PRESSURE DATA]
TOTAL FM JAN 1 1446 HIGHEST SLP 30.68 ON 20
DPTR FM NORMAL 208 LOWEST SLP 29.45 ON 28
[REMARKS]
#FINAL-12-22#