000
CXUS55 KBOU 010900
CF6FNL
PRELIMINARY LOCAL CLIMATOLOGICAL DATA (WS FORM: F-6)
STATION: FT COLLINS/LOVELAND CO
MONTH: MAY
YEAR: 2021
LATITUDE: 40 27 N
LONGITUDE: 105 1 W
TEMPERATURE IN F: :PCPN: SNOW: WIND :SUNSHINE: SKY :PK WND
================================================================================
1 2 3 4 5 6A 6B 7 8 9 10 11 12 13 14 15 16 17 18
12Z AVG MX 2MIN
DY MAX MIN AVG DEP HDD CDD WTR SNW DPTH SPD SPD DIR MIN PSBL S-S WX SPD DR
================================================================================
1 88 47 68 M 0 3 0.00 M M 6.2 15 40 M M 0 M M
2 69 44 57 M 8 0 0.04 M M 12.1 24 10 M M 6 1 38 360
3 44 38 41 M 24 0 0.09 M M 6.9 14 20 M M 10 1 23 20
4 60 37 49 M 16 0 0.01 M M 5.0 15 30 M M 5 M M
5 61 41 51 M 14 0 T M M 6.2 14 30 M M 5 21 99
6 70 40 55 M 10 0 0.00 M M 4.1 8 170 M M 0 M M
7 84 44 64 M 1 0 0.00 M M 6.2 14 20 M M 0 43 160
8 76 44 60 M 5 0 T M M 13.2 24 330 M M 3 43 270
9 57 39 48 M 17 0 T M M 9.6 22 10 M M 7 23 20
10 43 32 38 M 27 0 M M M 10.6 21 110 M M 10 1 24 120
11 43 32 38 M 27 0 M M M 4.8 8 40 M M 10 1 M M
12 66 35 51 M 14 0 0.00 M M 4.3 10 190 M M 4 12 M M
13 76 39 58 M 7 0 0.00 M M 4.8 16 340 M M 0 M M
14 71 47 59 M 6 0 0.00 M M 6.7 20 30 M M 4 3 M M
15 68 50 59 M 6 0 0.00 M M 5.3 12 120 M M 8 1 M M
16 64 50 57 M 8 0 0.00 M M 6.7 14 50 M M 7 1 M M
17 64 46 55 M 10 0 M M M 6.2 16 210 M M 9 13 30 200
18 65 44 55 M 10 0 0.00 M M 5.1 9 150 M M 5 1 M M
19 75 44 60 M 5 0 0.00 M M 4.8 13 130 M M 1 12 M M
20 81 45 63 M 2 0 0.00 M M 7.0 15 40 M M 1 37 150
21 72 50 61 M 4 0 0.00 M M 7.5 23 30 M M 1 28 30
22 68 47 58 M 7 0 0.00 M M 8.7 17 20 M M 6 M M
23 77 46 62 M 3 0 0.00 M M 7.4 24 290 M M 3 1 32 290
24 77 42 60 M 5 0 0.00 M M 5.4 12 100 M M 0 1 M M
25 78 45 62 M 3 0 0.00 M M 5.5 13 140 M M 0 M M
26 79 48 64 M 1 0 0.00 M M 8.3 25 320 M M 0 33 330
27 75 46 61 M 4 0 0.00 M M 6.8 16 20 M M 0 25 20
28 83 50 67 M 0 2 0.00 M M 6.6 10 170 M M 3 M M
29 69 50 60 M 5 0 0.00 M M 7.3 14 100 M M 4 1 18 100
30 55 49 52 M 13 0 0.00 M M 6.7 18 50 M M 10 1 23 50
31 65 47 56 M 9 0 0.00 M M 3.6 9 220 M M 7 M M
================================================================================
SM 2123 1358 271 5 0.14 M 209.7 M 129
================================================================================
AV 68.5 43.8 6.8 FASTST M M 4 MAX(MPH)
MISC ----> 25 320 # 43 160
================================================================================
NOTES:
# LAST OF SEVERAL OCCURRENCES
COLUMN 17 PEAK WIND IN M.P.H.
PRELIMINARY LOCAL CLIMATOLOGICAL DATA (WS FORM: F-6) , PAGE 2
STATION: FT COLLINS/LOVELAND CO
MONTH: MAY
YEAR: 2021
LATITUDE: 40 27 N
LONGITUDE: 105 1 W
[TEMPERATURE DATA] [PRECIPITATION DATA] SYMBOLS USED IN COLUMN 16
AVERAGE MONTHLY: 56.1 TOTAL FOR MONTH: 0.14 1 = FOG OR MIST
DPTR FM NORMAL: 0.0 DPTR FM NORMAL: M 2 = FOG REDUCING VISIBILITY
HIGHEST: 88 ON 1 GRTST 24HR 0.14 ON 2- 3 TO 1/4 MILE OR LESS
LOWEST: 32 ON 11,10 3 = THUNDER
SNOW, ICE PELLETS, HAIL 4 = ICE PELLETS
TOTAL MONTH: M 5 = HAIL
GRTST 24HR M ON M 6 = FREEZING RAIN OR DRIZZLE
GRTST DEPTH: M ON M 7 = DUSTSTORM OR SANDSTORM:
VSBY 1/2 MILE OR LESS
8 = SMOKE OR HAZE
[NO. OF DAYS WITH] [WEATHER - DAYS WITH] 9 = BLOWING SNOW
X = TORNADO
MAX 32 OR BELOW: 0 0.01 INCH OR MORE: 3
MAX 90 OR ABOVE: 0 0.10 INCH OR MORE: 0
MIN 32 OR BELOW: 2 0.50 INCH OR MORE: 0
MIN 0 OR BELOW: 0 1.00 INCH OR MORE: 0
[HDD (BASE 65) ]
TOTAL THIS MO. 271 CLEAR (SCALE 0-3) 14
DPTR FM NORMAL M PTCLDY (SCALE 4-7) 11
TOTAL FM JUL 1 6180 CLOUDY (SCALE 8-10) 6
DPTR FM NORMAL M
[CDD (BASE 65) ]
TOTAL THIS MO. 5
DPTR FM NORMAL M [PRESSURE DATA]
TOTAL FM JAN 1 5 HIGHEST SLP 30.33 ON 11
DPTR FM NORMAL M LOWEST SLP 29.53 ON 20
[REMARKS]
#FINAL-05-21#