000
CXUS54 KMAF 011420
CF6FST
PRELIMINARY LOCAL CLIMATOLOGICAL DATA (WS FORM: F-6)
STATION: FORT STOCKTON
MONTH: NOVEMBER
YEAR: 2021
LATITUDE: 30 55 N
LONGITUDE: 102 55 W
TEMPERATURE IN F: :PCPN: SNOW: WIND :SUNSHINE: SKY :PK WND
================================================================================
1 2 3 4 5 6A 6B 7 8 9 10 11 12 13 14 15 16 17 18
12Z AVG MX 2MIN
DY MAX MIN AVG DEP HDD CDD WTR SNW DPTH SPD SPD DIR MIN PSBL S-S WX SPD DR
================================================================================
1 77 44 61 -1 4 0 0.00 M M 6.7 15 110 M M 0 18 120
2 63 49 56 -5 9 0 0.00 M M 7.0 14 20 M M 6 128 16 30
3 49 45 47 -14 18 0 0.01 M M 6.7 13 30 M M 10 12 16 20
4 57 44 51 -9 14 0 0.00 M M 3.7 12 150 M M 6 16 150
5 78 40 59 -1 6 0 0.00 M M 8.3 16 160 M M 0 21 160
6 81 46 64 4 1 0 0.00 M M 10.1 18 160 M M 0 24 160
7 84 48 66 7 0 1 0.00 M M 11.8 22 160 M M 0 27 160
8 85 51 68 9 0 3 0.00 M M 11.5 22 160 M M 0 29 160
9 84 58 71 13 0 6 0.00 M M 9.2 18 160 M M 0 8 24 150
10 83 53 68 10 0 3 0.00 M M 11.5 25 300 M M 0 8 32 290
11 73 47 60 2 5 0 0.00 M M 6.7 13 260 M M 0 16 260
12 71 43 57 0 8 0 0.00 M M 9.4 22 350 M M 0 25 350
13 82 44 63 6 2 0 0.00 M M 8.4 16 220 M M 0 20 220
14 76 51 64 7 1 0 0.00 M M 9.0 16 220 M M 0 19 230
15 86 53 70 14 0 5 0.00 M M 11.4 16 220 M M 0 24 280
16 88 56 72 16 0 7 T M M 13.0 20 240 M M 0 26 260
17 83 50 67 11 0 2 0.00 M M 13.0 23 40 M M 0 28 40
18 56 40 48 -7 17 0 0.00 M M 8.4 17 50 M M 2 23 40
19 76 37 57 2 8 0 0.00 M M 10.8 18 180 M M 0 23 190
20 85 47 66 11 0 1 0.00 M M 11.4 18 220 M M 0 24 230
21 65 49 57 3 8 0 0.00 M M 9.8 18 20 M M 3 23 360
22 68 41 55 1 10 0 0.00 M M 6.8 14 160 M M 0 19 160
23 80 46 63 9 2 0 0.00 M M 11.5 23 160 M M 0 31 160
24 77 53 65 11 0 0 0.00 M M 8.9 22 320 M M 1 30 330
25 61 45 53 0 12 0 0.00 M M 10.4 22 50 M M 1 29 50
26 62 39 51 -2 14 0 T M M 6.4 14 150 M M 3 17 140
27 65 47 56 3 9 0 0.06 M M 7.9 20 290 M M 7 1 23 290
28 65 43 54 1 11 0 0.00 M M 6.4 14 210 M M 2 16 310
29 76 46 61 9 4 0 0.00 M M 8.6 15 230 M M 0 18 230
30 79 51 65 13 0 0 0.00 M M 9.2 15 300 M M 0 22 310
================================================================================
SM 2215 1406 163 28 0.07 M 273.9 M 41
================================================================================
AV 73.8 46.9 9.1 FASTST M M 1 MAX(MPH)
MISC ----> 25 300 32 290
================================================================================
NOTES:
# LAST OF SEVERAL OCCURRENCES
COLUMN 17 PEAK WIND IN M.P.H.
PRELIMINARY LOCAL CLIMATOLOGICAL DATA (WS FORM: F-6) , PAGE 2
STATION: FORT STOCKTON
MONTH: NOVEMBER
YEAR: 2021
LATITUDE: 30 55 N
LONGITUDE: 102 55 W
[TEMPERATURE DATA] [PRECIPITATION DATA] SYMBOLS USED IN COLUMN 16
AVERAGE MONTHLY: 60.4 TOTAL FOR MONTH: 0.07 1 = FOG OR MIST
DPTR FM NORMAL: 3.9 DPTR FM NORMAL: -0.51 2 = FOG REDUCING VISIBILITY
HIGHEST: 88 ON 16 GRTST 24HR 0.06 ON 26-27 TO 1/4 MILE OR LESS
LOWEST: 37 ON 19 3 = THUNDER
SNOW, ICE PELLETS, HAIL 4 = ICE PELLETS
TOTAL MONTH: M 5 = HAIL
GRTST 24HR M ON M 6 = FREEZING RAIN OR DRIZZLE
GRTST DEPTH: M ON M 7 = DUSTSTORM OR SANDSTORM:
VSBY 1/2 MILE OR LESS
8 = SMOKE OR HAZE
[NO. OF DAYS WITH] [WEATHER - DAYS WITH] 9 = BLOWING SNOW
X = TORNADO
MAX 32 OR BELOW: 0 0.01 INCH OR MORE: 2
MAX 90 OR ABOVE: 0 0.10 INCH OR MORE: 0
MIN 32 OR BELOW: 0 0.50 INCH OR MORE: 0
MIN 0 OR BELOW: 0 1.00 INCH OR MORE: 0
[HDD (BASE 65) ]
TOTAL THIS MO. 163 CLEAR (SCALE 0-3) 26
DPTR FM NORMAL -112 PTCLDY (SCALE 4-7) 3
TOTAL FM JUL 1 184 CLOUDY (SCALE 8-10) 1
DPTR FM NORMAL -161
[CDD (BASE 65) ]
TOTAL THIS MO. 28
DPTR FM NORMAL 10 [PRESSURE DATA]
TOTAL FM JAN 1 2652 HIGHEST SLP 30.51 ON 18
DPTR FM NORMAL 51 LOWEST SLP 29.75 ON 10
[REMARKS]
#FINAL-11-21#