000
CXUS54 KFWD 161604
CF6FTW
PRELIMINARY LOCAL CLIMATOLOGICAL DATA (WS FORM: F-6)
STATION: FORT WORTH MEACHAM
MONTH: JANUARY
YEAR: 2024
LATITUDE: 32 49 N
LONGITUDE: 97 21 W
TEMPERATURE IN F: :PCPN: SNOW: WIND :SUNSHINE: SKY :PK WND
================================================================================
1 2 3 4 5 6A 6B 7 8 9 10 11 12 13 14 15 16 17 18
12Z AVG MX 2MIN
DY MAX MIN AVG DEP HDD CDD WTR SNW DPTH SPD SPD DIR MIN PSBL S-S WX SPD DR
================================================================================
1 42 31 37 -8 28 0 0.00 M M 9.0 20 10 M M 4 24 20
2 46 29 38 -7 27 0 0.52 M M 4.5 16 360 M M 4 1 19 360
3 53 39 46 1 19 0 T M M 2.6 12 350 M M 5 1 15 350
4 55 33 44 -1 21 0 0.04 M M 7.8 21 140 M M 5 128 27 120
5 56 42 49 4 16 0 0.26 M M 9.0 23 130 M M 8 1 31 130
6 47 36 42 -3 23 0 0.00 M M 7.3 15 310 M M 5 20 310
7 58 33 46 1 19 0 0.00 M M 10.8 24 130 M M 1 33 140
8 55 36 46 1 19 0 0.45 M M 19.3 40 280 M M 8 13 64 290
9 48 32 40 -5 25 0 0.00 M M 17.7 39 290 M M 1 53 290
10 64 32 48 3 17 0 0.00 M M 11.6 28 220 M M 0 40 210
11 69 36 53 8 12 0 0.00 M M 8.7 24 180 M M 0 34 170
12 56 25 41 -4 24 0 0.00 M M 14.0 32 300 M M 1 8 46 320
13 62 19 41 -4 24 0 0.00 M M 14.0 26 320 M M 0 34 320
14 19 9 14 -32 51 0 T M M 15.8 23 350 M M 8 1 30 360
15 24 8 16 -30 49 0 T M M 15.3 28 360 M M 5 19 36 10
16 26 9 18 -28 47 0 0.00 M M 9.7 23 350 M M 0 30 10
17 43 15 29 -17 36 0 0.00 M M 12.3 26 160 M M 0 37 140
18 58 34 46 0 19 0 0.00 M M 10.8 20 190 M M 0 28 180
19 41 22 32 -14 33 0 0.00 M M 14.5 25 350 M M 0 34 360
20 35 17 26 -20 39 0 0.00 M M 7.5 14 350 M M 0 19 10
21 41 31 36 -10 29 0 0.13 M M 12.0 22 120 M M 10 1 29 120
22 39 32 36 -10 29 0 0.21 M M 5.5 12 30 M M 10 1 14 120
23 50 38 44 -2 21 0 0.34 M M 6.2 12 330 M M 10 12 15 360
24 50 43 47 1 18 0 0.02 M M 5.7 13 320 M M 10 1 17 320
25 54 44 49 3 16 0 T M M 4.7 10 240 M M 7 1 14 250
26 50 45 48 1 17 0 0.32 M M 8.6 16 50 M M 10 1 23 50
27 49 35 42 -5 23 0 0.30 M M 13.2 22 300 M M 6 1 29 320
28 62 31 47 0 18 0 0.00 M M 3.4 13 350 M M 0 1 16 350
29 70 38 54 7 11 0 0.00 M M 5.0 17 280 M M 0 23 280
30 74 44 59 12 6 0 0.00 M M 3.5 13 270 M M 0 16 270
31 73 42 58 11 7 0 0.00 M M 4.1 13 140 M M 0 8 17 160
================================================================================
SM 1569 960 743 0 2.59 M 294.1 M 118
================================================================================
AV 50.6 31.0 9.5 FASTST M M 4 MAX(MPH)
MISC ----> 40 280 64 290
================================================================================
NOTES:
# LAST OF SEVERAL OCCURRENCES
COLUMN 17 PEAK WIND IN M.P.H.
PRELIMINARY LOCAL CLIMATOLOGICAL DATA (WS FORM: F-6) , PAGE 2
STATION: FORT WORTH MEACHAM
MONTH: JANUARY
YEAR: 2024
LATITUDE: 32 49 N
LONGITUDE: 97 21 W
[TEMPERATURE DATA] [PRECIPITATION DATA] SYMBOLS USED IN COLUMN 16
AVERAGE MONTHLY: 40.8 TOTAL FOR MONTH: 2.59 1 = FOG OR MIST
DPTR FM NORMAL: -5.0 DPTR FM NORMAL: 0.54 2 = FOG REDUCING VISIBILITY
HIGHEST: 74 ON 30 GRTST 24HR 1.03 ON 22-23 TO 1/4 MILE OR LESS
LOWEST: 8 ON 15 3 = THUNDER
SNOW, ICE PELLETS, HAIL 4 = ICE PELLETS
TOTAL MONTH: M 5 = HAIL
GRTST 24HR M ON M 6 = FREEZING RAIN OR DRIZZLE
GRTST DEPTH: M ON M 7 = DUSTSTORM OR SANDSTORM:
VSBY 1/2 MILE OR LESS
8 = SMOKE OR HAZE
[NO. OF DAYS WITH] [WEATHER - DAYS WITH] 9 = BLOWING SNOW
X = TORNADO
MAX 32 OR BELOW: 3 0.01 INCH OR MORE: 10
MAX 90 OR ABOVE: 0 0.10 INCH OR MORE: 8
MIN 32 OR BELOW: 15 0.50 INCH OR MORE: 1
MIN 0 OR BELOW: 0 1.00 INCH OR MORE: 0
[HDD (BASE 65) ]
TOTAL THIS MO. 743 CLEAR (SCALE 0-3) 15
DPTR FM NORMAL 148 PTCLDY (SCALE 4-7) 11
TOTAL FM JUL 1 1536 CLOUDY (SCALE 8-10) 5
DPTR FM NORMAL 7
[CDD (BASE 65) ]
TOTAL THIS MO. 0
DPTR FM NORMAL -2 [PRESSURE DATA]
TOTAL FM JAN 1 0 HIGHEST SLP 30.64 ON 20
DPTR FM NORMAL -2 LOWEST SLP 29.44 ON 12
[REMARKS]
#FINAL-01-24#