000
CXUS54 KOUN 010810
CF6GAG
PRELIMINARY LOCAL CLIMATOLOGICAL DATA (WS FORM: F-6)
STATION: GAGE
MONTH: AUGUST
YEAR: 2022
LATITUDE: 36 17 N
LONGITUDE: 99 46 W
TEMPERATURE IN F: :PCPN: SNOW: WIND :SUNSHINE: SKY :PK WND
================================================================================
1 2 3 4 5 6A 6B 7 8 9 10 11 12 13 14 15 16 17 18
12Z AVG MX 2MIN
DY MAX MIN AVG DEP HDD CDD WTR SNW DPTH SPD SPD DIR MIN PSBL S-S WX SPD DR
================================================================================
1 97 72 85 3 0 20 0.03 M M 16.7 29 210 M M 2 36 200
2 101 77 89 7 0 24 0.00 M M 18.2 25 190 M M 1 33 190
3 103 76 90 8 0 25 0.00 M M 14.6 26 210 M M 0 33 220
4 101 70 86 4 0 21 0.00 M M 6.9 14 350 M M 0 17 20
5 103 72 88 6 0 23 0.00 M M 11.1 17 170 M M 0 24 160
6 103 79 91 9 0 26 0.00 M M 17.3 26 180 M M 0 32 190
7 101 77 89 7 0 24 0.00 M M 14.0 20 180 M M 0 25 170
8 95 73 84 2 0 19 0.00 M M 7.5 18 210 M M 0 23 210
9 99 69 84 2 0 19 0.20 M M 6.0 33 200 M M 2 13 42 200
10 95 66 81 -1 0 16 0.00 M M 5.0 15 20 M M 0 1 19 30
11 95 63 79 -3 0 14 0.00 M M 4.8 13 60 M M 0 18 80
12 96 62 79 -2 0 14 0.00 M M 6.5 15 180 M M 0 18 170
13 99 62 81 0 0 16 0.00 M M 9.2 18 210 M M 0 1 22 210
14 100 70 85 4 0 20 0.00 M M 9.7 21 160 M M 0 26 170
15 101 71 86 5 0 21 T M M 13.2 20 180 M M 0 26 200
16 98 69 84 3 0 19 T M M 11.8 18 40 M M 1 25 40
17 80 61 71 -10 0 6 0.02 M M 7.9 17 30 M M 7 24 40
18 90 58 74 -6 0 9 0.00 M M 5.2 12 170 M M 2 12 16 360
19 98 58 78 -2 0 13 0.05 M M 10.4 18 20 M M 1 3 24 20
20 92 65 79 -1 0 14 0.02 M M 5.2 23 220 M M 2 28 240
21 73 62 68 -12 0 3 0.25 M M 3.1 12 140 M M 5 12 14 140
22 89 58 74 -6 0 9 0.00 M M 4.1 15 40 M M 2 12 20 40
23 89 58 74 -6 0 9 0.00 M M 4.1 12 50 M M 1 16 60
24 92 57 75 -4 0 10 0.00 M M 4.0 14 100 M M 0 18 110
25 94 56 75 -4 0 10 0.00 M M 4.1 13 130 M M 1 17 120
26 95 62 79 0 0 14 0.00 M M 8.0 18 180 M M 0 24 160
27 96 67 82 3 0 17 1.27 M M 15.1 32 310 M M 5 13 42 310
28 97 70 84 6 0 19 M M M 14.3 24 170 M M 1 3 33 190
29 97 67 82 4 0 17 M M M 8.5 26 180 M M 0 3 35 150
30 93 65 79 1 0 14 0.00 M M 4.7 16 100 M M 0 22 100
31 93 64 79 1 0 14 0.00 M M 4.2 16 130 M M 1 18 26 180
================================================================================
SM 2955 2056 0 499 1.84 M 275.3 M 34
================================================================================
AV 95.3 66.3 8.9 FASTST M M 1 MAX(MPH)
MISC ----> 33 200 # 42 200
================================================================================
NOTES:
# LAST OF SEVERAL OCCURRENCES
COLUMN 17 PEAK WIND IN M.P.H.
PRELIMINARY LOCAL CLIMATOLOGICAL DATA (WS FORM: F-6) , PAGE 2
STATION: GAGE
MONTH: AUGUST
YEAR: 2022
LATITUDE: 36 17 N
LONGITUDE: 99 46 W
[TEMPERATURE DATA] [PRECIPITATION DATA] SYMBOLS USED IN COLUMN 16
AVERAGE MONTHLY: 80.8 TOTAL FOR MONTH: 1.84 1 = FOG OR MIST
DPTR FM NORMAL: 0.2 DPTR FM NORMAL: -0.66 2 = FOG REDUCING VISIBILITY
HIGHEST: 103 ON 6, 3 GRTST 24HR 1.27 ON 27-27 TO 1/4 MILE OR LESS
LOWEST: 56 ON 25 3 = THUNDER
SNOW, ICE PELLETS, HAIL 4 = ICE PELLETS
TOTAL MONTH: M 5 = HAIL
GRTST 24HR M ON M 6 = FREEZING RAIN OR DRIZZLE
GRTST DEPTH: M ON M 7 = DUSTSTORM OR SANDSTORM:
VSBY 1/2 MILE OR LESS
8 = SMOKE OR HAZE
[NO. OF DAYS WITH] [WEATHER - DAYS WITH] 9 = BLOWING SNOW
X = TORNADO
MAX 32 OR BELOW: 0 0.01 INCH OR MORE: 7
MAX 90 OR ABOVE: 27 0.10 INCH OR MORE: 3
MIN 32 OR BELOW: 0 0.50 INCH OR MORE: 1
MIN 0 OR BELOW: 0 1.00 INCH OR MORE: 1
[HDD (BASE 65) ]
TOTAL THIS MO. 0 CLEAR (SCALE 0-3) 28
DPTR FM NORMAL 0 PTCLDY (SCALE 4-7) 3
TOTAL FM JUL 1 0 CLOUDY (SCALE 8-10) 0
DPTR FM NORMAL 0
[CDD (BASE 65) ]
TOTAL THIS MO. 499
DPTR FM NORMAL 17 [PRESSURE DATA]
TOTAL FM JAN 1 1943 HIGHEST SLP M ON M
DPTR FM NORMAL 339 LOWEST SLP 29.62 ON 29
[REMARKS]
#FINAL-08-22#