000
CXUS53 KUNR 010930
CF6GCC
PRELIMINARY LOCAL CLIMATOLOGICAL DATA (WS FORM: F-6)
STATION: GILLETTE AIRPORT WY
MONTH: MARCH
YEAR: 2022
LATITUDE: 44 20 N
LONGITUDE: 105 32 W
TEMPERATURE IN F: :PCPN: SNOW: WIND :SUNSHINE: SKY :PK WND
================================================================================
1 2 3 4 5 6A 6B 7 8 9 10 11 12 13 14 15 16 17 18
12Z AVG MX 2MIN
DY MAX MIN AVG DEP HDD CDD WTR SNW DPTH SPD SPD DIR MIN PSBL S-S WX SPD DR
================================================================================
1 68 29 49 19 16 0 0.00 M M 12.8 22 230 M M 2 28 230
2 64 28 46 16 19 0 0.00 M M 4.6 17 30 M M 2 21 40
3 58 31 45 14 20 0 0.00 M M 14.1 24 180 M M 0 32 170
4 48 24 36 5 29 0 0.06 M M 14.0 28 200 M M 7 12 34 200
5 24 17 21 -11 44 0 0.04 M M 15.9 25 340 M M 10 18 34 330
6 22 2 12 -20 53 0 0.00 M M 9.9 22 340 M M 4 18 27 340
7 37 8 23 -10 42 0 0.00 M M 10.2 18 230 M M 0 23 220
8 27 8 18 -15 47 0 0.08 M M 13.9 25 360 M M 9 18 34 350
9 12 -6 3 -30 62 0 0.03 M M 7.8 16 350 M M 7 18 19 350
10 23 -3 10 -24 55 0 0.00 M M 15.3 30 310 M M 1 38 320
11 27 4 16 -18 49 0 0.00 M M 10.4 22 210 M M 4 28 320
12 58 25 42 7 23 0 0.00 M M 15.9 28 310 M M 4 38 290
13 57 34 46 11 19 0 0.02 M M 16.0 31 330 M M 4 1 39 330
14 58 24 41 6 24 0 0.00 M M 9.9 24 310 M M 1 33 200
15 66 29 48 12 17 0 T M M 13.5 26 240 M M 2 36 220
16 49 31 40 4 25 0 0.00 M M 10.4 28 320 M M 9 35 340
17 48 26 37 1 28 0 0.00 M M 9.6 16 210 M M 4 21 200
18 55 17 36 -1 29 0 0.00 M M 7.6 21 310 M M 1 29 340
19 61 24 43 6 22 0 0.00 M M 14.0 28 210 M M 0 33 210
20 63 29 46 9 19 0 0.11 M M 18.0 32 300 M M 4 1 41 310
21 42 22 32 -6 33 0 0.04 M M 14.1 24 340 M M 3 1 34 340
22 48 27 38 0 27 0 T M M 17.0 36 320 M M 7 47 320
23 58 17 38 0 27 0 0.00 M M 7.6 17 350 M M 0 24 330
24 64 35 50 12 15 0 T M M 17.7 31 360 M M 4 41 330
25 56 20 38 -1 27 0 0.00 M M 4.1 12 200 M M 3 16 210
26 63 29 46 7 19 0 0.00 M M 13.8 30 180 M M 2 39 180
27 65 31 48 9 17 0 0.00 M M 15.7 25 160 M M 0 32 170
28 80 34 57 18 8 0 0.00 M M 9.8 29 200 M M 1 37 250
29 59 25 42 2 23 0 0.16 M M 22.6 36 330 M M 7 18 46 340
30 47 24 36 -4 29 0 0.00 M M 13.4 26 330 M M 3 34 300
31 55 31 43 3 22 0 0.08 M M 9.5 24 340 M M 3 1 31 340
================================================================================
SM 1562 676 889 0 0.62 M 389.1 M 108
================================================================================
AV 50.4 21.8 12.6 FASTST M M 3 MAX(MPH)
MISC ----> # 36 320 47 320
================================================================================
NOTES:
# LAST OF SEVERAL OCCURRENCES
COLUMN 17 PEAK WIND IN M.P.H.
PRELIMINARY LOCAL CLIMATOLOGICAL DATA (WS FORM: F-6) , PAGE 2
STATION: GILLETTE AIRPORT WY
MONTH: MARCH
YEAR: 2022
LATITUDE: 44 20 N
LONGITUDE: 105 32 W
[TEMPERATURE DATA] [PRECIPITATION DATA] SYMBOLS USED IN COLUMN 16
AVERAGE MONTHLY: 36.1 TOTAL FOR MONTH: 0.62 1 = FOG OR MIST
DPTR FM NORMAL: 0.5 DPTR FM NORMAL: -0.21 2 = FOG REDUCING VISIBILITY
HIGHEST: 80 ON 28 GRTST 24HR 0.16 ON 29-29 TO 1/4 MILE OR LESS
LOWEST: -6 ON 9 3 = THUNDER
SNOW, ICE PELLETS, HAIL 4 = ICE PELLETS
TOTAL MONTH: M 5 = HAIL
GRTST 24HR M ON M 6 = FREEZING RAIN OR DRIZZLE
GRTST DEPTH: M ON M 7 = DUSTSTORM OR SANDSTORM:
VSBY 1/2 MILE OR LESS
8 = SMOKE OR HAZE
[NO. OF DAYS WITH] [WEATHER - DAYS WITH] 9 = BLOWING SNOW
X = TORNADO
MAX 32 OR BELOW: 6 0.01 INCH OR MORE: 9
MAX 90 OR ABOVE: 0 0.10 INCH OR MORE: 2
MIN 32 OR BELOW: 28 0.50 INCH OR MORE: 0
MIN 0 OR BELOW: 2 1.00 INCH OR MORE: 0
[HDD (BASE 65) ]
TOTAL THIS MO. 889 CLEAR (SCALE 0-3) 15
DPTR FM NORMAL -21 PTCLDY (SCALE 4-7) 13
TOTAL FM JUL 1 5684 CLOUDY (SCALE 8-10) 3
DPTR FM NORMAL -594
[CDD (BASE 65) ]
TOTAL THIS MO. 0
DPTR FM NORMAL 0 [PRESSURE DATA]
TOTAL FM JAN 1 0 HIGHEST SLP 30.49 ON 6
DPTR FM NORMAL 0 LOWEST SLP 29.34 ON 29
[REMARKS]
#FINAL-03-22#