000
CXUS53 KUNR 011030
CF6GCC
PRELIMINARY LOCAL CLIMATOLOGICAL DATA (WS FORM: F-6)
STATION: GILLETTE AIRPORT WY
MONTH: FEBRUARY
YEAR: 2022
LATITUDE: 44 20 N
LONGITUDE: 105 32 W
TEMPERATURE IN F: :PCPN: SNOW: WIND :SUNSHINE: SKY :PK WND
================================================================================
1 2 3 4 5 6A 6B 7 8 9 10 11 12 13 14 15 16 17 18
12Z AVG MX 2MIN
DY MAX MIN AVG DEP HDD CDD WTR SNW DPTH SPD SPD DIR MIN PSBL S-S WX SPD DR
================================================================================
1 22 -3 10 -15 55 0 0.00 M M 7.9 17 350 M M 5 22 10
2 4 -12 -4 -28 69 0 T M M 9.3 23 170 M M 6 18 29 170
3 29 -3 13 -11 52 0 0.00 M M 13.4 24 180 M M 1 30 180
4 47 20 34 10 31 0 0.00 M M 15.0 25 230 M M 3 31 230
5 47 26 37 13 28 0 0.01 M M 18.0 36 330 M M 6 18 44 320
6 44 26 35 10 30 0 T M M 13.6 24 300 M M 5 1 31 320
7 60 29 45 20 20 0 0.00 M M 17.0 25 230 M M 0 36 300
8 48 31 40 15 25 0 0.00 M M 17.4 38 320 M M 1 51 330
9 48 23 36 11 29 0 T M M 15.6 46 330 M M 7 59 320
10 60 31 46 21 19 0 0.03 M M 18.3 43 320 M M 4 1 56 320
11 31 16 24 -1 41 0 0.02 M M 20.5 35 330 M M 9 18 44 330
12 39 6 23 -2 42 0 0.00 M M 13.3 29 310 M M 6 39 330
13 52 17 35 10 30 0 0.00 M M 12.2 32 320 M M 0 43 300
14 52 19 36 11 29 0 0.00 M M 9.2 31 170 M M 0 37 170
15 49 27 38 12 27 0 0.09 M M 14.9 24 330 M M 5 18 29 220
16 27 5 16 -10 49 0 0.04 M M 10.5 25 360 M M 9 18 30 360
17 34 2 18 -8 47 0 0.00 M M 16.8 24 220 M M 5 31 210
18 43 25 34 8 31 0 0.01 M M 13.0 31 320 M M 9 1 38 310
19 55 27 41 14 24 0 0.00 M M 20.1 30 220 M M 1 37 210
20 52 14 33 6 32 0 0.00 M M 14.1 26 330 M M 3 33 210
21 14 -8 3 -24 62 0 0.03 M M 17.6 28 330 M M 10 18 34 330
22 -4 -22 -13 -41 78 0 0.05 M M 8.1 16 360 M M 8 8 21 360
23 3 -23 -10 -38 75 0 0.00 M M 11.5 23 180 M M 2 29 180
24 15 -7 4 -24 61 0 0.00 M M 7.9 18 170 M M 1 22 330
25 24 3 14 -14 51 0 0.00 M M 9.2 17 160 M M 1 20 280
26 35 2 19 -10 46 0 0.00 M M 11.7 21 220 M M 0 26 220
27 54 24 39 10 26 0 0.00 M M 14.8 25 220 M M 0 31 230
28 60 32 46 16 19 0 0.00 M M 16.1 24 240 M M 0 30 240
================================================================================
SM 1044 327 1128 0 0.28 M 387.0 M 107
================================================================================
AV 37.3 11.7 13.8 FASTST M M 4 MAX(MPH)
MISC ----> 46 330 59 320
================================================================================
NOTES:
# LAST OF SEVERAL OCCURRENCES
COLUMN 17 PEAK WIND IN M.P.H.
PRELIMINARY LOCAL CLIMATOLOGICAL DATA (WS FORM: F-6) , PAGE 2
STATION: GILLETTE AIRPORT WY
MONTH: FEBRUARY
YEAR: 2022
LATITUDE: 44 20 N
LONGITUDE: 105 32 W
[TEMPERATURE DATA] [PRECIPITATION DATA] SYMBOLS USED IN COLUMN 16
AVERAGE MONTHLY: 24.5 TOTAL FOR MONTH: 0.28 1 = FOG OR MIST
DPTR FM NORMAL: -1.6 DPTR FM NORMAL: -0.15 2 = FOG REDUCING VISIBILITY
HIGHEST: 60 ON 28,10 GRTST 24HR 0.13 ON 15-16 TO 1/4 MILE OR LESS
LOWEST: -23 ON 23 3 = THUNDER
SNOW, ICE PELLETS, HAIL 4 = ICE PELLETS
TOTAL MONTH: M 5 = HAIL
GRTST 24HR M ON M 6 = FREEZING RAIN OR DRIZZLE
GRTST DEPTH: M ON M 7 = DUSTSTORM OR SANDSTORM:
VSBY 1/2 MILE OR LESS
8 = SMOKE OR HAZE
[NO. OF DAYS WITH] [WEATHER - DAYS WITH] 9 = BLOWING SNOW
X = TORNADO
MAX 32 OR BELOW: 10 0.01 INCH OR MORE: 8
MAX 90 OR ABOVE: 0 0.10 INCH OR MORE: 0
MIN 32 OR BELOW: 28 0.50 INCH OR MORE: 0
MIN 0 OR BELOW: 7 1.00 INCH OR MORE: 0
[HDD (BASE 65) ]
TOTAL THIS MO. 1128 CLEAR (SCALE 0-3) 14
DPTR FM NORMAL 39 PTCLDY (SCALE 4-7) 10
TOTAL FM JUL 1 4795 CLOUDY (SCALE 8-10) 4
DPTR FM NORMAL -569
[CDD (BASE 65) ]
TOTAL THIS MO. 0
DPTR FM NORMAL 0 [PRESSURE DATA]
TOTAL FM JAN 1 0 HIGHEST SLP 30.77 ON 22
DPTR FM NORMAL 0 LOWEST SLP 29.51 ON 20
[REMARKS]
#FINAL-02-22#