483
CXUS53 KUNR 010930
CF6GCC
PRELIMINARY LOCAL CLIMATOLOGICAL DATA (WS FORM: F-6)
STATION: GILLETTE AIRPORT WY
MONTH: MARCH
YEAR: 2021
LATITUDE: 44 20 N
LONGITUDE: 105 32 W
TEMPERATURE IN F: :PCPN: SNOW: WIND :SUNSHINE: SKY :PK WND
================================================================================
1 2 3 4 5 6A 6B 7 8 9 10 11 12 13 14 15 16 17 18
12Z AVG MX 2MIN
DY MAX MIN AVG DEP HDD CDD WTR SNW DPTH SPD SPD DIR MIN PSBL S-S WX SPD DR
================================================================================
1 44 24 34 3 31 0 0.00 M M 19.2 35 220 M M 0 44 220
2 51 27 39 8 26 0 0.00 M M 11.4 35 230 M M 0 46 230
3 56 26 41 10 24 0 0.00 M M 6.3 17 170 M M 0 18 170
4 61 24 43 11 22 0 0.00 M M 5.2 17 170 M M 0 21 150
5 59 30 45 13 20 0 0.00 M M 5.5 14 180 M M 0 19 180
6 65 33 49 17 16 0 0.00 M M 19.6 39 200 M M 0 50 200
7 59 28 44 12 21 0 0.00 M M 8.1 17 180 M M 0 23 180
8 70 28 49 16 16 0 0.00 M M 11.2 23 200 M M 0 30 190
9 50 28 39 6 26 0 0.00 M M 10.2 21 220 M M 4 27 350
10 35 27 31 -2 34 0 0.07 M M 7.1 14 350 M M 9 18 20 360
11 42 18 30 -4 35 0 0.00 M M 7.0 17 190 M M 1 23 200
12 47 19 33 -1 32 0 0.00 M M 10.4 21 170 M M 2 30 180
13 51 19 35 1 30 0 0.00 M M 6.3 23 70 M M 6 27 60
14 41 26 34 0 31 0 0.02 M M 9.1 18 50 M M 8 1 24 40
15 37 26 32 -3 33 0 0.01 M M 9.0 20 170 M M 8 1 27 160
16 32 29 31 -4 34 0 0.07 M M 11.7 18 310 M M 10 1 23 320
17 47 21 34 -1 31 0 0.00 M M 8.6 17 320 M M 3 1 25 330
18 54 20 37 2 28 0 0.00 M M 12.6 22 160 M M 0 33 170
19 65 26 46 10 19 0 0.00 M M 11.5 21 170 M M 0 M M
20 60 31 46 10 19 0 0.10 M M 12.1 28 360 M M 3 1 33 360
21 44 26 35 -1 30 0 0.05 M M 11.5 21 310 M M 4 1 28 300
22 51 25 38 2 27 0 0.00 M M 12.4 21 200 M M 1 27 200
23 45 24 35 -1 30 0 T M M 13.8 30 20 M M 7 1 39 340
24 49 14 32 -5 33 0 0.00 M M 12.0 23 220 M M 0 35 170
25 52 15 34 -3 31 0 0.00 M M 4.3 18 50 M M 4 27 20
26 42 28 35 -2 30 0 T M M 9.3 16 290 M M 9 1 22 300
27 44 27 36 -1 29 0 0.05 M M 13.4 24 300 M M 7 18 33 300
28 68 34 51 13 14 0 0.00 M M 20.9 39 230 M M 0 52 230
29 58 16 37 -1 28 0 T M M 23.1 52 340 M M 3 128 71 330
30 35 14 25 -13 40 0 0.00 M M 15.8 31 310 M M 2 42 340
31 46 11 29 -9 36 0 0.00 M M 9.9 24 330 M M 1 31 330
================================================================================
SM 1560 744 856 0 0.37 M 348.5 M 92
================================================================================
AV 50.3 24.0 11.2 FASTST M M 3 MAX(MPH)
MISC ----> 52 340 71 330
================================================================================
NOTES:
# LAST OF SEVERAL OCCURRENCES
COLUMN 17 PEAK WIND IN M.P.H.
PRELIMINARY LOCAL CLIMATOLOGICAL DATA (WS FORM: F-6) , PAGE 2
STATION: GILLETTE AIRPORT WY
MONTH: MARCH
YEAR: 2021
LATITUDE: 44 20 N
LONGITUDE: 105 32 W
[TEMPERATURE DATA] [PRECIPITATION DATA] SYMBOLS USED IN COLUMN 16
AVERAGE MONTHLY: 37.2 TOTAL FOR MONTH: 0.37 1 = FOG OR MIST
DPTR FM NORMAL: 2.5 DPTR FM NORMAL: -0.59 2 = FOG REDUCING VISIBILITY
HIGHEST: 70 ON 8 GRTST 24HR 0.15 ON 20-21 TO 1/4 MILE OR LESS
LOWEST: 11 ON 31 3 = THUNDER
SNOW, ICE PELLETS, HAIL 4 = ICE PELLETS
TOTAL MONTH: M 5 = HAIL
GRTST 24HR M ON M 6 = FREEZING RAIN OR DRIZZLE
GRTST DEPTH: M ON M 7 = DUSTSTORM OR SANDSTORM:
VSBY 1/2 MILE OR LESS
8 = SMOKE OR HAZE
[NO. OF DAYS WITH] [WEATHER - DAYS WITH] 9 = BLOWING SNOW
X = TORNADO
MAX 32 OR BELOW: 1 0.01 INCH OR MORE: 7
MAX 90 OR ABOVE: 0 0.10 INCH OR MORE: 1
MIN 32 OR BELOW: 29 0.50 INCH OR MORE: 0
MIN 0 OR BELOW: 0 1.00 INCH OR MORE: 0
[HDD (BASE 65) ]
TOTAL THIS MO. 856 CLEAR (SCALE 0-3) 18
DPTR FM NORMAL -83 PTCLDY (SCALE 4-7) 9
TOTAL FM JUL 1 6140 CLOUDY (SCALE 8-10) 4
DPTR FM NORMAL -206
[CDD (BASE 65) ]
TOTAL THIS MO. 0
DPTR FM NORMAL 0 [PRESSURE DATA]
TOTAL FM JAN 1 0 HIGHEST SLP 30.50 ON 31
DPTR FM NORMAL 0 LOWEST SLP 29.25 ON 29
[REMARKS]
#FINAL-03-21#