000
CXUS53 KUNR 010930
CF6GCC
PRELIMINARY LOCAL CLIMATOLOGICAL DATA (WS FORM: F-6)
STATION: GILLETTE AIRPORT WY
MONTH: OCTOBER
YEAR: 2023
LATITUDE: 44 20 N
LONGITUDE: 105 32 W
TEMPERATURE IN F: :PCPN: SNOW: WIND :SUNSHINE: SKY :PK WND
================================================================================
1 2 3 4 5 6A 6B 7 8 9 10 11 12 13 14 15 16 17 18
12Z AVG MX 2MIN
DY MAX MIN AVG DEP HDD CDD WTR SNW DPTH SPD SPD DIR MIN PSBL S-S WX SPD DR
================================================================================
1 64 46 55 3 10 0 0.00 M M 7.4 16 340 M M 4 22 280
2 67 46 57 5 8 0 0.01 M M 8.6 23 230 M M 6 1 30 230
3 56 41 49 -2 16 0 0.00 M M 14.4 29 310 M M 8 3 35 320
4 64 39 52 1 13 0 0.03 M M 12.4 25 310 M M 5 1 34 320
5 57 42 50 0 15 0 0.00 M M 10.6 22 350 M M 9 30 350
6 52 27 40 -10 25 0 0.00 M M 8.0 23 340 M M 2 30 340
7 72 40 56 7 9 0 0.00 M M 5.8 13 260 M M 0 16 230
8 74 31 53 4 12 0 0.00 M M 3.6 14 160 M M 0 19 170
9 76 44 60 12 5 0 0.00 M M 8.2 18 180 M M 0 23 180
10 78 35 57 9 8 0 0.00 M M 11.1 24 160 M M 0 33 160
11 69 46 58 11 7 0 0.13 M M 12.2 23 200 M M 4 1 31 190
12 47 38 43 -4 22 0 1.36 M M 16.0 25 360 M M 10 1 33 360
13 45 34 40 -6 25 0 0.00 M M 8.5 16 360 M M 9 22 10
14 52 30 41 -5 24 0 0.00 M M 10.0 18 170 M M 0 23 170
15 65 33 49 3 16 0 0.00 M M 6.7 17 170 M M 0 22 180
16 74 39 57 12 8 0 0.00 M M 6.8 15 170 M M 0 20 190
17 75 42 59 14 6 0 T M M 8.6 32 340 M M 1 44 340
18 63 39 51 7 14 0 0.00 M M 12.3 23 320 M M 0 29 310
19 76 48 62 18 3 0 0.00 M M 11.9 26 320 M M 0 34 310
20 74 45 60 16 5 0 0.00 M M 9.5 22 340 M M 0 30 350
21 64 35 50 7 15 0 0.00 M M 8.0 18 160 M M 0 28 170
22 70 41 56 13 9 0 0.00 M M 6.5 18 170 M M 0 26 170
23 53 38 46 4 19 0 0.00 M M 9.3 20 360 M M 4 23 10
24 50 42 46 4 19 0 T M M 5.8 18 170 M M 10 1 22 180
25 49 18 34 -8 31 0 0.00 M M 16.9 30 180 M M 9 1 41 170
26 19 -1 9 -32 56 0 0.17 M M 11.1 20 340 M M 8 128 24 340
27 27 -2 13 -28 52 0 0.00 M M 5.8 15 20 M M 3 8 18 360
28 27 12 20 -21 45 0 T M M 5.5 10 340 M M 6 1 M M
29 M M M M M M M M M M M M M M M M M
30 M M M M M M M M M M M M M M M M M
31 M M M M M M M M M M M M M M M M M
================================================================================
SM 1659 968 497 0 1.70 M 261.5 M 98
================================================================================
AV 59.3 34.6 9.3 FASTST M M 4 MAX(MPH)
MISC ----> 32 340 44 340
================================================================================
NOTES:
# LAST OF SEVERAL OCCURRENCES
COLUMN 17 PEAK WIND IN M.P.H.
PRELIMINARY LOCAL CLIMATOLOGICAL DATA (WS FORM: F-6) , PAGE 2
STATION: GILLETTE AIRPORT WY
MONTH: OCTOBER
YEAR: 2023
LATITUDE: 44 20 N
LONGITUDE: 105 32 W
[TEMPERATURE DATA] [PRECIPITATION DATA] SYMBOLS USED IN COLUMN 16
AVERAGE MONTHLY: 46.9 TOTAL FOR MONTH: 1.70 1 = FOG OR MIST
DPTR FM NORMAL: 1.4 DPTR FM NORMAL: 0.32 2 = FOG REDUCING VISIBILITY
HIGHEST: 78 ON 10 GRTST 24HR 1.47 ON 11-12 TO 1/4 MILE OR LESS
LOWEST: -2 ON 27 3 = THUNDER
SNOW, ICE PELLETS, HAIL 4 = ICE PELLETS
TOTAL MONTH: M 5 = HAIL
GRTST 24HR M ON M 6 = FREEZING RAIN OR DRIZZLE
GRTST DEPTH: M ON M 7 = DUSTSTORM OR SANDSTORM:
VSBY 1/2 MILE OR LESS
8 = SMOKE OR HAZE
[NO. OF DAYS WITH] [WEATHER - DAYS WITH] 9 = BLOWING SNOW
X = TORNADO
MAX 32 OR BELOW: 3 0.01 INCH OR MORE: 5
MAX 90 OR ABOVE: 0 0.10 INCH OR MORE: 3
MIN 32 OR BELOW: 7 0.50 INCH OR MORE: 1
MIN 0 OR BELOW: 2 1.00 INCH OR MORE: 1
[HDD (BASE 65) ]
TOTAL THIS MO. 497 CLEAR (SCALE 0-3) 14
DPTR FM NORMAL -112 PTCLDY (SCALE 4-7) 8
TOTAL FM JUL 1 618 CLOUDY (SCALE 8-10) 9
DPTR FM NORMAL -261
[CDD (BASE 65) ]
TOTAL THIS MO. 0
DPTR FM NORMAL -3 [PRESSURE DATA]
TOTAL FM JAN 1 479 HIGHEST SLP M ON M
DPTR FM NORMAL -40 LOWEST SLP 29.34 ON 11
[REMARKS]
#FINAL-10-23#