000
CXUS53 KDDC 061328
CLMGCK
CLIMATE REPORT
NATIONAL WEATHER SERVICE DODGE CITY, KANSAS
828 AM CDT THU JUL 06 2023
...................................
...THE GARDEN CITY REGIONAL ARPT KS CLIMATE SUMMARY FOR THE MONTH OF JUNE 2023...
CLIMATE NORMAL PERIOD 1991 TO 2020
CLIMATE RECORD PERIOD 1948 TO 2023
WEATHER OBSERVED NORMAL DEPART LAST YEAR`S
VALUE DATE(S) VALUE FROM VALUE DATE(S)
NORMAL
................................................................
TEMPERATURE (F)
RECORD
HIGH 110 06/08/1985
06/24/1953
LOW 38 06/10/2019
HIGHEST 96 06/28 MM MM 104 06/13
06/24
LOWEST 50 06/14 MM MM 44 06/02
AVG. MAXIMUM 81.6 87.9 -6.3 90.0
AVG. MINIMUM 58.6 59.7 -1.1 61.4
MEAN 70.1 73.8 -3.7 75.7
DAYS MAX >= 90 3 13.7 -10.7 16
DAYS MAX <= 32 0 0.0 0.0 0
DAYS MIN <= 32 0 0.0 0.0 0
DAYS MIN <= 0 0 0.0 0.0 0
PRECIPITATION (INCHES)
RECORD
MAXIMUM 10.88 2014
MINIMUM T 1952
TOTALS 4.66 3.51 1.15 0.61
DAYS >= .01 15 9.0 6.0 4
DAYS >= .10 11 5.5 5.5 1
DAYS >= .50 5 2.0 3.0 0
DAYS >= 1.00 0 1.0 -1.0 0
GREATEST
24 HR. TOTAL 0.98 06/02 TO 06/03 0.43 06/03 TO 06/03
DEGREE DAYS
HEATING TOTAL 12 12 0 17
SINCE 7/1 5246 5170 76 4841
COOLING TOTAL 175 275 -100 346
SINCE 1/1 264 372 -108 493
................................................................
WIND (MPH)
AVERAGE WIND SPEED 9.6
RESULTANT WIND SPEED/DIRECTION 4/130
HIGHEST WIND SPEED/DIRECTION 43/340 DATE 06/10
HIGHEST GUST SPEED/DIRECTION 58/350 DATE 06/10
SKY COVER
POSSIBLE SUNSHINE (PERCENT) MM
AVERAGE SKY COVER 0.29
NUMBER OF DAYS FAIR 18
NUMBER OF DAYS PC 11
NUMBER OF DAYS CLOUDY 1
AVERAGE RH (PERCENT) 73
WEATHER CONDITIONS. NUMBER OF DAYS WITH
THUNDERSTORM 15 MIXED PRECIP 0
HEAVY RAIN 8 RAIN 12
LIGHT RAIN 16 FREEZING RAIN 0
LT FREEZING RAIN 0 HAIL 0
HEAVY SNOW 0 SNOW 0
LIGHT SNOW 0 SLEET 0
FOG 16 FOG W/VIS <= 1/4 MILE 2
HAZE 4
- INDICATES NEGATIVE NUMBERS.
R INDICATES RECORD WAS SET OR TIED.
MM INDICATES DATA IS MISSING.
T INDICATES TRACE AMOUNT.
$$