000
CXUS51 KPHI 011401
CLMGED
CLIMATE REPORT
NATIONAL WEATHER SERVICE MOUNT HOLLY NJ
1001 AM EDT SAT APR 01 2023
...................................
...THE GEORGETOWN DE CLIMATE SUMMARY FOR THE MONTH OF MARCH 2023...
CLIMATE NORMAL PERIOD: 1991 TO 2020
CLIMATE RECORD PERIOD: 1948 TO 2023
WEATHER OBSERVED NORMAL DEPART LAST YEAR`S
VALUE DATE(S) VALUE FROM VALUE
NORMAL
..............................................................
TEMPERATURE (F)
RECORD
HIGH 87 03/15/1990
LOW 3 03/12/1960
03/07/1960
HIGHEST 77 MM MM 79
LOWEST 24 MM MM 23
AVG. MAXIMUM 58.7 55.2 3.5 59.6
AVG. MINIMUM 36.5 36.3 0.2 38.3
MEAN 47.6 45.8 1.8 48.9
DAYS MAX >= 90 0 0.0 0.0 0
DAYS MAX <= 32 0 0.0 0.0 0
DAYS MIN <= 32 8 12.5 -4.5 10
DAYS MIN <= 0 0 0.0 0.0 0
PRECIPITATION (INCHES)
RECORD
MAXIMUM 7.97 1984
MINIMUM 0.31 2006
TOTALS 1.48 3.86 -2.38 2.92
DAILY AVG. 0.05 0.12 -0.07 0.09
DAYS >= .01 9 11.3 -2.3 9
DAYS >= .10 3 6.5 -3.5 6
DAYS >= .50 1 2.0 -1.0 3
DAYS >= 1.00 0 0.6 -0.6 0
GREATEST
24 HR. TOTAL 0.83 03/03 TO 03/04 0.91
DEGREE DAYS
HEATING TOTAL 530 600 -70 498
SINCE 7/1 3105 3654 -549 MM
COOLING TOTAL 0 3 -3 6
SINCE 1/1 0 3 -3 MM
..............................................................
WIND (MPH)
AVERAGE WIND SPEED 7.5
HIGHEST WIND SPEED/DIRECTION 31/230 DATE 03/17
HIGHEST GUST SPEED/DIRECTION 48/290 DATE 03/04
SKY COVER
POSSIBLE SUNSHINE (PERCENT) MM
AVERAGE SKY COVER 0.30
NUMBER OF DAYS FAIR 19
NUMBER OF DAYS PC 8
NUMBER OF DAYS CLOUDY 4
AVERAGE RH (PERCENT) 60
WEATHER CONDITIONS. NUMBER OF DAYS WITH
THUNDERSTORM 2 MIXED PRECIP 0
HEAVY RAIN 1 RAIN 3
LIGHT RAIN 14 FREEZING RAIN 0
LT FREEZING RAIN 0 HEAVY SNOW 0
SNOW 0 LIGHT SNOW 1
SLEET 0 FOG 13
FOG W/VIS <= 1/4 MILE 3 HAZE 2
- INDICATES NEGATIVE NUMBERS.
R INDICATES RECORD WAS SET OR TIED.
MM INDICATES DATA IS MISSING.
T INDICATES TRACE AMOUNT.
$$