000
CXUS55 KALY 010810
CF6GFL
PRELIMINARY LOCAL CLIMATOLOGICAL DATA (WS FORM: F-6)
STATION: GLENS FALLS NY
MONTH: JANUARY
YEAR: 2023
LATITUDE: 43 20 N
LONGITUDE: 73 37 W
TEMPERATURE IN F: :PCPN: SNOW: WIND :SUNSHINE: SKY :PK WND
================================================================================
1 2 3 4 5 6A 6B 7 8 9 10 11 12 13 14 15 16 17 18
12Z AVG MX 2MIN
DY MAX MIN AVG DEP HDD CDD WTR SNW DPTH SPD SPD DIR MIN PSBL S-S WX SPD DR
================================================================================
1 49 28 39 17 26 0 0.00 M M 6.1 17 280 M M 5 12 23 280
2 47 24 36 14 29 0 T M M 3.9 13 250 M M 7 1 17 220
3 36 23 30 8 35 0 0.21 M M 2.1 8 360 M M 7 1 10 360
4 39 34 37 16 28 0 0.20 M M 4.2 10 350 M M 10 1 13 350
5 48 36 42 21 23 0 0.15 M M 3.9 10 10 M M 9 12 13 260
6 40 32 36 15 29 0 0.04 M M 1.8 10 70 M M 10 1 12 70
7 42 24 33 12 32 0 0.00 M M 6.9 14 50 M M 6 17 10
8 31 15 23 2 42 0 0.00 M M 3.0 13 330 M M 1 16 320
9 36 16 26 6 39 0 0.00 M M 3.8 13 300 M M 8 18 280
10 35 17 26 6 39 0 0.00 M M 7.8 18 360 M M 5 23 360
11 28 13 21 1 44 0 0.00 M M 2.3 10 60 M M 5 11 50
12 35 26 31 11 34 0 0.81 M M 1.3 9 340 M M 10 1 12 340
13 37 28 33 13 32 0 0.81 M M 7.9 15 20 M M 10 1 18 50
14 28 24 26 6 39 0 0.00 M M 13.3 24 20 M M 10 30 20
15 28 19 24 5 41 0 0.00 M M 11.2 22 10 M M 4 26 360
16 30 19 25 6 40 0 0.00 M M 5.3 15 70 M M 6 17 70
17 32 15 24 5 41 0 0.02 M M 2.0 7 170 M M 5 6 9 170
18 48 29 39 20 26 0 0.01 M M 3.8 13 290 M M 10 19 310
19 37 26 32 13 33 0 0.28 M M 3.6 12 10 M M 5 16 16 360
20 34 30 32 13 33 0 0.26 M M 2.3 10 340 M M 10 1 14 310
21 31 27 29 10 36 0 T M M 2.8 12 70 M M 10 1 14 60
22 31 27 29 10 36 0 0.12 M M 2.2 12 160 M M 10 1 14 160
23 33 29 31 12 34 0 0.38 M M 7.2 14 340 M M 10 1 18 290
24 34 27 31 12 34 0 T M M 7.8 14 220 M M 10 1 18 240
25 32 25 29 10 36 0 0.55 M M 4.9 14 340 M M 9 126 19 340
26 38 24 31 12 34 0 0.09 M M 9.1 24 240 M M 10 16 37 230
27 35 19 27 8 38 0 0.00 M M 4.6 12 210 M M 9 16 200
28 42 18 30 11 35 0 0.00 M M 5.1 21 240 M M 5 29 230
29 40 17 29 10 36 0 T M M 2.3 9 200 M M 8 1 12 220
30 40 22 31 12 34 0 0.04 M M 4.4 16 70 M M 10 18 19 60
31 26 12 19 0 46 0 T M M 4.7 16 20 M M 9 1 19 350
================================================================================
SM 1122 725 1084 0 3.97 M 151.6 M 243
================================================================================
AV 36.2 23.4 4.9 FASTST M M 8 MAX(MPH)
MISC ----> # 24 20 37 230
================================================================================
NOTES:
# LAST OF SEVERAL OCCURRENCES
COLUMN 17 PEAK WIND IN M.P.H.
PRELIMINARY LOCAL CLIMATOLOGICAL DATA (WS FORM: F-6) , PAGE 2
STATION: GLENS FALLS NY
MONTH: JANUARY
YEAR: 2023
LATITUDE: 43 20 N
LONGITUDE: 73 37 W
[TEMPERATURE DATA] [PRECIPITATION DATA] SYMBOLS USED IN COLUMN 16
AVERAGE MONTHLY: 29.8 TOTAL FOR MONTH: 3.97 1 = FOG OR MIST
DPTR FM NORMAL: 10.1 DPTR FM NORMAL: 1.41 2 = FOG REDUCING VISIBILITY
HIGHEST: 49 ON 1 GRTST 24HR 0.96 ON 12-13 TO 1/4 MILE OR LESS
LOWEST: 12 ON 31 3 = THUNDER
SNOW, ICE PELLETS, HAIL 4 = ICE PELLETS
TOTAL MONTH: M 5 = HAIL
GRTST 24HR M ON M 6 = FREEZING RAIN OR DRIZZLE
GRTST DEPTH: M ON M 7 = DUSTSTORM OR SANDSTORM:
VSBY 1/2 MILE OR LESS
8 = SMOKE OR HAZE
[NO. OF DAYS WITH] [WEATHER - DAYS WITH] 9 = BLOWING SNOW
X = TORNADO
MAX 32 OR BELOW: 10 0.01 INCH OR MORE: 15
MAX 90 OR ABOVE: 0 0.10 INCH OR MORE: 10
MIN 32 OR BELOW: 29 0.50 INCH OR MORE: 3
MIN 0 OR BELOW: 0 1.00 INCH OR MORE: 0
[HDD (BASE 65) ]
TOTAL THIS MO. 1084 CLEAR (SCALE 0-3) 1
DPTR FM NORMAL -320 PTCLDY (SCALE 4-7) 13
TOTAL FM JUL 1 3659 CLOUDY (SCALE 8-10) 17
DPTR FM NORMAL -536
[CDD (BASE 65) ]
TOTAL THIS MO. 0
DPTR FM NORMAL 0 [PRESSURE DATA]
TOTAL FM JAN 1 0 HIGHEST SLP 30.39 ON 8
DPTR FM NORMAL 0 LOWEST SLP 29.38 ON 26
[REMARKS]
#FINAL-01-23#