000
CXUS51 KALY 011551
CLAGFL
CLIMATE REPORT
NATIONAL WEATHER SERVICE ALBANY NY
1051 AM EST FRI JAN 01 2021
...................................
...THE GLENS FALLS NY CLIMATE SUMMARY FOR THE YEAR OF 2020...
CLIMATE NORMAL PERIOD: 1981 TO 2010
CLIMATE RECORD PERIOD: 1893 TO 2020
WEATHER OBSERVED NORMAL DEPART LAST YEAR`S
VALUE DATE(S) VALUE FROM VALUE DATE(S)
NORMAL
................................................................
TEMPERATURE (F)
RECORD
HIGH 101 08/07/1918
07/04/1911
07/03/1911
LOW -36 01/05/1904
HIGHEST 93 07/19 92 07/21
07/27
LOWEST -13 02/15 -20 01/22
AVG. MAXIMUM 58.3 56.3 2.0 56.2
AVG. MINIMUM 35.9 33.5 2.4 34.4
MEAN 47.1 44.9 2.2 45.3
DAYS MAX >= 90 5 5.0 0.0 5
DAYS MAX <= 32 31 50.0 -19.0 53
DAYS MIN <= 32 170 165.9 4.1 164
DAYS MIN <= 0 12 21.4 -9.4 20
PRECIPITATION (INCHES)
RECORD
MAXIMUM 54.40 1983
MINIMUM 21.76 1964
TOTALS 34.75 39.06 -4.31 44.04
DAILY AVG. 0.09 0.12
DAYS >= .01 113 132.3 -19.3 143
DAYS >= .10 63 79.0 -16.0 84
DAYS >= .50 21 26.6 -5.6 33
DAYS >= 1.00 5 8.0 -3.0 8
GREATEST
24 HR. TOTAL 2.81 08/04 TO 08/04
DEGREE DAYS
HEATING TOTAL 7003 7678 -675 7465
SINCE 7/1 2655 2937 -282 2881
COOLING TOTAL 567 353 214 416
SINCE 1/1 567 352 215 416
................................................................
WIND (MPH)
AVERAGE WIND SPEED 5.3
HIGHEST WIND SPEED/DIRECTION 30/340 DATE 01/12
HIGHEST GUST SPEED/DIRECTION 44/350 DATE 06/06
WEATHER CONDITIONS. NUMBER OF DAYS WITH
THUNDERSTORM 22 MIXED PRECIP 0
HEAVY RAIN 27 RAIN 42
LIGHT RAIN 131 FREEZING RAIN 1
LT FREEZING RAIN 4 HAIL 0
HEAVY SNOW 4 SNOW 10
LIGHT SNOW 41 SLEET 0
FOG 199 FOG W/VIS <= 1/4 MILE 45
HAZE 22
- INDICATES NEGATIVE NUMBERS.
R INDICATES RECORD WAS SET OR TIED.
MM INDICATES DATA IS MISSING.
T INDICATES TRACE AMOUNT.
$$