000
CXUS54 KSHV 030333
CF6GGG
PRELIMINARY LOCAL CLIMATOLOGICAL DATA (WS FORM: F-6)
STATION: LONGVIEW
MONTH: MAY
YEAR: 2021
LATITUDE: 32 22 N
LONGITUDE: 94 43 W
TEMPERATURE IN F: :PCPN: SNOW: WIND :SUNSHINE: SKY :PK WND
================================================================================
1 2 3 4 5 6A 6B 7 8 9 10 11 12 13 14 15 16 17 18
12Z AVG MX 2MIN
DY MAX MIN AVG DEP HDD CDD WTR SNW DPTH SPD SPD DIR MIN PSBL S-S WX SPD DR
================================================================================
1 69 63 66 -3 0 1 0.59 0.0 0 6.6 14 150 M M 8 1 18 160
2 81 64 73 3 0 8 0.73 0.0 0 7.7 17 250 M M 6 13 23 240
3 88 69 79 9 0 14 0.00 0.0 0 13.6 23 180 M M 8 1 32 170
4 79 59 69 -1 0 4 0.11 0.0 0 10.2 24 330 M M 2 31 340
5 77 53 65 -5 0 0 0.00 0.0 0 5.3 13 350 M M 0 17 340
6 82 53 68 -3 0 3 0.00 0.0 0 3.3 14 330 M M 0 17 320
7 82 55 69 -2 0 4 0.00 0.0 0 6.5 14 160 M M 0 17 80
8 86 55 71 0 0 6 T 0.0 0 13.1 26 190 M M 4 35 180
9 85 69 77 5 0 12 T 0.0 0 10.3 23 190 M M 7 3 31 190
10 69 57 63 -9 2 0 0.20 0.0 0 7.5 20 70 M M 10 138 29 70
11 72 58 65 -7 0 0 2.45 0.0 0 9.6 24 320 M M 10 138 34 320
12 62 57 60 -12 5 0 T 0.0 0 6.5 12 30 M M 10 18 16 30
13 75 56 66 -7 0 1 0.00 0.0 0 5.5 14 80 M M 3 17 30
14 77 51 64 -9 1 0 0.00 0.0 0 4.7 12 90 M M 0 16 140
15 82 56 69 -4 0 4 0.00 0.0 0 6.8 17 170 M M 4 23 180
16 82 63 73 -1 0 8 0.07 0.0 0 8.4 18 150 M M 6 24 150
17 75 65 70 -4 0 5 0.90 0.0 0 8.5 18 160 M M 8 13 26 180
18 84 64 74 0 0 9 0.13 0.0 0 9.7 23 170 M M 6 3 30 180
19 80 65 73 -1 0 8 0.42 0.0 0 6.4 25 80 M M 6 3 32 80
20 74 67 71 -4 0 6 1.60 0.0 0 7.9 18 220 M M 9 1 23 220
21 77 69 73 -2 0 8 0.30 0.0 0 7.8 22 130 M M 10 18 28 110
22 75 67 71 -4 0 6 0.01 0.0 0 5.7 13 90 M M 9 18 17 120
23 83 66 75 -1 0 10 0.00 0.0 0 5.6 14 150 M M 2 1 18 150
24 81 69 75 -1 0 10 0.02 0.0 0 5.8 16 170 M M 4 20 180
25 84 67 76 0 0 11 0.13 0.0 0 9.5 31 240 M M 8 138 41 250
26 86 65 76 0 0 11 0.00 0.0 0 7.4 16 200 M M 7 18 22 210
27 88 71 80 3 0 15 0.00 0.0 0 9.2 18 190 M M 4 25 180
28 81 64 73 -4 0 8 0.80 0.0 0 5.5 35 320 M M 5 13 50 320
29 82 66 74 -3 0 9 0.00 0.0 0 5.9 15 80 M M 3 20 80
30 77 57 67 -10 0 2 0.00 0.0 0 8.0 16 80 M M 4 24 90
31 84 61 73 -5 0 8 0.10 0.0 0 5.5 13 120 M M 3 18 130
================================================================================
SM 2459 1921 8 191 8.56 0.0 234.0 M 166
================================================================================
AV 79.3 62.0 7.5 FASTST M M 5 MAX(MPH)
MISC ----> 35 320 50 320
================================================================================
NOTES:
# LAST OF SEVERAL OCCURRENCES
COLUMN 17 PEAK WIND IN M.P.H.
PRELIMINARY LOCAL CLIMATOLOGICAL DATA (WS FORM: F-6) , PAGE 2
STATION: LONGVIEW
MONTH: MAY
YEAR: 2021
LATITUDE: 32 22 N
LONGITUDE: 94 43 W
[TEMPERATURE DATA] [PRECIPITATION DATA] SYMBOLS USED IN COLUMN 16
AVERAGE MONTHLY: 70.6 TOTAL FOR MONTH: 8.56 1 = FOG OR MIST
DPTR FM NORMAL: -3.0 DPTR FM NORMAL: 3.79 2 = FOG REDUCING VISIBILITY
HIGHEST: 88 ON 27, 3 GRTST 24HR 2.64 ON 10-11 TO 1/4 MILE OR LESS
LOWEST: 51 ON 14 3 = THUNDER
SNOW, ICE PELLETS, HAIL 4 = ICE PELLETS
TOTAL MONTH: 0.0 INCH 5 = HAIL
GRTST 24HR 0.0 6 = FREEZING RAIN OR DRIZZLE
GRTST DEPTH: 0 7 = DUSTSTORM OR SANDSTORM:
VSBY 1/2 MILE OR LESS
8 = SMOKE OR HAZE
[NO. OF DAYS WITH] [WEATHER - DAYS WITH] 9 = BLOWING SNOW
X = TORNADO
MAX 32 OR BELOW: 0 0.01 INCH OR MORE: 16
MAX 90 OR ABOVE: 0 0.10 INCH OR MORE: 13
MIN 32 OR BELOW: 0 0.50 INCH OR MORE: 6
MIN 0 OR BELOW: 0 1.00 INCH OR MORE: 2
[HDD (BASE 65) ]
TOTAL THIS MO. 8 CLEAR (SCALE 0-3) 7
DPTR FM NORMAL -2 PTCLDY (SCALE 4-7) 17
TOTAL FM JUL 1 2277 CLOUDY (SCALE 8-10) 7
DPTR FM NORMAL 144
[CDD (BASE 65) ]
TOTAL THIS MO. 191
DPTR FM NORMAL -84 [PRESSURE DATA]
TOTAL FM JAN 1 291 HIGHEST SLP 30.31 ON 13
DPTR FM NORMAL -134 LOWEST SLP 29.52 ON 3
[REMARKS]
#FINAL-05-21#