000
CXUS54 KFWD 041950
CF6GKY
PRELIMINARY LOCAL CLIMATOLOGICAL DATA (WS FORM: F-6)
STATION: ARLINGTON
MONTH: MARCH
YEAR: 2023
LATITUDE: 32 39 N
LONGITUDE: 97 6 W
TEMPERATURE IN F: :PCPN: SNOW: WIND :SUNSHINE: SKY :PK WND
================================================================================
1 2 3 4 5 6A 6B 7 8 9 10 11 12 13 14 15 16 17 18
12Z AVG MX 2MIN
DY MAX MIN AVG DEP HDD CDD WTR SNW DPTH SPD SPD DIR MIN PSBL S-S WX SPD DR
================================================================================
1 71 57 64 10 1 0 0.81 M M 5.2 16 180 M M 4 13 25 190
2 82 54 68 13 0 3 0.95 M M 10.6 39 310 M M 4 13 58 310
3 66 44 55 0 10 0 0.34 M M 8.3 21 280 M M 2 13 36 260
4 77 40 59 4 6 0 0.00 M M 7.0 17 150 M M 0 24 140
5 78 51 65 9 0 0 0.00 M M 12.2 23 140 M M 0 34 160
6 81 57 69 13 0 4 0.00 M M 7.9 17 160 M M 0 24 160
7 74 54 64 8 1 0 0.00 M M 5.0 15 130 M M 6 128 18 120
8 69 53 61 5 4 0 0.12 M M 9.2 16 310 M M 10 1 21 330
9 72 56 64 7 1 0 0.48 M M 7.5 22 350 M M 10 1238 31 360
10 67 48 58 1 7 0 0.00 M M 9.2 20 360 M M 3 25 360
11 88 57 73 16 0 8 0.00 M M 11.0 22 350 M M 5 1 29 180
12 70 52 61 3 4 0 0.00 M M 17.0 25 350 M M 2 33 350
13 61 47 54 -4 11 0 0.00 M M 10.6 18 20 M M 1 24 360
14 62 43 53 -5 12 0 T M M 6.5 14 70 M M 4 19 80
15 69 41 55 -4 10 0 0.00 M M 13.2 24 160 M M 4 42 160
16 76 44 60 1 5 0 0.46 M M 18.1 35 340 M M 8 138 45 320
17 55 41 48 -11 17 0 T M M 15.9 29 340 M M 2 40 330
18 56 34 45 -15 20 0 0.00 M M 7.8 21 350 M M 0 28 10
19 55 32 44 -16 21 0 0.00 M M 6.4 13 40 M M 0 17 40
20 56 37 47 -13 18 0 0.00 M M 13.5 26 150 M M 6 37 140
21 69 51 60 0 5 0 0.01 M M 11.0 22 150 M M 10 1 34 140
22 83 68 76 15 0 11 0.00 M M 13.8 23 160 M M 6 34 140
23 83 69 76 15 0 11 0.00 M M 13.3 24 150 M M 8 36 150
24 76 62 69 8 0 4 0.11 M M 8.1 21 280 M M 7 13 33 290
25 77 46 62 1 3 0 0.00 M M 5.8 17 280 M M 0 29 270
26 80 43 62 0 3 0 0.00 M M 6.9 23 360 M M 0 29 360
27 70 50 60 -2 5 0 0.30 M M 7.5 18 360 M M 4 13 23 360
28 64 45 55 -7 10 0 0.00 M M 12.0 22 340 M M 0 29 360
29 65 46 56 -6 9 0 0.03 M M 5.8 15 140 M M 8 21 140
30 73 60 67 4 0 2 T M M 14.2 25 150 M M 10 39 160
31 86 65 76 13 0 11 0.01 M M 13.0 28 160 M M 5 13 46 180
================================================================================
SM 2211 1547 183 54 3.62 M 313.5 M 129
================================================================================
AV 71.3 49.9 10.1 FASTST M M 4 MAX(MPH)
MISC ----> 39 310 58 310
================================================================================
NOTES:
# LAST OF SEVERAL OCCURRENCES
COLUMN 17 PEAK WIND IN M.P.H.
PRELIMINARY LOCAL CLIMATOLOGICAL DATA (WS FORM: F-6) , PAGE 2
STATION: ARLINGTON
MONTH: MARCH
YEAR: 2023
LATITUDE: 32 39 N
LONGITUDE: 97 6 W
[TEMPERATURE DATA] [PRECIPITATION DATA] SYMBOLS USED IN COLUMN 16
AVERAGE MONTHLY: 60.6 TOTAL FOR MONTH: 3.62 1 = FOG OR MIST
DPTR FM NORMAL: 1.8 DPTR FM NORMAL: 0.25 2 = FOG REDUCING VISIBILITY
HIGHEST: 88 ON 11 GRTST 24HR 0.95 ON 2- 2 TO 1/4 MILE OR LESS
LOWEST: 32 ON 19 3 = THUNDER
SNOW, ICE PELLETS, HAIL 4 = ICE PELLETS
TOTAL MONTH: M 5 = HAIL
GRTST 24HR M ON M 6 = FREEZING RAIN OR DRIZZLE
GRTST DEPTH: M ON M 7 = DUSTSTORM OR SANDSTORM:
VSBY 1/2 MILE OR LESS
8 = SMOKE OR HAZE
[NO. OF DAYS WITH] [WEATHER - DAYS WITH] 9 = BLOWING SNOW
X = TORNADO
MAX 32 OR BELOW: 0 0.01 INCH OR MORE: 11
MAX 90 OR ABOVE: 0 0.10 INCH OR MORE: 8
MIN 32 OR BELOW: 1 0.50 INCH OR MORE: 2
MIN 0 OR BELOW: 0 1.00 INCH OR MORE: 0
[HDD (BASE 65) ]
TOTAL THIS MO. 183 CLEAR (SCALE 0-3) 13
DPTR FM NORMAL -50 PTCLDY (SCALE 4-7) 14
TOTAL FM JUL 1 1844 CLOUDY (SCALE 8-10) 4
DPTR FM NORMAL -193
[CDD (BASE 65) ]
TOTAL THIS MO. 54
DPTR FM NORMAL 13 [PRESSURE DATA]
TOTAL FM JAN 1 81 HIGHEST SLP 30.59 ON 19
DPTR FM NORMAL 27 LOWEST SLP 29.25 ON 2
[REMARKS]
#FINAL-03-23#