000
CXUS54 KJAN 011410
CF6GLH
PRELIMINARY LOCAL CLIMATOLOGICAL DATA (WS FORM: F-6)
STATION: GREENVILLE
MONTH: SEPTEMBER
YEAR: 2022
LATITUDE: 33 29 N
LONGITUDE: 90 59 W
TEMPERATURE IN F: :PCPN: SNOW: WIND :SUNSHINE: SKY :PK WND
================================================================================
1 2 3 4 5 6A 6B 7 8 9 10 11 12 13 14 15 16 17 18
12Z AVG MX 2MIN
DY MAX MIN AVG DEP HDD CDD WTR SNW DPTH SPD SPD DIR MIN PSBL S-S WX SPD DR
================================================================================
1 94 67 81 1 0 16 0.00 0.0 0 3.4 10 20 M M 0 16 360
2 92 66 79 0 0 14 0.00 0.0 0 1.6 9 320 M M 0 12 310
3 92 72 82 3 0 17 0.05 0.0 0 4.0 15 170 M M 3 138 20 170
4 87 73 80 1 0 15 0.00 0.0 0 2.0 8 220 M M 4 1 11 210
5 93 69 81 2 0 16 0.00 0.0 0 2.3 14 300 M M 5 123 23 270
6 93 68 81 2 0 16 0.02 0.0 0 3.2 14 180 M M 2 138 21 70
7 93 68 81 3 0 16 0.00 0.0 0 5.3 18 340 M M 2 1 26 340
8 90 65 78 0 0 13 0.00 0.0 0 7.5 17 30 M M 1 26 30
9 92 61 77 -1 0 12 0.01 0.0 0 4.8 17 60 M M 2 3 25 60
10 86 71 79 1 0 14 0.00 0.0 0 3.4 12 350 M M 7 18 15 340
11 90 69 80 2 0 15 0.00 0.0 0 7.1 16 360 M M 6 12 23 10
12 85 53 69 -8 0 4 0.00 0.0 0 5.5 15 340 M M 1 8 21 340
13 90 50 70 -7 0 5 0.00 0.0 0 1.4 9 360 M M 0 18 14 300
14 92 54 73 -4 0 8 0.00 0.0 0 2.2 10 120 M M 0 1 17 30
15 93 57 75 -1 0 10 0.00 0.0 0 2.6 12 90 M M 1 16 100
16 92 62 77 1 0 12 0.00 0.0 0 3.2 10 130 M M 4 15 140
17 94 60 77 1 0 12 0.00 0.0 0 5.5 13 130 M M 1 128 18 130
18 97 63 80 4 0 15 0.00 0.0 0 3.3 12 240 M M 1 8 15 240
19 98 66 82 7 0 17 0.00 0.0 0 3.2 12 300 M M 2 8 17 290
20 99 68 84 9 0 19 0.00 0.0 0 2.3 12 310 M M 0 16 310
21 101 69 85 10 0 20 0.00 0.0 0 3.1 12 290 M M 0 16 260
22 96 68 82 8 0 17 0.00 0.0 0 9.3 22 350 M M 0 29 350
23 92 63 78 4 0 13 0.00 0.0 0 5.9 13 80 M M 1 8 18 60
24 98 60 79 5 0 14 0.00 0.0 0 6.6 16 200 M M 1 3 22 190
25 96 69 83 10 0 18 0.00 0.0 0 7.5 16 330 M M 3 22 330
26 89 52 71 -2 0 6 0.00 0.0 0 7.4 20 340 M M 0 8 29 350
27 86 49 68 -5 0 3 0.00 0.0 0 6.3 18 40 M M 0 8 24 20
28 84 50 67 -5 0 2 0.00 0.0 0 9.6 21 40 M M 0 8 30 30
29 80 51 66 -6 0 1 0.00 0.0 0 11.5 21 40 M M 0 28 10
30 85 51 68 -4 0 3 0.00 0.0 M 8.9 18 20 M M 0 24 30
================================================================================
SM 2749 1864 0 363 0.08 0.0 149.9 M 47
================================================================================
AV 91.6 62.1 5.0 FASTST M M 2 MAX(MPH)
MISC ----> 22 350 30 30
================================================================================
NOTES:
# LAST OF SEVERAL OCCURRENCES
COLUMN 17 PEAK WIND IN M.P.H.
PRELIMINARY LOCAL CLIMATOLOGICAL DATA (WS FORM: F-6) , PAGE 2
STATION: GREENVILLE
MONTH: SEPTEMBER
YEAR: 2022
LATITUDE: 33 29 N
LONGITUDE: 90 59 W
[TEMPERATURE DATA] [PRECIPITATION DATA] SYMBOLS USED IN COLUMN 16
AVERAGE MONTHLY: 76.9 TOTAL FOR MONTH: 0.08 1 = FOG OR MIST
DPTR FM NORMAL: 0.9 DPTR FM NORMAL: -3.54 2 = FOG REDUCING VISIBILITY
HIGHEST: 101 ON 21 GRTST 24HR 0.05 ON 3- 3 TO 1/4 MILE OR LESS
LOWEST: 49 ON 27 3 = THUNDER
SNOW, ICE PELLETS, HAIL 4 = ICE PELLETS
TOTAL MONTH: 0.0 INCH 5 = HAIL
GRTST 24HR 0.0 6 = FREEZING RAIN OR DRIZZLE
GRTST DEPTH: 0 7 = DUSTSTORM OR SANDSTORM:
VSBY 1/2 MILE OR LESS
8 = SMOKE OR HAZE
[NO. OF DAYS WITH] [WEATHER - DAYS WITH] 9 = BLOWING SNOW
X = TORNADO
MAX 32 OR BELOW: 0 0.01 INCH OR MORE: 3
MAX 90 OR ABOVE: 22 0.10 INCH OR MORE: 0
MIN 32 OR BELOW: 0 0.50 INCH OR MORE: 0
MIN 0 OR BELOW: 0 1.00 INCH OR MORE: 0
[HDD (BASE 65) ]
TOTAL THIS MO. 0 CLEAR (SCALE 0-3) 24
DPTR FM NORMAL -4 PTCLDY (SCALE 4-7) 6
TOTAL FM JUL 1 0 CLOUDY (SCALE 8-10) 0
DPTR FM NORMAL -2
[CDD (BASE 65) ]
TOTAL THIS MO. 363
DPTR FM NORMAL 29 [PRESSURE DATA]
TOTAL FM JAN 1 2518 HIGHEST SLP 30.31 ON 29
DPTR FM NORMAL 347 LOWEST SLP 29.75 ON 9
[REMARKS]
#FINAL-09-22#