000
CXUS54 KJAN 020354
CF6GLH
PRELIMINARY LOCAL CLIMATOLOGICAL DATA (WS FORM: F-6)
STATION: GREENVILLE
MONTH: JUNE
YEAR: 2022
LATITUDE: 33 29 N
LONGITUDE: 90 59 W
TEMPERATURE IN F: :PCPN: SNOW: WIND :SUNSHINE: SKY :PK WND
================================================================================
1 2 3 4 5 6A 6B 7 8 9 10 11 12 13 14 15 16 17 18
12Z AVG MX 2MIN
DY MAX MIN AVG DEP HDD CDD WTR SNW DPTH SPD SPD DIR MIN PSBL S-S WX SPD DR
================================================================================
1 94 71 83 6 0 18 0.00 0.0 0 5.1 20 10 M M 1 26 10
2 76 70 73 -4 0 8 0.40 0.0 0 5.4 16 270 M M 5 138 22 260
3 87 68 78 1 0 13 T 0.0 0 7.7 14 350 M M 4 1 21 350
4 89 62 76 -1 0 11 0.00 0.0 0 3.5 10 50 M M 0 16 340
5 91 62 77 -1 0 12 0.00 0.0 0 2.6 8 120 M M 0 1 13 200
6 93 70 82 4 0 17 0.00 0.0 0 10.7 22 190 M M 1 29 180
7 93 75 84 6 0 19 0.00 0.0 0 8.8 16 230 M M 2 22 240
8 91 69 80 2 0 15 0.53 0.0 0 7.0 32 290 M M 3 13 50 270
9 87 65 76 -2 0 11 0.00 0.0 0 3.2 10 320 M M 3 12 12 310
10 78 66 72 -6 0 7 0.59 0.0 0 5.3 25 280 M M 3 123 35 280
11 87 64 76 -3 0 11 0.00 0.0 0 4.1 10 220 M M 4 12 14 220
12 97 74 86 7 0 21 0.00 0.0 0 8.1 17 180 M M 1 1 22 210
13 95 78 87 8 0 22 0.00 0.0 0 8.5 16 170 M M 1 23 180
14 95 77 86 7 0 21 0.00 0.0 0 8.5 16 230 M M 0 8 26 200
15 95 75 85 6 0 20 0.00 0.0 0 4.7 12 160 M M 0 8 15 150
16 98 72 85 5 0 20 0.00 0.0 0 2.6 17 160 M M 1 8 25 160
17 99 73 86 6 0 21 0.00 0.0 0 2.7 17 140 M M 0 38 21 140
18 97 74 86 6 0 21 0.00 0.0 0 3.2 7 30 M M 0 13 10 60
19 92 65 79 -1 0 14 0.00 0.0 0 7.1 13 10 M M 0 17 20
20 95 64 80 0 0 15 0.00 0.0 0 4.4 10 120 M M 0 15 110
21 96 74 85 5 0 20 0.00 0.0 0 3.5 9 180 M M 0 13 180
22 99 74 87 7 0 22 0.00 0.0 0 2.8 9 280 M M 0 18 14 320
23 99 74 87 6 0 22 0.00 0.0 0 4.2 12 350 M M 0 18 14 320
24 98 73 86 5 0 21 0.00 0.0 0 2.4 9 350 M M 0 18 13 360
25 99 70 85 4 0 20 0.00 0.0 0 2.4 7 70 M M 0 10 20
26 99 73 86 5 0 21 1.80 0.0 0 4.9 40 340 M M 1 138 53 340
27 86 68 77 -4 0 12 0.00 0.0 0 10.1 17 360 M M 1 1 24 40
28 89 66 78 -3 0 13 0.00 0.0 0 8.3 14 10 M M 2 17 360
29 92 67 80 -1 0 15 0.00 0.0 0 7.3 12 360 M M 1 17 360
30 92 72 82 0 0 17 0.84 0.0 0 5.6 28 130 M M 3 13 39 130
================================================================================
SM 2778 2105 0 500 4.16 0.0 164.7 M 37
================================================================================
AV 92.6 70.2 5.5 FASTST M M 1 MAX(MPH)
MISC ----> 40 340 53 340
================================================================================
NOTES:
# LAST OF SEVERAL OCCURRENCES
COLUMN 17 PEAK WIND IN M.P.H.
PRELIMINARY LOCAL CLIMATOLOGICAL DATA (WS FORM: F-6) , PAGE 2
STATION: GREENVILLE
MONTH: JUNE
YEAR: 2022
LATITUDE: 33 29 N
LONGITUDE: 90 59 W
[TEMPERATURE DATA] [PRECIPITATION DATA] SYMBOLS USED IN COLUMN 16
AVERAGE MONTHLY: 81.4 TOTAL FOR MONTH: 4.16 1 = FOG OR MIST
DPTR FM NORMAL: 2.0 DPTR FM NORMAL: 0.84 2 = FOG REDUCING VISIBILITY
HIGHEST: 99 ON 23,22 GRTST 24HR 1.80 ON 26-26 TO 1/4 MILE OR LESS
LOWEST: 62 ON 5, 4 3 = THUNDER
SNOW, ICE PELLETS, HAIL 4 = ICE PELLETS
TOTAL MONTH: 0.0 INCH 5 = HAIL
GRTST 24HR 0.0 6 = FREEZING RAIN OR DRIZZLE
GRTST DEPTH: 0 7 = DUSTSTORM OR SANDSTORM:
VSBY 1/2 MILE OR LESS
8 = SMOKE OR HAZE
[NO. OF DAYS WITH] [WEATHER - DAYS WITH] 9 = BLOWING SNOW
X = TORNADO
MAX 32 OR BELOW: 0 0.01 INCH OR MORE: 5
MAX 90 OR ABOVE: 22 0.10 INCH OR MORE: 5
MIN 32 OR BELOW: 0 0.50 INCH OR MORE: 4
MIN 0 OR BELOW: 0 1.00 INCH OR MORE: 1
[HDD (BASE 65) ]
TOTAL THIS MO. 0 CLEAR (SCALE 0-3) 26
DPTR FM NORMAL 0 PTCLDY (SCALE 4-7) 4
TOTAL FM JUL 1 2161 CLOUDY (SCALE 8-10) 0
DPTR FM NORMAL -458
[CDD (BASE 65) ]
TOTAL THIS MO. 500
DPTR FM NORMAL 70 [PRESSURE DATA]
TOTAL FM JAN 1 1005 HIGHEST SLP 30.20 ON 21
DPTR FM NORMAL 223 LOWEST SLP 29.74 ON 5
[REMARKS]
#FINAL-06-22#