000
CXUS54 KJAN 221410
CF6GLH
PRELIMINARY LOCAL CLIMATOLOGICAL DATA (WS FORM: F-6)
STATION: GREENVILLE
MONTH: APRIL
YEAR: 2024
LATITUDE: 33 29 N
LONGITUDE: 90 59 W
TEMPERATURE IN F: :PCPN: SNOW: WIND :SUNSHINE: SKY :PK WND
================================================================================
1 2 3 4 5 6A 6B 7 8 9 10 11 12 13 14 15 16 17 18
12Z AVG MX 2MIN
DY MAX MIN AVG DEP HDD CDD WTR SNW DPTH SPD SPD DIR MIN PSBL S-S WX SPD DR
================================================================================
1 M M M M M M M M M M M M M M M M M
2 83 57 70 10 0 5 0.12 0.0 0 17.4 28 310 M M 5 3 39 310
3 69 49 59 -1 6 0 0.00 0.0 0 12.4 29 320 M M 2 36 330
4 74 42 58 -3 7 0 0.00 0.0 0 8.8 25 310 M M 0 32 310
5 73 44 59 -2 6 0 0.00 0.0 0 5.9 12 60 M M 0 18 10
6 76 54 65 4 0 0 0.00 0.0 0 10.4 17 130 M M 0 22 110
7 84 63 74 12 0 9 0.00 0.0 M 15.7 25 190 M M 5 34 190
8 79 66 73 11 0 8 1.72 0.0 0 12.3 25 180 M M 8 13 34 180
9 69 62 66 4 0 1 2.48 0.0 M 11.9 36 90 M M 9 13 49 100
10 75 64 70 8 0 5 1.20 0.0 0 11.4 32 130 M M 8 13 41 130
11 76 56 66 3 0 1 0.09 0.0 0 16.6 33 320 M M 5 1 46 320
12 77 50 64 1 1 0 0.00 0.0 0 6.8 18 320 M M 0 24 300
13 83 55 69 6 0 4 0.00 0.0 0 8.9 16 220 M M 0 24 220
14 83 60 72 8 0 7 0.00 0.0 0 13.1 25 190 M M 0 34 240
15 81 62 72 8 0 7 0.00 0.0 0 9.2 16 170 M M 3 24 210
16 85 69 77 13 0 12 T 0.0 M 15.7 26 200 M M 2 36 190
17 82 72 77 13 0 12 0.07 0.0 M 8.9 16 200 M M 6 1 22 190
18 78 69 74 9 0 9 0.90 0.0 M 8.7 20 140 M M 6 13 26 140
19 73 62 68 3 0 3 T 0.0 0 9.4 16 30 M M 9 1 23 10
20 63 53 58 -7 7 0 0.57 0.0 0 11.0 23 30 M M 10 3 32 20
21 66 50 58 -8 7 0 T 0.0 0 10.0 22 20 M M 3 31 10
================================================================================
SM 1529 1159 34 83 7.15 0.0 224.5 M 81
================================================================================
AV 76.5 58.0 11.2 FASTST M M 4 MAX(MPH)
MISC ----> 36 90 49 100
================================================================================
NOTES:
# LAST OF SEVERAL OCCURRENCES
COLUMN 17 PEAK WIND IN M.P.H.
PRELIMINARY LOCAL CLIMATOLOGICAL DATA (WS FORM: F-6) , PAGE 2
STATION: GREENVILLE
MONTH: APRIL
YEAR: 2024
LATITUDE: 33 29 N
LONGITUDE: 90 59 W
[TEMPERATURE DATA] [PRECIPITATION DATA] SYMBOLS USED IN COLUMN 16
AVERAGE MONTHLY: 67.2 TOTAL FOR MONTH: 7.15 1 = FOG OR MIST
DPTR FM NORMAL: 4.5 DPTR FM NORMAL: 3.48 2 = FOG REDUCING VISIBILITY
HIGHEST: 85 ON 16 GRTST 24HR 2.97 ON 8- 9 TO 1/4 MILE OR LESS
LOWEST: 42 ON 4 3 = THUNDER
SNOW, ICE PELLETS, HAIL 4 = ICE PELLETS
TOTAL MONTH: 0.0 INCH 5 = HAIL
GRTST 24HR 0.0 6 = FREEZING RAIN OR DRIZZLE
GRTST DEPTH: 0 7 = DUSTSTORM OR SANDSTORM:
VSBY 1/2 MILE OR LESS
8 = SMOKE OR HAZE
[NO. OF DAYS WITH] [WEATHER - DAYS WITH] 9 = BLOWING SNOW
X = TORNADO
MAX 32 OR BELOW: 0 0.01 INCH OR MORE: 8
MAX 90 OR ABOVE: 0 0.10 INCH OR MORE: 6
MIN 32 OR BELOW: 0 0.50 INCH OR MORE: 5
MIN 0 OR BELOW: 0 1.00 INCH OR MORE: 3
[HDD (BASE 65) ]
TOTAL THIS MO. 34 CLEAR (SCALE 0-3) 9
DPTR FM NORMAL -56 PTCLDY (SCALE 4-7) 7
TOTAL FM JUL 1 2044 CLOUDY (SCALE 8-10) 4
DPTR FM NORMAL -545
[CDD (BASE 65) ]
TOTAL THIS MO. 83
DPTR FM NORMAL 40 [PRESSURE DATA]
TOTAL FM JAN 1 131 HIGHEST SLP M ON M
DPTR FM NORMAL 61 LOWEST SLP 29.49 ON 11
[REMARKS]