000
CXUS53 KAPX 010730
CF6GLR
PRELIMINARY LOCAL CLIMATOLOGICAL DATA (WS FORM: F-6)
STATION: GAYLORD
MONTH: SEPTEMBER
YEAR: 2023
LATITUDE: 45 0 N
LONGITUDE: 84 42 W
TEMPERATURE IN F: :PCPN: SNOW: WIND :SUNSHINE: SKY :PK WND
================================================================================
1 2 3 4 5 6A 6B 7 8 9 10 11 12 13 14 15 16 17 18
12Z AVG MX 2MIN
DY MAX MIN AVG DEP HDD CDD WTR SNW DPTH SPD SPD DIR MIN PSBL S-S WX SPD DR
================================================================================
1 79 49 64 2 1 0 0.00 M M 9.3 18 200 M M 0 26 200
2 82 64 73 11 0 8 0.00 M M 14.4 25 240 M M 1 35 240
3 88 67 78 16 0 13 0.00 M M 10.5 21 220 M M 0 26 220
4 94 67 81 20 0 16 0.00 M M 8.6 18 230 M M 0 25 210
5 92 65 79 18 0 14 0.00 M M 8.7 22 210 M M 1 29 220
6 77 65 71 10 0 6 0.87 M M 5.4 29 250 M M 5 123 50 280
7 66 56 61 1 4 0 0.03 M M 5.3 10 20 M M 10 128 18 30
8 68 51 60 0 5 0 0.01 M M 3.1 8 320 M M 6 18 15 320
9 73 42 58 -2 7 0 0.00 M M 1.4 8 310 M M 1 14 310
10 67 46 57 -3 8 0 0.02 M M 1.9 8 40 M M 6 18 10 30
11 60 58 59 0 6 0 1.31 M M 3.2 8 50 M M 10 1 11 50
12 60 52 56 -3 9 0 0.13 M M 5.3 12 310 M M 10 12 21 310
13 63 42 53 -6 12 0 0.00 M M 2.8 9 330 M M 3 1 17 340
14 66 38 52 -6 13 0 0.00 M M 2.5 9 240 M M 5 14 240
15 73 38 56 -2 9 0 0.00 M M 5.4 14 190 M M 0 28 18 220
16 74 58 66 8 0 1 0.00 M M 6.5 15 250 M M 7 18 23 250
17 66 53 60 3 5 0 0.00 M M 4.3 12 310 M M 5 1 20 310
18 61 40 51 -6 14 0 0.00 M M 2.8 9 270 M M 8 16 350
19 68 36 52 -5 13 0 0.00 M M 1.3 9 190 M M 2 1 15 180
20 75 51 63 7 2 0 0.00 M M 5.7 13 190 M M 6 17 200
21 80 54 67 11 0 2 0.00 M M 1.8 9 240 M M 1 128 12 240
22 82 55 69 13 0 4 0.11 M M 2.3 15 200 M M 3 1238 20 200
23 75 56 66 11 0 1 0.00 M M 4.4 14 120 M M 0 18 23 110
24 74 51 63 8 2 0 0.00 M M 4.4 13 140 M M 1 12 21 120
25 74 50 62 8 3 0 0.00 M M 4.8 13 120 M M 2 20 100
26 65 54 60 6 5 0 0.01 M M 6.9 13 100 M M 8 18 22 50
27 65 52 59 5 6 0 0.00 M M 6.4 15 120 M M 7 8 21 90
28 72 52 62 9 3 0 0.00 M M 4.4 12 120 M M 4 21 80
29 64 45 55 2 10 0 0.00 M M 3.9 13 140 M M 6 18 19 140
30 76 46 61 9 4 0 0.05 M M 4.2 15 220 M M 4 128 19 240
================================================================================
SM 2179 1553 141 65 2.54 M 151.9 M 122
================================================================================
AV 72.6 51.8 5.1 FASTST M M 4 MAX(MPH)
MISC ----> 29 250 50 280
================================================================================
NOTES:
# LAST OF SEVERAL OCCURRENCES
COLUMN 17 PEAK WIND IN M.P.H.
PRELIMINARY LOCAL CLIMATOLOGICAL DATA (WS FORM: F-6) , PAGE 2
STATION: GAYLORD
MONTH: SEPTEMBER
YEAR: 2023
LATITUDE: 45 0 N
LONGITUDE: 84 42 W
[TEMPERATURE DATA] [PRECIPITATION DATA] SYMBOLS USED IN COLUMN 16
AVERAGE MONTHLY: 62.2 TOTAL FOR MONTH: 2.54 1 = FOG OR MIST
DPTR FM NORMAL: 4.6 DPTR FM NORMAL: -1.10 2 = FOG REDUCING VISIBILITY
HIGHEST: 94 ON 4 GRTST 24HR 1.42 ON 11-12 TO 1/4 MILE OR LESS
LOWEST: 36 ON 19 3 = THUNDER
SNOW, ICE PELLETS, HAIL 4 = ICE PELLETS
TOTAL MONTH: M 5 = HAIL
GRTST 24HR M ON M 6 = FREEZING RAIN OR DRIZZLE
GRTST DEPTH: M ON M 7 = DUSTSTORM OR SANDSTORM:
VSBY 1/2 MILE OR LESS
8 = SMOKE OR HAZE
[NO. OF DAYS WITH] [WEATHER - DAYS WITH] 9 = BLOWING SNOW
X = TORNADO
MAX 32 OR BELOW: 0 0.01 INCH OR MORE: 9
MAX 90 OR ABOVE: 2 0.10 INCH OR MORE: 4
MIN 32 OR BELOW: 0 0.50 INCH OR MORE: 2
MIN 0 OR BELOW: 0 1.00 INCH OR MORE: 1
[HDD (BASE 65) ]
TOTAL THIS MO. 141 CLEAR (SCALE 0-3) 14
DPTR FM NORMAL -104 PTCLDY (SCALE 4-7) 13
TOTAL FM JUL 1 217 CLOUDY (SCALE 8-10) 3
DPTR FM NORMAL -165
[CDD (BASE 65) ]
TOTAL THIS MO. 65
DPTR FM NORMAL 40 [PRESSURE DATA]
TOTAL FM JAN 1 376 HIGHEST SLP 30.30 ON 27
DPTR FM NORMAL 104 LOWEST SLP 29.72 ON 6
[REMARKS]
#FINAL-09-23#