000
CXUS53 KAPX 010730
CF6GLR
PRELIMINARY LOCAL CLIMATOLOGICAL DATA (WS FORM: F-6)
STATION: GAYLORD
MONTH: AUGUST
YEAR: 2023
LATITUDE: 45 0 N
LONGITUDE: 84 42 W
TEMPERATURE IN F: :PCPN: SNOW: WIND :SUNSHINE: SKY :PK WND
================================================================================
1 2 3 4 5 6A 6B 7 8 9 10 11 12 13 14 15 16 17 18
12Z AVG MX 2MIN
DY MAX MIN AVG DEP HDD CDD WTR SNW DPTH SPD SPD DIR MIN PSBL S-S WX SPD DR
================================================================================
1 79 53 66 0 0 1 0.00 M M 3.1 12 220 M M 3 17 180
2 79 56 68 2 0 3 0.00 M M 6.4 21 250 M M 1 3 27 250
3 88 58 73 7 0 8 0.00 M M 7.2 22 250 M M 1 1 31 250
4 79 59 69 3 0 4 0.00 M M 5.8 14 30 M M 1 8 24 30
5 80 54 67 1 0 2 0.00 M M 3.8 12 30 M M 2 18 40
6 73 49 61 -5 4 0 0.00 M M 4.7 13 120 M M 1 19 100
7 80 61 71 5 0 6 0.00 M M 6.9 18 40 M M 1 27 40
8 83 57 70 4 0 5 0.00 M M 4.8 14 280 M M 1 25 230
9 85 60 73 7 0 8 0.00 M M 7.8 22 250 M M 1 31 250
10 75 53 64 -2 1 0 T M M 4.3 17 280 M M 5 123 28 280
11 73 46 60 -5 5 0 0.13 M M 5.5 13 180 M M 5 1 18 150
12 70 60 65 0 0 0 0.01 M M 10.2 21 250 M M 7 13 32 260
13 69 55 62 -3 3 0 0.06 M M 4.6 12 280 M M 8 18 18 270
14 74 49 62 -3 3 0 0.15 M M 4.5 16 50 M M 5 24 50
15 78 54 66 1 0 1 0.01 M M 5.7 13 20 M M 5 18 20 10
16 85 54 70 5 0 5 0.00 M M 11.4 22 250 M M 2 30 260
17 71 57 64 -1 1 0 0.92 M M 10.9 22 190 M M 8 13 35 190
18 70 49 60 -4 5 0 0.00 M M 7.0 17 300 M M 1 33 320
19 81 50 66 2 0 1 0.00 M M 7.9 17 230 M M 0 23 200
20 86 64 75 11 0 10 0.00 M M 8.0 12 240 M M 3 21 320
21 75 57 66 2 0 1 0.00 M M 4.5 14 40 M M 3 19 30
22 72 56 64 0 1 0 0.24 M M 4.4 12 180 M M 9 M M
23 66 61 64 0 1 0 0.18 M M 7.3 17 160 M M 10 13 25 160
24 71 63 67 3 0 2 T M M 4.5 9 40 M M 10 12 14 10
25 78 63 71 8 0 6 0.00 M M 3.9 13 250 M M 7 17 240
26 70 49 60 -3 5 0 T M M 5.9 14 40 M M 6 18 21 30
27 73 42 58 -5 7 0 0.00 M M 1.8 10 290 M M 0 15 290
28 75 43 59 -4 6 0 0.00 M M 3.1 13 260 M M 2 20 240
29 69 52 61 -2 4 0 0.27 M M 6.6 14 300 M M 8 1 28 300
30 66 46 56 -6 9 0 0.00 M M 5.4 12 350 M M 2 20 290
31 76 39 58 -4 7 0 0.00 M M 2.1 9 320 M M 0 18 300
================================================================================
SM 2349 1669 62 63 1.97 M 180.0 M 118
================================================================================
AV 75.8 53.8 5.8 FASTST M M 4 MAX(MPH)
MISC ----> # 22 250 35 190
================================================================================
NOTES:
# LAST OF SEVERAL OCCURRENCES
COLUMN 17 PEAK WIND IN M.P.H.
PRELIMINARY LOCAL CLIMATOLOGICAL DATA (WS FORM: F-6) , PAGE 2
STATION: GAYLORD
MONTH: AUGUST
YEAR: 2023
LATITUDE: 45 0 N
LONGITUDE: 84 42 W
[TEMPERATURE DATA] [PRECIPITATION DATA] SYMBOLS USED IN COLUMN 16
AVERAGE MONTHLY: 64.8 TOTAL FOR MONTH: 1.97 1 = FOG OR MIST
DPTR FM NORMAL: 0.2 DPTR FM NORMAL: -1.28 2 = FOG REDUCING VISIBILITY
HIGHEST: 88 ON 3 GRTST 24HR 0.92 ON 17-17 TO 1/4 MILE OR LESS
LOWEST: 39 ON 31 3 = THUNDER
SNOW, ICE PELLETS, HAIL 4 = ICE PELLETS
TOTAL MONTH: M 5 = HAIL
GRTST 24HR M ON M 6 = FREEZING RAIN OR DRIZZLE
GRTST DEPTH: M ON M 7 = DUSTSTORM OR SANDSTORM:
VSBY 1/2 MILE OR LESS
8 = SMOKE OR HAZE
[NO. OF DAYS WITH] [WEATHER - DAYS WITH] 9 = BLOWING SNOW
X = TORNADO
MAX 32 OR BELOW: 0 0.01 INCH OR MORE: 9
MAX 90 OR ABOVE: 0 0.10 INCH OR MORE: 6
MIN 32 OR BELOW: 0 0.50 INCH OR MORE: 1
MIN 0 OR BELOW: 0 1.00 INCH OR MORE: 0
[HDD (BASE 65) ]
TOTAL THIS MO. 62 CLEAR (SCALE 0-3) 17
DPTR FM NORMAL -20 PTCLDY (SCALE 4-7) 9
TOTAL FM JUL 1 76 CLOUDY (SCALE 8-10) 5
DPTR FM NORMAL -62
[CDD (BASE 65) ]
TOTAL THIS MO. 63
DPTR FM NORMAL -6 [PRESSURE DATA]
TOTAL FM JAN 1 311 HIGHEST SLP 30.37 ON 22
DPTR FM NORMAL 64 LOWEST SLP 29.52 ON 17
[REMARKS]
#FINAL-08-23#