000
CXUS54 KMAF 251110
CF6GNC
PRELIMINARY LOCAL CLIMATOLOGICAL DATA (WS FORM: F-6)
STATION: GAINES COUNTY AIRPORT
MONTH: APRIL
YEAR: 2024
LATITUDE: 32 40 N
LONGITUDE: 102 39 W
TEMPERATURE IN F: :PCPN: SNOW: WIND :SUNSHINE: SKY :PK WND
================================================================================
1 2 3 4 5 6A 6B 7 8 9 10 11 12 13 14 15 16 17 18
12Z AVG MX 2MIN
DY MAX MIN AVG DEP HDD CDD WTR SNW DPTH SPD SPD DIR MIN PSBL S-S WX SPD DR
================================================================================
1 75 51 63 M 2 0 M M M 12.2 36 270 M M 2 8 49 270
2 65 40 53 M 12 0 M M M 13.2 28 360 M M 1 36 360
3 76 36 56 M 9 0 M M M 6.4 12 320 M M 0 23 290
4 82 43 63 M 2 0 M M M 7.5 14 160 M M 0 22 180
5 82 50 66 M 0 1 M M M 12.7 21 170 M M 0 31 160
6 74 47 61 M 4 0 M M M 18.5 32 260 M M 0 43 260
7 74 39 57 M 8 0 M M M 10.6 21 260 M M 0 25 260
8 78 41 60 M 5 0 M M M 7.5 16 60 M M 0 26 170
9 55 43 49 M 16 0 0.11 M M 17.0 25 340 M M 8 37 10
10 69 41 55 M 10 0 M M M 10.5 21 340 M M 2 28 340
11 77 42 60 M 5 0 M M M 6.4 13 180 M M 0 24 190
12 85 44 65 M 0 0 M M M 9.9 22 160 M M 0 31 160
13 89 50 70 M 0 5 M M M 7.4 16 270 M M 0 22 240
14 90 56 73 M 0 8 M M M 7.7 13 230 M M 0 21 280
15 92 62 77 M 0 12 M M M 10.6 24 240 M M 1 8 38 240
16 82 57 70 M 0 5 M M M 11.0 24 300 M M 0 30 300
17 90 52 71 M 0 6 M M M 7.5 17 230 M M 0 23 240
18 76 53 65 M 0 0 M M M 12.3 18 360 M M 0 30 340
19 62 49 56 M 9 0 M M M 12.3 20 70 M M 8 23 70
20 57 45 51 M 14 0 0.15 M M 12.1 17 50 M M 10 1 25 40
21 57 44 51 M 14 0 M M M 7.7 12 100 M M 9 20 70
22 76 47 62 M 3 0 M M M 10.4 17 170 M M 4 25 190
23 94 51 73 M 0 8 M M M 8.2 15 280 M M 0 21 230
24 82 55 69 M 0 4 M M M 7.6 13 90 M M 1 17 80
================================================================================
SM 1839 1138 113 49 0.26 M 247.2 M 46
================================================================================
AV 76.6 47.4 10.3 FASTST M M 2 MAX(MPH)
MISC ----> 36 270 49 270
================================================================================
NOTES:
# LAST OF SEVERAL OCCURRENCES
COLUMN 17 PEAK WIND IN M.P.H.
PRELIMINARY LOCAL CLIMATOLOGICAL DATA (WS FORM: F-6) , PAGE 2
STATION: GAINES COUNTY AIRPORT
MONTH: APRIL
YEAR: 2024
LATITUDE: 32 40 N
LONGITUDE: 102 39 W
[TEMPERATURE DATA] [PRECIPITATION DATA] SYMBOLS USED IN COLUMN 16
AVERAGE MONTHLY: 62.0 TOTAL FOR MONTH: 0.26 1 = FOG OR MIST
DPTR FM NORMAL: 0.0 DPTR FM NORMAL: 0.26 2 = FOG REDUCING VISIBILITY
HIGHEST: 94 ON 23 GRTST 24HR 0.15 ON 20-20 TO 1/4 MILE OR LESS
LOWEST: 36 ON 3 3 = THUNDER
SNOW, ICE PELLETS, HAIL 4 = ICE PELLETS
TOTAL MONTH: M 5 = HAIL
GRTST 24HR M ON M 6 = FREEZING RAIN OR DRIZZLE
GRTST DEPTH: M ON M 7 = DUSTSTORM OR SANDSTORM:
VSBY 1/2 MILE OR LESS
8 = SMOKE OR HAZE
[NO. OF DAYS WITH] [WEATHER - DAYS WITH] 9 = BLOWING SNOW
X = TORNADO
MAX 32 OR BELOW: 0 0.01 INCH OR MORE: 2
MAX 90 OR ABOVE: 4 0.10 INCH OR MORE: 2
MIN 32 OR BELOW: 0 0.50 INCH OR MORE: 0
MIN 0 OR BELOW: 0 1.00 INCH OR MORE: 0
[HDD (BASE 65) ]
TOTAL THIS MO. 113 CLEAR (SCALE 0-3) 19
DPTR FM NORMAL M PTCLDY (SCALE 4-7) 3
TOTAL FM JUL 1 2528 CLOUDY (SCALE 8-10) 2
DPTR FM NORMAL M
[CDD (BASE 65) ]
TOTAL THIS MO. 49
DPTR FM NORMAL M [PRESSURE DATA]
TOTAL FM JAN 1 61 HIGHEST SLP M ON M
DPTR FM NORMAL M LOWEST SLP M ON M
[REMARKS]