000
CXUS52 KJAX 051843
CF6GNV
PRELIMINARY LOCAL CLIMATOLOGICAL DATA (WS FORM: F-6)
STATION: GAINESVILLE
MONTH: JANUARY
YEAR: 2023
LATITUDE: 29 40 N
LONGITUDE: 82 16 W
TEMPERATURE IN F: :PCPN: SNOW: WIND :SUNSHINE: SKY :PK WND
================================================================================
1 2 3 4 5 6A 6B 7 8 9 10 11 12 13 14 15 16 17 18
12Z AVG MX 2MIN
DY MAX MIN AVG DEP HDD CDD WTR SNW DPTH SPD SPD DIR MIN PSBL S-S WX SPD DR
================================================================================
1 76 58 67 12 0 2 0.00 0.0 0 1.0 9 140 M M 7 12 11 150
2 80 53 67 12 0 2 0.00 0.0 0 2.6 10 130 M M 4 12 14 130
3 82 57 70 15 0 5 0.00 0.0 0 5.2 14 230 M M 4 12 22 150
4 81 60 71 16 0 6 0.45 0.0 0 6.4 38 280 M M 6 123 51 280
5 75 52 64 9 1 0 0.00 0.0 0 7.3 15 270 M M 2 22 280
6 67 38 53 -2 12 0 0.00 0.0 0 4.4 14 340 M M 0 20 290
7 70 34 52 -3 13 0 0.00 0.0 0 1.9 9 20 M M 0 17 50
8 75 37 56 2 9 0 0.00 0.0 0 3.5 16 150 M M 1 21 160
9 74 46 60 6 5 0 0.00 0.0 0 4.8 16 290 M M 1 20 290
10 68 42 55 1 10 0 0.00 0.0 0 2.7 13 250 M M 0 18 250
11 75 37 56 2 9 0 0.00 0.0 0 1.9 10 210 M M 0 14 210
12 78 43 61 7 4 0 0.00 0.0 0 5.9 17 240 M M 0 24 230
13 63 41 52 -2 13 0 0.52 0.0 0 10.9 23 320 M M 8 13 32 320
14 52 32 42 -12 23 0 0.00 0.0 0 9.0 18 300 M M 0 28 310
15 60 27 44 -10 21 0 0.00 0.0 0 3.2 9 30 M M 0 14 360
16 68 28 48 -7 17 0 0.00 0.0 0 2.2 10 220 M M 0 14 230
17 74 32 53 -2 12 0 0.00 0.0 0 5.2 16 240 M M 1 23 230
18 77 50 64 9 1 0 0.00 0.0 0 2.2 10 140 M M 4 1 14 180
19 80 47 64 9 1 0 0.00 0.0 0 6.9 22 240 M M 5 12 31 240
20 76 48 62 7 3 0 0.00 0.0 0 3.8 13 260 M M 3 12 17 290
21 57 48 53 -2 12 0 0.28 0.0 0 4.3 12 110 M M 9 1 17 350
22 81 54 68 13 0 3 0.07 0.0 0 9.2 26 310 M M 9 1 43 320
23 66 48 57 2 8 0 0.00 0.0 0 7.9 17 310 M M 4 25 320
24 71 40 56 1 9 0 0.00 0.0 0 7.2 16 110 M M 0 21 100
25 82 57 70 15 0 5 0.33 0.0 0 11.2 31 280 M M 7 1 41 280
26 61 39 50 -5 15 0 0.00 0.0 0 7.7 15 310 M M 3 23 320
27 61 33 47 -9 18 0 0.00 0.0 0 4.6 14 360 M M 0 19 40
28 65 31 48 -8 17 0 0.00 0.0 0 5.9 17 30 M M 4 24 40
29 80 54 67 11 0 2 T 0.0 0 4.3 18 150 M M 8 25 140
30 86 57 72 16 0 7 T 0.0 0 4.8 14 260 M M 2 12 21 280
31 85 60 73 17 0 8 0.00 0.0 0 2.7 12 190 M M 6 12 15 200
================================================================================
SM 2246 1383 233 40 1.65 0.0 160.8 M 98
================================================================================
AV 72.5 44.6 5.2 FASTST M M 3 MAX(MPH)
MISC ----> 38 280 51 280
================================================================================
NOTES:
# LAST OF SEVERAL OCCURRENCES
COLUMN 17 PEAK WIND IN M.P.H.
PRELIMINARY LOCAL CLIMATOLOGICAL DATA (WS FORM: F-6) , PAGE 2
STATION: GAINESVILLE
MONTH: JANUARY
YEAR: 2023
LATITUDE: 29 40 N
LONGITUDE: 82 16 W
[TEMPERATURE DATA] [PRECIPITATION DATA] SYMBOLS USED IN COLUMN 16
AVERAGE MONTHLY: 58.5 TOTAL FOR MONTH: 1.65 1 = FOG OR MIST
DPTR FM NORMAL: 3.7 DPTR FM NORMAL: -1.64 2 = FOG REDUCING VISIBILITY
HIGHEST: 86 ON 30 GRTST 24HR 0.52 ON 13-13 TO 1/4 MILE OR LESS
LOWEST: 27 ON 15 3 = THUNDER
SNOW, ICE PELLETS, HAIL 4 = ICE PELLETS
TOTAL MONTH: 0.0 INCH 5 = HAIL
GRTST 24HR 0.0 6 = FREEZING RAIN OR DRIZZLE
GRTST DEPTH: 0 7 = DUSTSTORM OR SANDSTORM:
VSBY 1/2 MILE OR LESS
8 = SMOKE OR HAZE
[NO. OF DAYS WITH] [WEATHER - DAYS WITH] 9 = BLOWING SNOW
X = TORNADO
MAX 32 OR BELOW: 0 0.01 INCH OR MORE: 5
MAX 90 OR ABOVE: 0 0.10 INCH OR MORE: 4
MIN 32 OR BELOW: 5 0.50 INCH OR MORE: 1
MIN 0 OR BELOW: 0 1.00 INCH OR MORE: 0
[HDD (BASE 65) ]
TOTAL THIS MO. 233 CLEAR (SCALE 0-3) 17
DPTR FM NORMAL -97 PTCLDY (SCALE 4-7) 11
TOTAL FM JUL 1 587 CLOUDY (SCALE 8-10) 3
DPTR FM NORMAL -170
[CDD (BASE 65) ]
TOTAL THIS MO. 40
DPTR FM NORMAL 24 [PRESSURE DATA]
TOTAL FM JAN 1 40 HIGHEST SLP 30.47 ON 28
DPTR FM NORMAL 24 LOWEST SLP 29.83 ON 22
[REMARKS]
#FINAL-01-23#