000
CXUS54 KOUN 010810
CF6GOK
PRELIMINARY LOCAL CLIMATOLOGICAL DATA (WS FORM: F-6)
STATION: GUTHRIE MUNICIPAL
MONTH: SEPTEMBER
YEAR: 2022
LATITUDE: 35 50 N
LONGITUDE: 97 25 W
TEMPERATURE IN F: :PCPN: SNOW: WIND :SUNSHINE: SKY :PK WND
================================================================================
1 2 3 4 5 6A 6B 7 8 9 10 11 12 13 14 15 16 17 18
12Z AVG MX 2MIN
DY MAX MIN AVG DEP HDD CDD WTR SNW DPTH SPD SPD DIR MIN PSBL S-S WX SPD DR
================================================================================
1 79 69 74 -5 0 9 0.02 0.0 0 6.6 15 160 M M 3 19 170
2 93 71 82 4 0 17 0.00 0.0 0 4.9 12 90 M M 4 15 80
3 96 65 81 3 0 16 0.00 0.0 0 2.3 9 60 M M 0 12 360
4 88 65 77 -1 0 12 T 0.0 0 5.5 12 70 M M 0 3 21 50
5 90 59 75 -2 0 10 0.00 0.0 0 3.3 12 120 M M 1 16 330
6 93 62 78 1 0 13 0.00 0.0 0 4.9 12 110 M M 0 8 16 90
7 73 65 69 -8 0 4 0.00 0.0 0 3.5 7 130 M M 0 9 130
8 90 61 76 0 0 11 0.00 0.0 M M M M M M 0 M M
9 91 68 80 4 0 15 0.00 0.0 0 6.8 16 180 M M 0 21 180
10 88 59 74 -2 0 9 0.17 M M 6.3 17 330 M M 2 1 27 320
11 80 53 67 -8 0 2 0.08 M M 5.0 13 40 M M 2 1 19 10
12 84 47 66 -9 0 1 0.00 M M 4.8 12 200 M M 0 15 190
13 90 60 75 0 0 10 0.00 M M 9.1 16 180 M M 0 21 180
14 90 68 79 5 0 14 0.00 M M 11.7 20 160 M M 0 26 180
15 89 65 77 3 0 12 0.00 M M 10.6 20 170 M M 0 25 170
16 91 66 79 5 0 14 0.00 M M 12.8 24 190 M M 0 31 150
17 95 72 84 11 0 19 0.00 M M 14.9 26 180 M M 0 31 190
18 96 75 86 13 0 21 0.00 M M 12.3 23 190 M M 0 28 200
19 97 71 84 11 0 19 0.00 M M 9.8 18 180 M M 0 25 190
20 97 73 85 13 0 20 0.00 M M 10.4 18 190 M M 0 26 200
21 98 73 86 14 0 21 0.00 M M 8.4 16 200 M M 2 25 210
22 78 57 68 -3 0 3 0.00 M M 6.9 14 50 M M 3 21 50
23 93 52 73 2 0 8 0.00 M M 7.8 18 200 M M 0 33 230
24 88 66 77 6 0 12 T M M 5.0 10 170 M M 1 21 150
25 87 54 71 1 0 6 0.00 M M 6.7 21 50 M M 0 30 50
26 85 47 66 -4 0 1 0.00 M M 3.7 10 310 M M 0 15 360
27 92 57 75 5 0 10 0.00 M M 9.2 21 200 M M 0 27 220
28 89 59 74 5 0 9 0.00 M M 7.0 16 80 M M 0 22 80
29 81 60 71 2 0 6 0.00 M M 9.4 17 160 M M 0 25 160
30 83 56 70 2 0 5 0.00 M M 7.8 17 180 M M 0 21 180
================================================================================
SM 2664 1875 0 329 0.27 0.0 217.4 M 18
================================================================================
AV 88.8 62.5 7.5 FASTST M M 1 MAX(MPH)
MISC ----> 26 180 33 230
================================================================================
NOTES:
# LAST OF SEVERAL OCCURRENCES
COLUMN 17 PEAK WIND IN M.P.H.
PRELIMINARY LOCAL CLIMATOLOGICAL DATA (WS FORM: F-6) , PAGE 2
STATION: GUTHRIE MUNICIPAL
MONTH: SEPTEMBER
YEAR: 2022
LATITUDE: 35 50 N
LONGITUDE: 97 25 W
[TEMPERATURE DATA] [PRECIPITATION DATA] SYMBOLS USED IN COLUMN 16
AVERAGE MONTHLY: 75.7 TOTAL FOR MONTH: 0.27 1 = FOG OR MIST
DPTR FM NORMAL: 2.0 DPTR FM NORMAL: -2.45 2 = FOG REDUCING VISIBILITY
HIGHEST: 98 ON 21 GRTST 24HR 0.25 ON 10-11 TO 1/4 MILE OR LESS
LOWEST: 47 ON 26,12 3 = THUNDER
SNOW, ICE PELLETS, HAIL 4 = ICE PELLETS
TOTAL MONTH: 0.0 INCH 5 = HAIL
GRTST 24HR 0.0 6 = FREEZING RAIN OR DRIZZLE
GRTST DEPTH: 0 7 = DUSTSTORM OR SANDSTORM:
VSBY 1/2 MILE OR LESS
8 = SMOKE OR HAZE
[NO. OF DAYS WITH] [WEATHER - DAYS WITH] 9 = BLOWING SNOW
X = TORNADO
MAX 32 OR BELOW: 0 0.01 INCH OR MORE: 3
MAX 90 OR ABOVE: 16 0.10 INCH OR MORE: 1
MIN 32 OR BELOW: 0 0.50 INCH OR MORE: 0
MIN 0 OR BELOW: 0 1.00 INCH OR MORE: 0
[HDD (BASE 65) ]
TOTAL THIS MO. 0 CLEAR (SCALE 0-3) 28
DPTR FM NORMAL -18 PTCLDY (SCALE 4-7) 2
TOTAL FM JUL 1 0 CLOUDY (SCALE 8-10) 0
DPTR FM NORMAL -16
[CDD (BASE 65) ]
TOTAL THIS MO. 329
DPTR FM NORMAL 50 [PRESSURE DATA]
TOTAL FM JAN 1 2375 HIGHEST SLP M ON M
DPTR FM NORMAL 367 LOWEST SLP 29.81 ON 17
[REMARKS]
#FINAL-09-22#