000
CXUS54 KFWD 010730
CF6GOP
PRELIMINARY LOCAL CLIMATOLOGICAL DATA (WS FORM: F-6)
STATION: GATESVILLE
MONTH: OCTOBER
YEAR: 2020
LATITUDE: 31 25 N
LONGITUDE: 97 48 W
TEMPERATURE IN F: :PCPN: SNOW: WIND :SUNSHINE: SKY :PK WND
================================================================================
1 2 3 4 5 6A 6B 7 8 9 10 11 12 13 14 15 16 17 18
12Z AVG MX 2MIN
DY MAX MIN AVG DEP HDD CDD WTR SNW DPTH SPD SPD DIR MIN PSBL S-S WX SPD DR
================================================================================
1 84 52 68 -3 0 3 0.00 0.0 0 4.0 12 40 M M 0 23 60
2 79 50 65 -5 0 0 0.00 0.0 0 2.3 7 99 M M 0 12 0
3 82 54 68 -2 0 3 0.00 0.0 0 4.8 12 150 M M 0 20 160
4 81 57 69 -1 0 4 0.00 0.0 0 3.2 9 40 M M 0 16 350
5 82 50 66 -3 0 1 0.00 0.0 0 1.6 7 160 M M 0 M M
6 88 57 73 4 0 8 0.00 0.0 0 1.1 8 170 M M 0 M M
7 88 59 74 5 0 9 0.00 0.0 0 0.4 5 99 M M 0 M M
8 86 55 71 3 0 6 0.00 0.0 0 0.8 8 60 M M 1 12 0
9 86 68 77 9 0 12 0.00 0.0 0 1.4 7 99 M M 4 M M
10 91 61 76 8 0 11 0.00 0.0 0 2.0 8 190 M M 1 12 12 170
11 99 64 82 14 0 17 0.00 0.0 0 3.8 14 190 M M 0 1 14 200
12 82 55 69 2 0 4 0.00 0.0 0 6.4 16 360 M M 0 8 24 360
13 86 48 67 0 0 2 0.00 0.0 0 0.8 6 120 M M 0 M M
14 91 54 73 6 0 8 0.00 0.0 0 5.9 15 190 M M 0 21 210
15 81 64 73 7 0 8 0.00 0.0 0 9.1 16 340 M M 3 24 330
16 72 54 63 -3 2 0 0.00 0.0 0 5.6 12 60 M M 2 18 30
17 81 48 65 -1 0 0 0.00 0.0 0 7.5 20 180 M M 3 27 180
18 90 68 79 14 0 14 0.00 0.0 0 10.3 18 180 M M 1 25 180
19 81 57 69 4 0 4 0.00 0.0 0 4.3 8 60 M M 5 14 60
20 88 64 76 11 0 11 0.00 0.0 0 5.3 12 160 M M 4 20 160
21 86 68 77 13 0 12 0.00 0.0 0 4.5 10 130 M M 3 18 160
22 88 68 78 14 0 13 0.00 0.0 0 7.0 13 150 M M 2 21 160
23 73 50 62 -2 3 0 0.67 0.0 0 9.5 18 30 M M 8 13 29 30
24 61 46 54 -10 11 0 0.00 0.0 0 3.9 13 350 M M 6 16 340
25 75 50 63 0 2 0 0.00 0.0 0 4.3 10 70 M M 6 1 14 150
26 63 37 50 -13 15 0 0.06 0.0 0 10.3 15 360 M M 10 1 20 360
27 39 37 38 -25 27 0 M 0.0 0 10.3 14 350 M M 10 1 18 340
28 54 37 46 -16 19 0 0.05 M 0 8.1 15 300 M M 5 1 21 320
29 59 41 50 -12 15 0 0.00 0.0 0 8.2 17 340 M M 4 1 28 300
30 68 36 52 -10 13 0 0.00 0.0 0 1.0 7 50 M M 0 M M
31 75 37 56 -6 9 0 0.00 0.0 0 3.2 10 170 M M 0 8 14 170
================================================================================
SM 2439 1646 116 150 0.78 0.0 150.9 M 78
================================================================================
AV 78.7 53.1 4.9 FASTST M M 3 MAX(MPH)
MISC ----> # 20 180 # 29 30
================================================================================
NOTES:
# LAST OF SEVERAL OCCURRENCES
COLUMN 17 PEAK WIND IN M.P.H.
PRELIMINARY LOCAL CLIMATOLOGICAL DATA (WS FORM: F-6) , PAGE 2
STATION: GATESVILLE
MONTH: OCTOBER
YEAR: 2020
LATITUDE: 31 25 N
LONGITUDE: 97 48 W
[TEMPERATURE DATA] [PRECIPITATION DATA] SYMBOLS USED IN COLUMN 16
AVERAGE MONTHLY: 65.9 TOTAL FOR MONTH: 0.78 1 = FOG OR MIST
DPTR FM NORMAL: -0.2 DPTR FM NORMAL: M 2 = FOG REDUCING VISIBILITY
HIGHEST: 99 ON 11 GRTST 24HR 0.67 ON 23-23 TO 1/4 MILE OR LESS
LOWEST: 36 ON 30 3 = THUNDER
SNOW, ICE PELLETS, HAIL 4 = ICE PELLETS
TOTAL MONTH: 0.0 INCH 5 = HAIL
GRTST 24HR 0.0 6 = FREEZING RAIN OR DRIZZLE
GRTST DEPTH: 0 7 = DUSTSTORM OR SANDSTORM:
VSBY 1/2 MILE OR LESS
8 = SMOKE OR HAZE
[NO. OF DAYS WITH] [WEATHER - DAYS WITH] 9 = BLOWING SNOW
X = TORNADO
MAX 32 OR BELOW: 0 0.01 INCH OR MORE: 3
MAX 90 OR ABOVE: 4 0.10 INCH OR MORE: 1
MIN 32 OR BELOW: 0 0.50 INCH OR MORE: 1
MIN 0 OR BELOW: 0 1.00 INCH OR MORE: 0
[HDD (BASE 65) ]
TOTAL THIS MO. 116 CLEAR (SCALE 0-3) 21
DPTR FM NORMAL 32 PTCLDY (SCALE 4-7) 8
TOTAL FM JUL 1 123 CLOUDY (SCALE 8-10) 2
DPTR FM NORMAL 31
[CDD (BASE 65) ]
TOTAL THIS MO. 150
DPTR FM NORMAL 33 [PRESSURE DATA]
TOTAL FM JAN 1 2707 HIGHEST SLP M ON M
DPTR FM NORMAL 417 LOWEST SLP M ON M
[REMARKS]
#FINAL-10-20#