000
CXUS54 KFWD 010730
CF6GOP
PRELIMINARY LOCAL CLIMATOLOGICAL DATA (WS FORM: F-6)
STATION: GATESVILLE
MONTH: MARCH
YEAR: 2020
LATITUDE: 31 25 N
LONGITUDE: 97 48 W
TEMPERATURE IN F: :PCPN: SNOW: WIND :SUNSHINE: SKY :PK WND
================================================================================
1 2 3 4 5 6A 6B 7 8 9 10 11 12 13 14 15 16 17 18
12Z AVG MX 2MIN
DY MAX MIN AVG DEP HDD CDD WTR SNW DPTH SPD SPD DIR MIN PSBL S-S WX SPD DR
================================================================================
1 72 57 65 13 0 0 0.00 0.0 0 11.3 20 190 M M 3 24 190
2 72 61 67 15 0 2 0.00 0.0 0 5.5 15 190 M M 4 17 180
3 73 59 66 14 0 1 M 0.0 0 3.1 10 50 M M 1 1 M M
4 64 50 57 5 8 0 M 0.0 0 12.5 22 30 M M 9 13 33 30
5 72 43 58 5 7 0 0.00 0.0 0 5.8 12 340 M M 1 15 310
6 64 43 54 1 11 0 0.00 0.0 0 4.3 10 50 M M 0 17 50
7 61 41 51 -2 14 0 0.00 0.0 0 4.9 15 150 M M 0 21 130
8 70 45 58 4 7 0 0.00 0.0 0 9.7 16 140 M M 5 1 28 170
9 70 61 66 12 0 1 M 0.0 0 7.7 16 190 M M 5 1 23 160
10 77 55 66 12 0 1 0.00 0.0 0 4.2 10 150 M M 4 12 17 160
11 82 64 73 19 0 8 0.00 0.0 0 7.7 14 220 M M 4 18 220
12 84 66 75 21 0 10 0.00 0.0 0 8.3 14 210 M M 2 18 180
13 79 66 73 18 0 8 0.00 0.0 0 6.6 16 150 M M 6 17 150
14 79 59 69 14 0 4 0.00 0.0 0 7.9 13 320 M M 8 1 18 140
15 59 52 56 1 9 0 M 0.0 0 4.5 8 30 M M 10 13 M M
16 70 55 63 7 2 0 0.00 0.0 0 5.0 13 140 M M 6 1 15 280
17 77 63 70 14 0 5 0.00 0.0 0 5.7 13 140 M M 7 12 17 160
18 79 66 73 17 0 8 0.00 0.0 0 9.2 20 180 M M 5 25 180
19 82 66 74 18 0 9 0.00 0.0 0 7.6 17 190 M M 5 13 22 180
20 70 45 58 1 7 0 0.00 0.0 0 7.3 16 360 M M 8 13 22 360
21 54 41 48 -9 17 0 0.00 0.0 0 5.0 10 50 M M 8 13 16 50
22 63 52 58 1 7 0 0.01 0.0 0 0.4 5 130 M M 10 12 M M
23 75 61 68 10 0 3 0.00 0.0 0 2.4 10 160 M M 8 12 16 160
24 86 55 71 13 0 6 0.00 0.0 0 6.9 13 270 M M 1 18 300
25 90 48 69 11 0 4 0.00 0.0 0 6.3 15 190 M M 0 20 170
26 84 64 74 16 0 9 0.00 0.0 0 8.2 14 140 M M 1 1 20 140
27 84 66 75 16 0 10 0.00 0.0 0 9.4 17 190 M M 3 23 190
28 75 54 65 6 0 0 0.00 0.0 0 7.0 15 300 M M 1 25 300
29 73 45 59 0 6 0 0.00 0.0 0 1.3 6 70 M M 1 8 M M
30 63 59 61 1 4 0 0.01 0.0 0 1.2 8 90 M M 9 128 M M
31 68 52 60 0 5 0 0.00 0.0 0 6.3 16 360 M M 5 1 21 360
================================================================================
SM 2271 1714 104 89 0.02 0.0 193.2 M 140
================================================================================
AV 73.3 55.3 6.2 FASTST M M 5 MAX(MPH)
MISC ----> # 22 30 # 33 30
================================================================================
NOTES:
# LAST OF SEVERAL OCCURRENCES
COLUMN 17 PEAK WIND IN M.P.H.
PRELIMINARY LOCAL CLIMATOLOGICAL DATA (WS FORM: F-6) , PAGE 2
STATION: GATESVILLE
MONTH: MARCH
YEAR: 2020
LATITUDE: 31 25 N
LONGITUDE: 97 48 W
[TEMPERATURE DATA] [PRECIPITATION DATA] SYMBOLS USED IN COLUMN 16
AVERAGE MONTHLY: 64.3 TOTAL FOR MONTH: 0.02 1 = FOG OR MIST
DPTR FM NORMAL: 8.6 DPTR FM NORMAL: M 2 = FOG REDUCING VISIBILITY
HIGHEST: 90 ON 25 GRTST 24HR 0.01 ON 30-30 TO 1/4 MILE OR LESS
LOWEST: 41 ON 21, 7 3 = THUNDER
SNOW, ICE PELLETS, HAIL 4 = ICE PELLETS
TOTAL MONTH: 0.0 INCH 5 = HAIL
GRTST 24HR 0.0 6 = FREEZING RAIN OR DRIZZLE
GRTST DEPTH: 0 7 = DUSTSTORM OR SANDSTORM:
VSBY 1/2 MILE OR LESS
8 = SMOKE OR HAZE
[NO. OF DAYS WITH] [WEATHER - DAYS WITH] 9 = BLOWING SNOW
X = TORNADO
MAX 32 OR BELOW: 0 0.01 INCH OR MORE: 2
MAX 90 OR ABOVE: 1 0.10 INCH OR MORE: 0
MIN 32 OR BELOW: 0 0.50 INCH OR MORE: 0
MIN 0 OR BELOW: 0 1.00 INCH OR MORE: 0
[HDD (BASE 65) ]
TOTAL THIS MO. 104 CLEAR (SCALE 0-3) 12
DPTR FM NORMAL -203 PTCLDY (SCALE 4-7) 15
TOTAL FM JUL 1 1899 CLOUDY (SCALE 8-10) 4
DPTR FM NORMAL -443
[CDD (BASE 65) ]
TOTAL THIS MO. 89
DPTR FM NORMAL 71 [PRESSURE DATA]
TOTAL FM JAN 1 106 HIGHEST SLP M ON M
DPTR FM NORMAL 84 LOWEST SLP M ON M
[REMARKS]
#FINAL-03-20#