000
CXUS53 KGRB 011409
CF6GRB
PRELIMINARY LOCAL CLIMATOLOGICAL DATA (WS FORM: F-6)
STATION: GREEN BAY WI
MONTH: NOVEMBER
YEAR: 2023
LATITUDE: 44 28 N
LONGITUDE: 88 8 W
TEMPERATURE IN F: :PCPN: SNOW: WIND :SUNSHINE: SKY :PK WND
================================================================================
1 2 3 4 5 6A 6B 7 8 9 10 11 12 13 14 15 16 17 18
12Z AVG MX 2MIN
DY MAX MIN AVG DEP HDD CDD WTR SNW DPTH SPD SPD DIR MIN PSBL S-S WX SPD DR
================================================================================
1 39 21 30 -12 35 0 0.00 0.0 0 7.8 17 240 M M 3 26 250
2 47 28 38 -4 27 0 0.00 0.0 0 4.6 13 200 M M 1 18 200
3 50 36 43 1 22 0 T 0.0 0 7.6 15 30 M M 5 21 20
4 51 30 41 0 24 0 0.00 0.0 0 3.9 10 270 M M 2 15 310
5 54 33 44 3 21 0 0.02 0.0 0 5.1 15 180 M M 8 18 23 180
6 68 46 57 17 8 0 0.06 0.0 0 15.7 29 260 M M 8 3 40 250
7 46 37 42 2 23 0 0.00 0.0 0 11.2 17 10 M M 6 25 50
8 43 40 42 3 23 0 0.19 0.0 0 7.8 17 120 M M 10 13 27 130
9 50 35 43 4 22 0 0.00 0.0 0 13.2 33 280 M M 2 45 280
10 44 30 37 -2 28 0 0.00 0.0 0 8.6 17 290 M M 6 21 300
11 45 26 36 -2 29 0 0.00 0.0 0 3.0 9 150 M M 7 12 150
12 55 41 48 10 17 0 0.00 0.0 0 11.8 25 200 M M 6 42 190
13 59 31 45 8 20 0 0.00 0.0 0 10.7 22 280 M M 0 30 280
14 59 28 44 7 21 0 0.00 0.0 0 8.0 21 200 M M 0 31 190
15 63 33 48 12 17 0 0.00 0.0 0 4.8 15 210 M M 1 23 200
16 66 35 51 15 14 0 0.00 0.0 0 13.7 25 200 M M 1 44 210
17 53 25 39 3 26 0 T 0.0 0 8.4 24 350 M M 3 35 350
18 54 28 41 6 24 0 0.00 0.0 0 8.0 15 260 M M 0 21 280
19 47 25 36 1 29 0 0.00 0.0 0 5.7 13 40 M M 0 16 20
20 46 30 38 4 27 0 0.00 0.0 0 8.0 15 40 M M 1 20 40
21 43 29 36 2 29 0 0.08 T 0 6.8 15 50 M M 8 1 19 20
22 42 31 37 4 28 0 0.00 0.0 0 7.0 14 310 M M 2 19 290
23 41 20 31 -2 34 0 0.00 0.0 0 9.0 17 360 M M 1 26 340
24 32 18 25 -7 40 0 0.00 0.0 0 7.1 14 300 M M 0 18 320
25 32 17 25 -7 40 0 0.01 0.2 T 5.3 12 240 M M 6 1 16 230
26 31 24 28 -4 37 0 0.14 1.8 2 7.3 22 270 M M 10 1 29 270
27 24 11 18 -13 47 0 T T 2 13.6 24 290 M M 6 34 290
28 22 10 16 -15 49 0 0.00 0.0 2 10.9 17 210 M M 3 26 290
29 40 19 30 0 35 0 0.00 0.0 T 8.3 15 250 M M 2 25 230
30 46 24 35 5 30 0 0.00 0.0 0 6.6 14 300 M M 0 18 280
================================================================================
SM 1392 841 826 0 0.50 2.0 249.5 M 108
================================================================================
AV 46.4 28.0 8.3 FASTST M M 4 MAX(MPH)
MISC ----> 33 280 45 280
================================================================================
NOTES:
# LAST OF SEVERAL OCCURRENCES
COLUMN 17 PEAK WIND IN M.P.H.
PRELIMINARY LOCAL CLIMATOLOGICAL DATA (WS FORM: F-6) , PAGE 2
STATION: GREEN BAY WI
MONTH: NOVEMBER
YEAR: 2023
LATITUDE: 44 28 N
LONGITUDE: 88 8 W
[TEMPERATURE DATA] [PRECIPITATION DATA] SYMBOLS USED IN COLUMN 16
AVERAGE MONTHLY: 37.2 TOTAL FOR MONTH: 0.50 1 = FOG OR MIST
DPTR FM NORMAL: 1.0 DPTR FM NORMAL: -1.48 2 = FOG REDUCING VISIBILITY
HIGHEST: 68 ON 6 GRTST 24HR 0.19 ON 8- 8 TO 1/4 MILE OR LESS
LOWEST: 10 ON 28 3 = THUNDER
SNOW, ICE PELLETS, HAIL 4 = ICE PELLETS
TOTAL MONTH: 2.7 INCHES 5 = HAIL
GRTST 24HR 1.8 ON 26-26 6 = FREEZING RAIN OR DRIZZLE
GRTST DEPTH: 2 ON 28,27 7 = DUSTSTORM OR SANDSTORM:
VSBY 1/2 MILE OR LESS
8 = SMOKE OR HAZE
[NO. OF DAYS WITH] [WEATHER - DAYS WITH] 9 = BLOWING SNOW
X = TORNADO
MAX 32 OR BELOW: 5 0.01 INCH OR MORE: 6
MAX 90 OR ABOVE: 0 0.10 INCH OR MORE: 2
MIN 32 OR BELOW: 21 0.50 INCH OR MORE: 0
MIN 0 OR BELOW: 0 1.00 INCH OR MORE: 0
[HDD (BASE 65) ]
TOTAL THIS MO. 826 CLEAR (SCALE 0-3) 17
DPTR FM NORMAL -38 PTCLDY (SCALE 4-7) 11
TOTAL FM JUL 1 1381 CLOUDY (SCALE 8-10) 2
DPTR FM NORMAL -200
[CDD (BASE 65) ]
TOTAL THIS MO. 0
DPTR FM NORMAL 0 [PRESSURE DATA]
TOTAL FM JAN 1 624 HIGHEST SLP 30.57 ON 24
DPTR FM NORMAL 116 LOWEST SLP 29.48 ON 6
[REMARKS]
#FINAL-11-23#