000
CXGM50 PGUM 010030
CF6GSN
PRELIMINARY LOCAL CLIMATOLOGICAL DATA (WS FORM: F-6)
STATION: SAIPAN/ISLEY_(CGS) MP
MONTH: FEBRUARY
YEAR: 2024
LATITUDE: 15 7 N
LONGITUDE: 145-44 E
TEMPERATURE IN F: :PCPN: SNOW: WIND :SUNSHINE: SKY :PK WND
================================================================================
1 2 3 4 5 6A 6B 7 8 9 10 11 12 13 14 15 16 17 18
12Z AVG MX 2MIN
DY MAX MIN AVG DEP HDD CDD WTR SNW DPTH SPD SPD DIR MIN PSBL S-S WX SPD DR
================================================================================
1 86 73 80 1 0 15 0.09 0.0 0 17.7 30 80 M M 6 40 80
2 85 74 80 1 0 15 0.12 0.0 0 18.9 28 90 M M 5 36 70
3 86 76 81 2 0 16 T 0.0 0 18.4 25 70 M M 4 33 70
4 87 77 82 3 0 17 0.01 0.0 0 22.0 28 70 M M 5 38 70
5 86 77 82 3 0 17 0.01 0.0 0 19.2 26 70 M M 5 34 80
6 86 75 81 2 0 16 T 0.0 0 11.3 21 80 M M 4 28 90
7 85 74 80 1 0 15 T 0.0 0 10.3 20 50 M M 3 25 30
8 87 74 81 2 0 16 T 0.0 0 12.4 17 80 M M 3 24 90
9 86 77 82 3 0 17 0.00 0.0 0 13.5 20 90 M M 2 28 80
10 86 77 82 3 0 17 0.00 0.0 0 17.4 25 60 M M 3 32 60
11 87 77 82 3 0 17 T 0.0 0 15.1 21 80 M M 3 28 90
12 87 76 82 3 0 17 T 0.0 0 13.6 20 70 M M 3 26 60
13 87 74 81 2 0 16 0.07 0.0 0 18.9 28 70 M M 3 35 50
14 85 72 79 0 0 14 0.52 0.0 0 20.5 30 70 M M 9 40 40
15 85 75 80 1 0 15 0.03 0.0 0 20.1 26 60 M M 5 36 80
16 87 75 81 2 0 16 0.09 0.0 0 16.1 23 70 M M 4 30 70
17 85 75 80 1 0 15 0.17 0.0 0 11.1 16 70 M M 6 23 70
18 83 75 79 0 0 14 0.19 0.0 0 10.6 20 60 M M 8 25 40
19 85 75 80 1 0 15 0.02 0.0 0 18.1 26 40 M M 8 33 50
20 85 76 81 2 0 16 0.02 0.0 0 20.1 28 70 M M 6 37 60
21 85 74 80 1 0 15 0.09 0.0 0 20.4 30 80 M M 7 38 80
22 85 75 80 1 0 15 0.24 0.0 0 19.6 26 80 M M 6 36 80
23 84 76 80 1 0 15 0.15 0.0 0 16.0 24 70 M M 5 32 80
24 86 75 81 2 0 16 0.06 0.0 0 16.2 25 70 M M 7 32 60
25 86 75 81 2 0 16 0.00 0.0 0 12.5 21 60 M M 3 27 60
26 85 73 79 0 0 14 0.00 0.0 0 8.4 15 40 M M 2 22 60
27 86 72 79 0 0 14 0.00 0.0 0 7.8 15 340 M M 1 21 340
28 87 74 81 2 0 16 0.01 0.0 0 12.3 22 40 M M 4 28 40
29 85 75 80 1 0 15 0.00 0.0 0 18.3 25 40 M M 4 35 40
================================================================================
SM 2485 2173 0 452 1.89 0.0 456.8 M 134
================================================================================
AV 85.7 74.9 15.8 FASTST M M 5 MAX(MPH)
MISC ----> # 30 80 # 40 80
================================================================================
NOTES:
# LAST OF SEVERAL OCCURRENCES
COLUMN 17 PEAK WIND IN M.P.H.
PRELIMINARY LOCAL CLIMATOLOGICAL DATA (WS FORM: F-6) , PAGE 2
STATION: SAIPAN/ISLEY_(CGS) MP
MONTH: FEBRUARY
YEAR: 2024
LATITUDE: 15 7 N
LONGITUDE: 145-44 E
[TEMPERATURE DATA] [PRECIPITATION DATA] SYMBOLS USED IN COLUMN 16
AVERAGE MONTHLY: 80.3 TOTAL FOR MONTH: 1.89 1 = FOG OR MIST
DPTR FM NORMAL: 1.2 DPTR FM NORMAL: -0.61 2 = FOG REDUCING VISIBILITY
HIGHEST: 87 ON 28,16 GRTST 24HR 0.55 ON 13-14 TO 1/4 MILE OR LESS
LOWEST: 72 ON 27,14 3 = THUNDER
SNOW, ICE PELLETS, HAIL 4 = ICE PELLETS
TOTAL MONTH: 0.0 INCH 5 = HAIL
GRTST 24HR 0.0 6 = FREEZING RAIN OR DRIZZLE
GRTST DEPTH: 0 7 = DUSTSTORM OR SANDSTORM:
VSBY 1/2 MILE OR LESS
8 = SMOKE OR HAZE
[NO. OF DAYS WITH] [WEATHER - DAYS WITH] 9 = BLOWING SNOW
X = TORNADO
MAX 32 OR BELOW: 0 0.01 INCH OR MORE: 17
MAX 90 OR ABOVE: 0 0.10 INCH OR MORE: 6
MIN 32 OR BELOW: 0 0.50 INCH OR MORE: 1
MIN 0 OR BELOW: 0 1.00 INCH OR MORE: 0
[HDD (BASE 65) ]
TOTAL THIS MO. 0 CLEAR (SCALE 0-3) 7
DPTR FM NORMAL 0 PTCLDY (SCALE 4-7) 21
TOTAL FM JUL 1 6 CLOUDY (SCALE 8-10) 1
DPTR FM NORMAL 6
[CDD (BASE 65) ]
TOTAL THIS MO. 452
DPTR FM NORMAL 59 [PRESSURE DATA]
TOTAL FM JAN 1 927 HIGHEST SLP 30.12 ON 1
DPTR FM NORMAL 86 LOWEST SLP 30.03 ON 1
[REMARKS]
#FINAL-02-24#