000
CXGM50 PGUM 032235
CF6GSN
PRELIMINARY LOCAL CLIMATOLOGICAL DATA (WS FORM: F-6)
STATION: SAIPAN/ISLEY_(CGS) MP
MONTH: OCTOBER
YEAR: 2021
LATITUDE: 15 7 N
LONGITUDE: 145-44 E
TEMPERATURE IN F: :PCPN: SNOW: WIND :SUNSHINE: SKY :PK WND
================================================================================
1 2 3 4 5 6A 6B 7 8 9 10 11 12 13 14 15 16 17 18
12Z AVG MX 2MIN
DY MAX MIN AVG DEP HDD CDD WTR SNW DPTH SPD SPD DIR MIN PSBL S-S WX SPD DR
================================================================================
1 91 79 85 3 0 20 0.11 0.0 0 8.6 17 70 M M 4 21 60
2 90 79 85 3 0 20 0.23 0.0 0 12.0 18 70 M M 4 3 22 80
3 90 76 83 1 0 18 0.10 0.0 0 11.5 26 60 M M 6 33 70
4 84 75 80 -2 0 15 2.18 0.0 0 12.5 30 90 M M 8 39 80
5 86 77 82 0 0 17 0.25 0.0 0 10.1 22 90 M M 6 28 80
6 86 74 80 -2 0 15 1.00 0.0 0 8.2 21 180 M M 5 26 240
7 87 74 81 -1 0 16 0.13 0.0 0 7.8 15 170 M M 4 21 170
8 83 77 80 -2 0 15 0.71 0.0 0 8.1 21 140 M M 5 26 130
9 88 80 84 2 0 19 0.05 0.0 0 9.8 16 70 M M 5 19 80
10 88 78 83 1 0 18 0.14 0.0 0 5.6 18 40 M M 3 24 40
11 89 79 84 2 0 19 0.26 0.0 0 10.6 21 70 M M 4 27 70
12 88 79 84 2 0 19 0.22 0.0 0 6.6 18 80 M M 3 22 30
13 87 76 82 0 0 17 0.39 0.0 0 6.2 15 140 M M 5 20 150
14 88 81 85 3 0 20 0.10 0.0 0 9.2 18 200 M M 3 24 200
15 89 80 85 3 0 20 0.02 0.0 0 12.7 20 190 M M 4 26 190
16 89 79 84 2 0 19 0.22 0.0 0 8.7 20 210 M M 5 27 210
17 89 81 85 3 0 20 0.04 0.0 0 5.3 10 200 M M 4 13 210
18 89 79 84 2 0 19 0.01 0.0 0 3.4 10 350 M M 3 13 340
19 89 78 84 2 0 19 0.21 0.0 0 6.9 13 120 M M 3 16 130
20 88 77 83 1 0 18 0.41 0.0 0 5.9 15 40 M M 4 19 50
21 88 79 84 2 0 19 0.01 0.0 0 7.0 14 60 M M 2 17 40
22 89 78 84 2 0 19 0.20 0.0 0 8.8 17 80 M M 3 22 80
23 88 78 83 1 0 18 0.99 0.0 0 7.3 17 110 M M 6 21 120
24 80 76 78 -4 0 13 0.65 0.0 0 9.8 24 170 M M 7 33 170
25 88 79 84 2 0 19 0.00 0.0 0 9.6 16 120 M M 4 22 120
26 88 79 84 2 0 19 0.00 0.0 0 6.9 13 120 M M 2 15 150
27 89 76 83 1 0 18 0.23 0.0 0 8.5 16 140 M M 4 24 180
28 88 79 84 2 0 19 0.36 0.0 0 6.9 14 120 M M 3 15 110
29 89 78 84 2 0 19 0.00 0.0 0 6.1 12 60 M M 2 16 70
30 89 78 84 2 0 19 0.26 0.0 0 12.7 24 80 M M 4 30 70
31 89 75 82 0 0 17 0.59 0.0 0 11.5 23 80 M M 4 30 140
================================================================================
SM 2723 2413 0 562 10.07 0.0 264.8 M 129
================================================================================
AV 87.8 77.8 8.5 FASTST M M 4 MAX(MPH)
MISC ----> 30 90 39 80
================================================================================
NOTES:
# LAST OF SEVERAL OCCURRENCES
COLUMN 17 PEAK WIND IN M.P.H.
PRELIMINARY LOCAL CLIMATOLOGICAL DATA (WS FORM: F-6) , PAGE 2
STATION: SAIPAN/ISLEY_(CGS) MP
MONTH: OCTOBER
YEAR: 2021
LATITUDE: 15 7 N
LONGITUDE: 145-44 E
[TEMPERATURE DATA] [PRECIPITATION DATA] SYMBOLS USED IN COLUMN 16
AVERAGE MONTHLY: 82.8 TOTAL FOR MONTH: 10.07 1 = FOG OR MIST
DPTR FM NORMAL: 1.0 DPTR FM NORMAL: -0.65 2 = FOG REDUCING VISIBILITY
HIGHEST: 91 ON 1 GRTST 24HR 2.34 ON 4- 5 TO 1/4 MILE OR LESS
LOWEST: 74 ON 7, 6 3 = THUNDER
SNOW, ICE PELLETS, HAIL 4 = ICE PELLETS
TOTAL MONTH: 0.0 INCH 5 = HAIL
GRTST 24HR 0.0 6 = FREEZING RAIN OR DRIZZLE
GRTST DEPTH: 0 7 = DUSTSTORM OR SANDSTORM:
VSBY 1/2 MILE OR LESS
8 = SMOKE OR HAZE
[NO. OF DAYS WITH] [WEATHER - DAYS WITH] 9 = BLOWING SNOW
X = TORNADO
MAX 32 OR BELOW: 0 0.01 INCH OR MORE: 28
MAX 90 OR ABOVE: 3 0.10 INCH OR MORE: 23
MIN 32 OR BELOW: 0 0.50 INCH OR MORE: 6
MIN 0 OR BELOW: 0 1.00 INCH OR MORE: 2
[HDD (BASE 65) ]
TOTAL THIS MO. 0 CLEAR (SCALE 0-3) 6
DPTR FM NORMAL 0 PTCLDY (SCALE 4-7) 25
TOTAL FM JUL 1 0 CLOUDY (SCALE 8-10) 0
DPTR FM NORMAL 0
[CDD (BASE 65) ]
TOTAL THIS MO. 562
DPTR FM NORMAL 40 [PRESSURE DATA]
TOTAL FM JAN 1 5788 HIGHEST SLP 29.95 ON 1
DPTR FM NORMAL 723 LOWEST SLP 29.84 ON 1
[REMARKS]
#FINAL-10-21#