000
CXGM50 PGUM 011630
CF6GSN
PRELIMINARY LOCAL CLIMATOLOGICAL DATA (WS FORM: F-6)
STATION: SAIPAN/ISLEY_(CGS) MP
MONTH: DECEMBER
YEAR: 2020
LATITUDE: 15 7 N
LONGITUDE: 145-44 E
TEMPERATURE IN F: :PCPN: SNOW: WIND :SUNSHINE: SKY :PK WND
================================================================================
1 2 3 4 5 6A 6B 7 8 9 10 11 12 13 14 15 16 17 18
12Z AVG MX 2MIN
DY MAX MIN AVG DEP HDD CDD WTR SNW DPTH SPD SPD DIR MIN PSBL S-S WX SPD DR
================================================================================
1 88 79 84 M 0 19 0.03 M M 16.2 26 100 M M 4 35 100
2 85 76 81 M 0 16 1.68 M M 15.2 29 100 M M 4 1 34 100
3 84 78 81 M 0 16 3.27 M M 9.3 22 120 M M 7 1 29 120
4 87 78 83 M 0 18 0.70 M M 12.0 21 110 M M 4 1 27 120
5 88 78 83 M 0 18 0.18 M M 12.8 22 100 M M 4 27 100
6 88 79 84 M 0 19 0.15 M M 14.6 23 110 M M 5 3 30 110
7 86 77 82 M 0 17 0.50 M M 15.0 24 90 M M 7 1 30 80
8 87 79 83 M 0 18 0.00 M M 16.0 21 70 M M 3 26 80
9 88 79 84 M 0 19 T M M 13.7 21 70 M M 2 26 70
10 87 78 83 M 0 18 0.07 M M 12.4 23 80 M M 4 29 80
11 87 77 82 M 0 17 T M M 9.4 17 110 M M 4 23 80
12 87 78 83 M 0 18 T M M 11.8 20 80 M M 3 23 100
13 87 77 82 M 0 17 0.11 M M 10.9 21 80 M M 4 25 80
14 86 79 83 M 0 18 T M M 14.5 20 80 M M 3 25 80
15 89 80 85 M 0 20 0.00 M M 15.8 23 70 M M 2 27 90
16 87 76 82 M 0 17 0.09 M M 17.5 28 100 M M 4 36 90
17 89 80 85 M 0 20 0.00 M M 19.2 23 70 M M 3 30 50
18 88 79 84 M 0 19 0.15 M M 17.9 29 80 M M 5 35 80
19 88 79 84 M 0 19 T M M 17.6 26 100 M M 4 33 90
20 88 78 83 M 0 18 0.09 M M 18.4 28 80 M M 4 1 36 100
21 88 78 83 M 0 18 0.01 M M 20.7 33 80 M M 3 41 80
22 88 79 84 M 0 19 0.14 M M 23.1 32 70 M M 5 1 40 60
23 87 77 82 M 0 17 0.56 M M 21.9 36 70 M M 8 1 45 70
24 87 80 84 M 0 19 T M M 19.2 26 80 M M 4 31 80
25 88 79 84 M 0 19 0.00 M M 11.3 21 90 M M 3 26 90
26 87 77 82 M 0 17 0.05 M M 15.0 22 70 M M 3 26 60
27 85 77 81 M 0 16 0.08 M M 17.6 30 80 M M 6 40 80
28 88 80 84 M 0 19 T M M 18.3 28 90 M M 4 35 90
29 87 76 82 M 0 17 0.05 M M 12.1 20 100 M M 3 26 100
30 87 78 83 M 0 18 0.00 M M 10.5 16 110 M M 3 19 120
31 86 76 81 M 0 16 0.00 M M 9.5 14 70 M M 3 17 120
================================================================================
SM 2702 2421 0 556 7.91 M 469.4 M 125
================================================================================
AV 87.2 78.1 15.1 FASTST M M 4 MAX(MPH)
MISC ----> 36 70 45 70
================================================================================
NOTES:
# LAST OF SEVERAL OCCURRENCES
COLUMN 17 PEAK WIND IN M.P.H.
PRELIMINARY LOCAL CLIMATOLOGICAL DATA (WS FORM: F-6) , PAGE 2
STATION: SAIPAN/ISLEY_(CGS) MP
MONTH: DECEMBER
YEAR: 2020
LATITUDE: 15 7 N
LONGITUDE: 145-44 E
[TEMPERATURE DATA] [PRECIPITATION DATA] SYMBOLS USED IN COLUMN 16
AVERAGE MONTHLY: 82.6 TOTAL FOR MONTH: 7.91 1 = FOG OR MIST
DPTR FM NORMAL: 0.0 DPTR FM NORMAL: 3.70 2 = FOG REDUCING VISIBILITY
HIGHEST: 89 ON 17,15 GRTST 24HR 4.12 ON 2- 3 TO 1/4 MILE OR LESS
LOWEST: 76 ON 31,29 3 = THUNDER
SNOW, ICE PELLETS, HAIL 4 = ICE PELLETS
TOTAL MONTH: M 5 = HAIL
GRTST 24HR M ON M 6 = FREEZING RAIN OR DRIZZLE
GRTST DEPTH: M ON M 7 = DUSTSTORM OR SANDSTORM:
VSBY 1/2 MILE OR LESS
8 = SMOKE OR HAZE
[NO. OF DAYS WITH] [WEATHER - DAYS WITH] 9 = BLOWING SNOW
X = TORNADO
MAX 32 OR BELOW: 0 0.01 INCH OR MORE: 18
MAX 90 OR ABOVE: 0 0.10 INCH OR MORE: 10
MIN 32 OR BELOW: 0 0.50 INCH OR MORE: 5
MIN 0 OR BELOW: 0 1.00 INCH OR MORE: 2
[HDD (BASE 65) ]
TOTAL THIS MO. 0 CLEAR (SCALE 0-3) 8
DPTR FM NORMAL M PTCLDY (SCALE 4-7) 22
TOTAL FM JUL 1 0 CLOUDY (SCALE 8-10) 1
DPTR FM NORMAL M
[CDD (BASE 65) ]
TOTAL THIS MO. 556
DPTR FM NORMAL M [PRESSURE DATA]
TOTAL FM JAN 1 2843 HIGHEST SLP 29.98 ON 1
DPTR FM NORMAL M LOWEST SLP 29.88 ON 1
[REMARKS]
#FINAL-12-20#