000
CXUS52 KGSP 010817
CF6GSP
PRELIMINARY LOCAL CLIMATOLOGICAL DATA (WS FORM: F-6)
STATION: GREENVILLE-SPARTANBURG SC
MONTH: APRIL
YEAR: 2022
LATITUDE: 34 54 N
LONGITUDE: 82 13 W
TEMPERATURE IN F: :PCPN: SNOW: WIND :SUNSHINE: SKY :PK WND
================================================================================
1 2 3 4 5 6A 6B 7 8 9 10 11 12 13 14 15 16 17 18
12Z AVG MX 2MIN
DY MAX MIN AVG DEP HDD CDD WTR SNW DPTH SPD SPD DIR MIN PSBL S-S WX SPD DR
================================================================================
1 71 48 60 3 5 0 0.00 0.0 0 9.7 20 240 M M 0 30 240
2 61 37 49 -8 16 0 0.00 0.0 0 5.5 12 50 M M 2 16 70
3 72 39 56 -2 9 0 0.00 0.0 0 4.6 13 300 M M 0 19 10
4 69 39 54 -4 11 0 0.00 0.0 0 4.8 14 200 M M 0 17 230
5 61 40 51 -7 14 0 1.22 0.0 0 4.9 21 140 M M 6 13 30 180
6 77 56 67 9 0 2 0.05 0.0 0 11.3 21 200 M M 6 3 24 240
7 73 49 61 2 4 0 0.28 0.0 0 9.8 23 240 M M 5 13 32 230
8 61 39 50 -9 15 0 0.00 0.0 0 12.0 29 230 M M 4 37 210
9 53 33 43 -16 22 0 0.00 0.0 0 8.0 25 260 M M 3 36 270
10 70 28 49 -11 16 0 0.00 0.0 0 4.3 14 190 M M 0 18 230
11 78 43 61 1 4 0 0.00 0.0 0 8.3 28 240 M M 1 34 250
12 79 51 65 5 0 0 0.00 0.0 0 4.6 16 210 M M 2 23 200
13 80 58 69 9 0 4 0.00 0.0 0 8.5 23 200 M M 3 28 200
14 80 52 66 5 0 1 0.00 0.0 0 7.5 21 210 M M 6 18 26 220
15 75 42 59 -2 6 0 0.00 0.0 0 5.8 14 80 M M 0 20 100
16 72 51 62 1 3 0 0.04 0.0 0 5.9 15 220 M M 5 1 19 240
17 79 50 65 4 0 0 0.39 0.0 0 4.5 14 20 M M 4 12 18 120
18 60 47 54 -8 11 0 2.41 0.0 0 10.4 23 60 M M 8 1 28 20
19 65 36 51 -11 14 0 0.00 0.0 0 4.8 16 340 M M 0 27 350
20 68 36 52 -10 13 0 0.00 0.0 0 5.8 12 150 M M 0 17 140
21 74 51 63 1 2 0 0.00 0.0 0 4.3 14 220 M M 3 19 240
22 83 50 67 4 0 2 0.00 0.0 0 2.6 10 170 M M 1 1 13 120
23 82 58 70 7 0 5 0.00 0.0 0 5.9 15 200 M M 0 21 190
24 80 56 68 5 0 3 0.00 0.0 0 6.7 15 190 M M 2 20 220
25 84 56 70 6 0 5 0.00 0.0 0 8.1 18 210 M M 1 24 210
26 83 56 70 6 0 5 0.10 0.0 0 8.2 28 270 M M 1 38 38 290
27 75 45 60 -4 5 0 0.00 0.0 0 4.8 13 360 M M 0 18 360
28 77 43 60 -4 5 0 0.00 0.0 0 4.5 10 180 M M 0 14 200
29 79 47 63 -2 2 0 0.00 0.0 0 4.5 17 210 M M 1 22 260
30 81 54 68 3 0 3 0.00 0.0 0 7.5 16 200 M M 1 21 220
================================================================================
SM 2202 1390 177 30 4.49 0.0 198.1 M 65
================================================================================
AV 73.4 46.3 6.6 FASTST M M 2 MAX(MPH)
MISC ----> 29 230 38 290
================================================================================
NOTES:
# LAST OF SEVERAL OCCURRENCES
COLUMN 17 PEAK WIND IN M.P.H.
PRELIMINARY LOCAL CLIMATOLOGICAL DATA (WS FORM: F-6) , PAGE 2
STATION: GREENVILLE-SPARTANBURG SC
MONTH: APRIL
YEAR: 2022
LATITUDE: 34 54 N
LONGITUDE: 82 13 W
[TEMPERATURE DATA] [PRECIPITATION DATA] SYMBOLS USED IN COLUMN 16
AVERAGE MONTHLY: 59.9 TOTAL FOR MONTH: 4.49 1 = FOG OR MIST
DPTR FM NORMAL: -1.1 DPTR FM NORMAL: 0.45 2 = FOG REDUCING VISIBILITY
HIGHEST: 84 ON 25 GRTST 24HR 2.80 ON 17-18 TO 1/4 MILE OR LESS
LOWEST: 28 ON 10 3 = THUNDER
SNOW, ICE PELLETS, HAIL 4 = ICE PELLETS
TOTAL MONTH: 0.0 INCH 5 = HAIL
GRTST 24HR 0.0 6 = FREEZING RAIN OR DRIZZLE
GRTST DEPTH: 0 7 = DUSTSTORM OR SANDSTORM:
VSBY 1/2 MILE OR LESS
8 = SMOKE OR HAZE
[NO. OF DAYS WITH] [WEATHER - DAYS WITH] 9 = BLOWING SNOW
X = TORNADO
MAX 32 OR BELOW: 0 0.01 INCH OR MORE: 7
MAX 90 OR ABOVE: 0 0.10 INCH OR MORE: 5
MIN 32 OR BELOW: 1 0.50 INCH OR MORE: 2
MIN 0 OR BELOW: 0 1.00 INCH OR MORE: 2
[HDD (BASE 65) ]
TOTAL THIS MO. 177 CLEAR (SCALE 0-3) 20
DPTR FM NORMAL 14 PTCLDY (SCALE 4-7) 10
TOTAL FM JUL 1 2687 CLOUDY (SCALE 8-10) 0
DPTR FM NORMAL -289
[CDD (BASE 65) ]
TOTAL THIS MO. 30
DPTR FM NORMAL -12 [PRESSURE DATA]
TOTAL FM JAN 1 38 HIGHEST SLP 30.47 ON 21
DPTR FM NORMAL -14 LOWEST SLP 29.58 ON 7
[REMARKS]
#FINAL-04-22#