000
CXUS52 KFFC 011010
CF6GVL
PRELIMINARY LOCAL CLIMATOLOGICAL DATA (WS FORM: F-6)
STATION: GAINESVILLE
MONTH: JUNE
YEAR: 2021
LATITUDE: 34 16 N
LONGITUDE: 83 50 W
TEMPERATURE IN F: :PCPN: SNOW: WIND :SUNSHINE: SKY :PK WND
================================================================================
1 2 3 4 5 6A 6B 7 8 9 10 11 12 13 14 15 16 17 18
12Z AVG MX 2MIN
DY MAX MIN AVG DEP HDD CDD WTR SNW DPTH SPD SPD DIR MIN PSBL S-S WX SPD DR
================================================================================
1 79 56 68 -5 0 3 0.00 M M 4.0 12 100 M M 2 15 90
2 78 61 70 -3 0 5 0.00 M M 3.9 8 120 M M 4 13 190
3 84 65 75 2 0 10 0.04 M M 3.5 10 300 M M 6 18 14 260
4 86 66 76 3 0 11 0.00 M M 4.9 13 250 M M 1 17 240
5 87 69 78 4 0 13 0.09 M M 3.1 9 90 M M 3 15 100
6 85 70 78 4 0 13 0.09 M M 5.2 17 130 M M 5 36 140
7 83 69 76 2 0 11 0.16 M M 4.6 10 130 M M 7 13 14 130
8 86 69 78 4 0 13 0.18 0.0 M 4.5 17 240 M M 7 123 26 260
9 85 67 76 1 0 11 T 0.0 M 5.3 21 280 M M 5 13 34 280
10 83 68 76 1 0 11 0.65 0.0 M 5.4 13 290 M M 6 138 18 220
11 83 70 77 2 0 12 T 0.0 M 8.3 15 260 M M 7 21 280
12 90 72 81 6 0 16 0.00 M M 8.4 17 80 M M 3 3 25 60
13 88 70 79 4 0 14 0.00 M M 5.2 12 80 M M 4 16 100
14 90 71 81 5 0 16 T M M 4.7 18 290 M M 1 3 25 300
15 89 69 79 3 0 14 0.00 M M M M M M M 0 M M
16 85 62 74 -2 0 9 0.00 M M M M M M M 2 M M
17 86 63 75 -1 0 10 0.00 M M M M M M M 0 M M
18 89 65 77 1 0 12 0.00 M M M M M M M 2 M M
19 80 67 74 -2 0 9 1.24 M M 5.8 16 80 M M 6 1 26 60
20 82 68 75 -2 0 10 0.49 M M 6.1 16 90 M M 8 18 24 70
21 88 70 79 2 0 14 0.38 M M 8.4 21 240 M M 6 13 30 260
22 80 65 73 -4 0 8 0.21 M M 8.8 15 310 M M 6 1 23 230
23 83 60 72 -5 0 7 0.00 M M 6.9 14 100 M M 4 20 90
24 81 67 74 -3 0 9 0.00 M M 8.1 15 70 M M 5 20 100
25 82 66 74 -3 0 9 0.00 M M 5.9 12 90 M M 2 16 80
26 85 64 75 -3 0 10 0.00 M M 6.5 13 80 M M 2 19 110
27 86 72 79 1 0 14 0.31 M M 4.5 15 90 M M 6 1 18 120
28 89 71 80 2 0 15 0.00 M M 5.7 13 80 M M 3 19 90
29 85 71 78 0 0 13 0.07 M M 5.8 14 40 M M 6 18 21 80
30 89 70 80 2 0 15 0.00 M M 2.4 18 150 M M 2 38 35 150
================================================================================
SM 2546 2013 0 337 3.91 0.0 145.9 M 121
================================================================================
AV 84.9 67.1 5.6 FASTST M M 4 MAX(MPH)
MISC ----> # 21 280 36 140
================================================================================
NOTES:
# LAST OF SEVERAL OCCURRENCES
COLUMN 17 PEAK WIND IN M.P.H.
PRELIMINARY LOCAL CLIMATOLOGICAL DATA (WS FORM: F-6) , PAGE 2
STATION: GAINESVILLE
MONTH: JUNE
YEAR: 2021
LATITUDE: 34 16 N
LONGITUDE: 83 50 W
[TEMPERATURE DATA] [PRECIPITATION DATA] SYMBOLS USED IN COLUMN 16
AVERAGE MONTHLY: 76.0 TOTAL FOR MONTH: 3.91 1 = FOG OR MIST
DPTR FM NORMAL: 0.3 DPTR FM NORMAL: -0.32 2 = FOG REDUCING VISIBILITY
HIGHEST: 90 ON 14,12 GRTST 24HR 1.72 ON 19-20 TO 1/4 MILE OR LESS
LOWEST: 56 ON 1 3 = THUNDER
SNOW, ICE PELLETS, HAIL 4 = ICE PELLETS
TOTAL MONTH: 0.0 INCH 5 = HAIL
GRTST 24HR 0.0 6 = FREEZING RAIN OR DRIZZLE
GRTST DEPTH: M ON M 7 = DUSTSTORM OR SANDSTORM:
VSBY 1/2 MILE OR LESS
8 = SMOKE OR HAZE
[NO. OF DAYS WITH] [WEATHER - DAYS WITH] 9 = BLOWING SNOW
X = TORNADO
MAX 32 OR BELOW: 0 0.01 INCH OR MORE: 12
MAX 90 OR ABOVE: 2 0.10 INCH OR MORE: 8
MIN 32 OR BELOW: 0 0.50 INCH OR MORE: 2
MIN 0 OR BELOW: 0 1.00 INCH OR MORE: 1
[HDD (BASE 65) ]
TOTAL THIS MO. 0 CLEAR (SCALE 0-3) 13
DPTR FM NORMAL -2 PTCLDY (SCALE 4-7) 17
TOTAL FM JUL 1 2618 CLOUDY (SCALE 8-10) 0
DPTR FM NORMAL -381
[CDD (BASE 65) ]
TOTAL THIS MO. 337
DPTR FM NORMAL 14 [PRESSURE DATA]
TOTAL FM JAN 1 510 HIGHEST SLP 30.31 ON 1
DPTR FM NORMAL -11 LOWEST SLP 29.74 ON 12
[REMARKS]
#FINAL-06-21#