000
CXUS55 KBOU 010900
CF6GXY
PRELIMINARY LOCAL CLIMATOLOGICAL DATA (WS FORM: F-6)
STATION: GREELEY CO
MONTH: SEPTEMBER
YEAR: 2023
LATITUDE: 40 25 N
LONGITUDE: 104 38 W
TEMPERATURE IN F: :PCPN: SNOW: WIND :SUNSHINE: SKY :PK WND
================================================================================
1 2 3 4 5 6A 6B 7 8 9 10 11 12 13 14 15 16 17 18
12Z AVG MX 2MIN
DY MAX MIN AVG DEP HDD CDD WTR SNW DPTH SPD SPD DIR MIN PSBL S-S WX SPD DR
================================================================================
1 98 52 75 M 0 10 M M M 5.8 14 300 M M 0 8 M M
2 95 56 76 M 0 11 M M M 4.5 9 270 M M 0 M M
3 93 61 77 M 0 12 M M M 6.7 28 210 M M 2 3 37 210
4 92 56 74 M 0 9 M M M 8.4 24 320 M M 1 37 340
5 75 50 63 M 2 0 M M M 10.1 20 350 M M 1 8 22 350
6 89 47 68 M 0 3 M M M 4.9 12 110 M M 0 18 M M
7 91 47 69 M 0 4 M M M 4.5 9 360 M M 0 M M
8 93 48 71 M 0 6 M M M 4.9 9 300 M M 0 M M
9 89 45 67 M 0 2 M M M 6.9 14 10 M M 0 22 90
10 62 57 60 M 5 0 M M M 6.2 13 60 M M 7 8 M M
11 74 51 63 M 2 0 M M M 4.0 9 120 M M 6 M M
12 78 41 60 M 5 0 M M M 4.4 8 120 M M 2 12 M M
13 83 43 63 M 2 0 M M M 4.7 12 140 M M 2 18 16 110
14 73 45 59 M 6 0 M M M 8.6 23 350 M M 5 32 340
15 73 45 59 M 6 0 M M M 4.2 10 170 M M 6 M M
16 80 39 60 M 5 0 M M M 4.0 12 210 M M 0 M M
17 87 39 63 M 2 0 M M M 3.8 9 190 M M 0 M M
18 87 47 67 M 0 2 M M M 4.9 15 330 M M 1 M M
19 83 49 66 M 0 1 M M M 5.2 16 250 M M 3 M M
20 86 44 65 M 0 0 M M M 4.9 10 120 M M 1 M M
21 62 58 60 M 5 0 M M M 6.2 16 30 M M 0 M M
22 84 55 70 M 0 5 M M M 7.1 24 360 M M 4 31 360
23 78 42 60 M 5 0 M M M 7.3 20 340 M M 0 8 30 340
24 80 36 58 M 7 0 M M M 3.3 9 300 M M 0 8 M M
25 85 38 62 M 3 0 M M M 3.8 8 30 M M 0 M M
26 84 41 63 M 2 0 M M M 5.0 10 330 M M 0 8 M M
27 89 43 66 M 0 1 M M M 5.6 13 100 M M 0 8 M M
28 89 40 65 M 0 0 M M M 6.1 15 120 M M 0 22 120
29 82 43 63 M 2 0 M M M 6.2 14 110 M M 0 8 20 150
30 89 43 66 M 0 1 M M M 5.8 22 230 M M 0 8 33 210
================================================================================
SM 2503 1401 59 67 M M 168.0 M 41
================================================================================
AV 83.4 46.7 5.6 FASTST M M 1 MAX(MPH)
MISC ----> 28 210 # 37 340
================================================================================
NOTES:
# LAST OF SEVERAL OCCURRENCES
COLUMN 17 PEAK WIND IN M.P.H.
PRELIMINARY LOCAL CLIMATOLOGICAL DATA (WS FORM: F-6) , PAGE 2
STATION: GREELEY CO
MONTH: SEPTEMBER
YEAR: 2023
LATITUDE: 40 25 N
LONGITUDE: 104 38 W
[TEMPERATURE DATA] [PRECIPITATION DATA] SYMBOLS USED IN COLUMN 16
AVERAGE MONTHLY: 65.1 TOTAL FOR MONTH: M 1 = FOG OR MIST
DPTR FM NORMAL: 0.0 DPTR FM NORMAL: M 2 = FOG REDUCING VISIBILITY
HIGHEST: 98 ON 1 GRTST 24HR 0.10 ON 3- 3 TO 1/4 MILE OR LESS
LOWEST: 36 ON 24 3 = THUNDER
SNOW, ICE PELLETS, HAIL 4 = ICE PELLETS
TOTAL MONTH: M 5 = HAIL
GRTST 24HR M ON M 6 = FREEZING RAIN OR DRIZZLE
GRTST DEPTH: M ON M 7 = DUSTSTORM OR SANDSTORM:
VSBY 1/2 MILE OR LESS
8 = SMOKE OR HAZE
[NO. OF DAYS WITH] [WEATHER - DAYS WITH] 9 = BLOWING SNOW
X = TORNADO
MAX 32 OR BELOW: 0 0.01 INCH OR MORE: 0
MAX 90 OR ABOVE: 6 0.10 INCH OR MORE: 0
MIN 32 OR BELOW: 0 0.50 INCH OR MORE: 0
MIN 0 OR BELOW: 0 1.00 INCH OR MORE: 0
[HDD (BASE 65) ]
TOTAL THIS MO. 59 CLEAR (SCALE 0-3) 25
DPTR FM NORMAL M PTCLDY (SCALE 4-7) 5
TOTAL FM JUL 1 68 CLOUDY (SCALE 8-10) 0
DPTR FM NORMAL M
[CDD (BASE 65) ]
TOTAL THIS MO. 67
DPTR FM NORMAL M [PRESSURE DATA]
TOTAL FM JAN 1 652 HIGHEST SLP 30.27 ON 25
DPTR FM NORMAL M LOWEST SLP 29.72 ON 28
[REMARKS]
#FINAL-09-23#