000
CXUS54 KEWX 011010
CF6GYB
PRELIMINARY LOCAL CLIMATOLOGICAL DATA (WS FORM: F-6)
STATION: GIDDINGS-LEE COUNTY AIRPORT
MONTH: APRIL
YEAR: 2022
LATITUDE: 30 10 N
LONGITUDE: 96 59 W
TEMPERATURE IN F: :PCPN: SNOW: WIND :SUNSHINE: SKY :PK WND
================================================================================
1 2 3 4 5 6A 6B 7 8 9 10 11 12 13 14 15 16 17 18
12Z AVG MX 2MIN
DY MAX MIN AVG DEP HDD CDD WTR SNW DPTH SPD SPD DIR MIN PSBL S-S WX SPD DR
================================================================================
1 79 46 63 M 2 0 0.00 M M 5.3 14 130 M M 1 8 20 140
2 81 55 68 M 0 3 0.00 M M 4.5 13 330 M M 2 17 350
3 82 51 67 M 0 2 0.00 M M 5.0 14 150 M M 2 1 17 150
4 78 61 70 M 0 5 0.00 M M 4.8 10 150 M M 8 1 16 150
5 91 70 81 M 0 16 0.00 M M 6.3 12 190 M M 4 18 17 180
6 76 57 67 M 0 2 0.00 M M 12.9 22 360 M M 2 1 32 350
7 74 44 59 M 6 0 0.00 M M 8.7 17 350 M M 0 27 330
8 75 42 59 M 6 0 0.00 M M 7.2 20 320 M M 0 24 320
9 84 40 62 M 3 0 0.00 M M 8.2 15 190 M M 0 25 190
10 80 61 71 M 0 6 0.00 M M 13.2 21 190 M M 4 37 190
11 82 68 75 M 0 10 0.31 M M 11.9 20 180 M M 6 1 38 180
12 85 71 78 M 0 13 0.00 M M 10.6 16 160 M M 6 1 26 160
13 91 63 77 M 0 12 0.00 M M 10.3 17 340 M M 5 24 190
14 81 53 67 M 0 2 0.00 M M 5.7 14 90 M M 0 18 90
15 79 57 68 M 0 3 0.00 M M 4.1 9 210 M M 7 1 M M
16 83 71 77 M 0 12 0.00 M M 3.6 13 200 M M 6 1 17 200
17 86 67 77 M 0 12 0.00 M M 2.8 9 190 M M 5 18 M M
18 77 59 68 M 0 3 0.00 M M 6.6 13 80 M M 1 1 18 50
19 73 53 63 M 2 0 0.00 M M 9.0 15 150 M M 6 21 140
20 83 68 76 M 0 11 0.00 M M 10.8 18 200 M M 6 1 30 190
21 82 70 76 M 0 11 0.00 M M 7.5 12 160 M M 5 1 21 150
22 86 70 78 M 0 13 0.00 M M 11.3 16 180 M M 4 24 170
23 84 69 77 M 0 12 0.00 M M 11.3 16 180 M M 5 26 170
24 86 69 78 M 0 13 0.00 M M 8.5 16 150 M M 6 23 150
25 76 60 68 M 0 3 1.15 M M 6.0 13 60 M M 7 1 24 60
26 75 58 67 M 0 2 0.00 M M 5.1 13 70 M M 7 1 16 20
27 79 59 69 M 0 4 0.00 M M 3.4 7 160 M M 4 16 130
28 85 64 75 M 0 10 0.00 M M 6.7 14 190 M M 5 1 21 190
29 86 69 78 M 0 13 0.00 M M 9.8 14 160 M M 7 22 170
30 87 71 79 M 0 14 M M M 6.1 12 180 M M 6 16 180
================================================================================
SM 2446 1816 19 207 1.46 M 227.3 M 127
================================================================================
AV 81.5 60.5 7.6 FASTST M M 4 MAX(MPH)
MISC ----> 22 360 38 180
================================================================================
NOTES:
# LAST OF SEVERAL OCCURRENCES
COLUMN 17 PEAK WIND IN M.P.H.
PRELIMINARY LOCAL CLIMATOLOGICAL DATA (WS FORM: F-6) , PAGE 2
STATION: GIDDINGS-LEE COUNTY AIRPORT
MONTH: APRIL
YEAR: 2022
LATITUDE: 30 10 N
LONGITUDE: 96 59 W
[TEMPERATURE DATA] [PRECIPITATION DATA] SYMBOLS USED IN COLUMN 16
AVERAGE MONTHLY: 71.0 TOTAL FOR MONTH: 1.46 1 = FOG OR MIST
DPTR FM NORMAL: 0.0 DPTR FM NORMAL: M 2 = FOG REDUCING VISIBILITY
HIGHEST: 91 ON 13, 5 GRTST 24HR 1.15 ON 25-25 TO 1/4 MILE OR LESS
LOWEST: 40 ON 9 3 = THUNDER
SNOW, ICE PELLETS, HAIL 4 = ICE PELLETS
TOTAL MONTH: M 5 = HAIL
GRTST 24HR M ON M 6 = FREEZING RAIN OR DRIZZLE
GRTST DEPTH: M ON M 7 = DUSTSTORM OR SANDSTORM:
VSBY 1/2 MILE OR LESS
8 = SMOKE OR HAZE
[NO. OF DAYS WITH] [WEATHER - DAYS WITH] 9 = BLOWING SNOW
X = TORNADO
MAX 32 OR BELOW: 0 0.01 INCH OR MORE: 2
MAX 90 OR ABOVE: 2 0.10 INCH OR MORE: 2
MIN 32 OR BELOW: 0 0.50 INCH OR MORE: 1
MIN 0 OR BELOW: 0 1.00 INCH OR MORE: 1
[HDD (BASE 65) ]
TOTAL THIS MO. 19 CLEAR (SCALE 0-3) 9
DPTR FM NORMAL M PTCLDY (SCALE 4-7) 21
TOTAL FM JUL 1 1547 CLOUDY (SCALE 8-10) 0
DPTR FM NORMAL M
[CDD (BASE 65) ]
TOTAL THIS MO. 207
DPTR FM NORMAL M [PRESSURE DATA]
TOTAL FM JAN 1 263 HIGHEST SLP M ON M
DPTR FM NORMAL M LOWEST SLP M ON M
[REMARKS]
#FINAL-04-22#