000
CXUS54 KOUN 010810
CF6HBR
PRELIMINARY LOCAL CLIMATOLOGICAL DATA (WS FORM: F-6)
STATION: HOBART
MONTH: JULY
YEAR: 2023
LATITUDE: 35 0 N
LONGITUDE: 99 3 W
TEMPERATURE IN F: :PCPN: SNOW: WIND :SUNSHINE: SKY :PK WND
================================================================================
1 2 3 4 5 6A 6B 7 8 9 10 11 12 13 14 15 16 17 18
12Z AVG MX 2MIN
DY MAX MIN AVG DEP HDD CDD WTR SNW DPTH SPD SPD DIR MIN PSBL S-S WX SPD DR
================================================================================
1 94 66 80 -3 0 15 T M M 12.0 24 220 M M 1 8 31 240
2 97 66 82 -1 0 17 0.00 M M 9.4 16 140 M M 0 20 110
3 100 68 84 1 0 19 0.07 M M 11.4 30 110 M M 1 3 37 100
4 101 70 86 2 0 21 0.00 M M 12.5 22 220 M M 0 30 210
5 96 70 83 -1 0 18 0.86 M M 12.5 25 90 M M 3 3 43 350
6 85 57 71 -13 0 6 0.12 M M 11.0 30 50 M M 0 13 36 50
7 94 62 78 -6 0 13 1.67 M M 13.8 35 340 M M 2 13 45 340
8 89 68 79 -5 0 14 T M M 9.3 17 140 M M 1 3 23 140
9 83 58 71 -13 0 6 0.24 M M 8.4 44 350 M M 1 13 56 350
10 92 56 74 -10 0 9 0.00 0.0 M 9.9 20 140 M M 0 25 150
11 96 64 80 -4 0 15 0.01 0.0 M 14.1 24 210 M M 0 3 33 30
12 104 77 91 7 0 26 0.00 0.0 M 12.5 22 200 M M 0 29 210
13 99 75 87 2 0 22 0.03 M M 9.6 17 160 M M 0 3 24 170
14 95 74 85 0 0 20 0.02 M M 11.6 24 210 M M 1 30 210
15 92 73 83 -2 0 18 0.17 M M 11.9 23 20 M M 2 13 29 10
16 97 73 85 0 0 20 0.00 M M 9.5 17 220 M M 0 8 25 230
17 103 71 87 2 0 22 0.00 M M 11.0 22 220 M M 0 30 210
18 106 72 89 4 0 24 0.00 M M 18.1 33 210 M M 0 45 210
19 105 70 88 3 0 23 0.00 M M 15.0 31 220 M M 0 37 220
20 96 72 84 -1 0 19 0.00 M M 11.4 23 230 M M 0 18 27 230
21 89 71 80 -5 0 15 T M M 10.8 30 10 M M 2 40 10
22 94 65 80 -5 0 15 0.00 M M 7.9 15 140 M M 0 19 130
23 100 64 82 -3 0 17 0.00 M M 13.3 24 220 M M 0 29 220
24 109 69 89 4 0 24 0.00 M M 15.4 28 220 M M 0 31 210
25 109 76 93 8 0 28 0.00 M M 16.2 31 220 M M 0 41 210
26 106 74 90 4 0 25 0.00 M M 15.7 32 220 M M 0 40 220
27 105 76 91 5 0 26 0.00 M M 13.8 15 180 M M 0 M M
28 106 78 92 6 0 27 0.00 M M M M M M M M M M
29 M M M M M M M M M M M M M M M M M
30 106 71 89 3 0 24 0.00 0.0 0 10.5 22 140 M M M 33 140
31 108 72 90 5 0 25 0.00 0.0 0 11.9 25 210 M M M 33 220
================================================================================
SM 2956 2078 0 573 3.19 0.0 350.4 M 14
================================================================================
AV 98.5 69.3 12.1 FASTST M M 1 MAX(MPH)
MISC ----> 44 350 56 350
================================================================================
NOTES:
# LAST OF SEVERAL OCCURRENCES
COLUMN 17 PEAK WIND IN M.P.H.
PRELIMINARY LOCAL CLIMATOLOGICAL DATA (WS FORM: F-6) , PAGE 2
STATION: HOBART
MONTH: JULY
YEAR: 2023
LATITUDE: 35 0 N
LONGITUDE: 99 3 W
[TEMPERATURE DATA] [PRECIPITATION DATA] SYMBOLS USED IN COLUMN 16
AVERAGE MONTHLY: 83.9 TOTAL FOR MONTH: 3.19 1 = FOG OR MIST
DPTR FM NORMAL: -0.8 DPTR FM NORMAL: 0.47 2 = FOG REDUCING VISIBILITY
HIGHEST: 109 ON 25,24 GRTST 24HR 1.67 ON 7- 7 TO 1/4 MILE OR LESS
LOWEST: 56 ON 10 3 = THUNDER
SNOW, ICE PELLETS, HAIL 4 = ICE PELLETS
TOTAL MONTH: 0.0 INCH 5 = HAIL
GRTST 24HR 0.0 6 = FREEZING RAIN OR DRIZZLE
GRTST DEPTH: 0 7 = DUSTSTORM OR SANDSTORM:
VSBY 1/2 MILE OR LESS
8 = SMOKE OR HAZE
[NO. OF DAYS WITH] [WEATHER - DAYS WITH] 9 = BLOWING SNOW
X = TORNADO
MAX 32 OR BELOW: 0 0.01 INCH OR MORE: 9
MAX 90 OR ABOVE: 26 0.10 INCH OR MORE: 5
MIN 32 OR BELOW: 0 0.50 INCH OR MORE: 2
MIN 0 OR BELOW: 0 1.00 INCH OR MORE: 1
[HDD (BASE 65) ]
TOTAL THIS MO. 0 CLEAR (SCALE 0-3) 27
DPTR FM NORMAL 0 PTCLDY (SCALE 4-7) 0
TOTAL FM JUL 1 0 CLOUDY (SCALE 8-10) 4
DPTR FM NORMAL 0
[CDD (BASE 65) ]
TOTAL THIS MO. 573
DPTR FM NORMAL -38 [PRESSURE DATA]
TOTAL FM JAN 1 1192 HIGHEST SLP M ON M
DPTR FM NORMAL -139 LOWEST SLP 29.65 ON 12
[REMARKS]
#FINAL-07-23#