000
CXUS54 KEWX 011010
CF6HDO
PRELIMINARY LOCAL CLIMATOLOGICAL DATA (WS FORM: F-6)
STATION: HONDO
MONTH: MARCH
YEAR: 2022
LATITUDE: 29 21 N
LONGITUDE: 99 10 W
TEMPERATURE IN F: :PCPN: SNOW: WIND :SUNSHINE: SKY :PK WND
================================================================================
1 2 3 4 5 6A 6B 7 8 9 10 11 12 13 14 15 16 17 18
12Z AVG MX 2MIN
DY MAX MIN AVG DEP HDD CDD WTR SNW DPTH SPD SPD DIR MIN PSBL S-S WX SPD DR
================================================================================
1 73 29 51 -9 14 0 0.00 M M 6.4 12 140 M M 0 17 130
2 75 36 56 -4 9 0 0.00 M M 6.5 15 140 M M 0 20 170
3 80 48 64 4 1 0 0.00 M M 6.8 14 150 M M 5 18 22 150
4 83 63 73 13 0 8 0.00 M M 14.5 24 170 M M 7 32 130
5 83 62 73 13 0 8 0.00 M M 12.4 21 170 M M 8 27 180
6 84 68 76 15 0 11 0.00 M M 12.7 22 170 M M 8 30 160
7 70 47 59 -2 6 0 T M M 16.4 30 20 M M 8 40 20
8 66 40 53 -8 12 0 0.00 M M 9.7 17 50 M M 6 23 50
9 67 37 52 -9 13 0 0.00 M M 7.4 15 130 M M 0 24 120
10 76 32 54 -8 11 0 0.00 M M 9.1 20 150 M M 1 26 150
11 63 38 51 -11 14 0 T M M 17.8 32 360 M M 7 41 350
12 58 21 40 -22 25 0 0.00 M M 7.0 18 10 M M 0 25 30
13 71 23 47 -15 18 0 0.00 M M 10.4 23 180 M M 0 35 190
14 83 43 63 1 2 0 0.00 M M 8.3 21 200 M M 2 33 170
15 83 42 63 0 2 0 0.00 M M 9.6 24 360 M M 1 33 20
16 86 38 62 -1 3 0 0.00 M M 9.7 24 140 M M 0 34 150
17 84 48 66 3 0 1 0.00 M M 8.1 20 350 M M 3 25 180
18 78 46 62 -2 3 0 0.00 M M 12.0 25 340 M M 2 32 340
19 80 38 59 -5 6 0 0.00 M M 7.9 17 150 M M 0 25 140
20 82 39 61 -3 4 0 T M M 14.0 26 130 M M 1 36 120
21 90 58 74 10 0 9 0.08 M M 13.0 25 230 M M 6 18 31 220
22 72 44 58 -6 7 0 0.00 M M 15.2 30 320 M M 1 40 330
23 72 39 56 -9 9 0 0.00 M M 9.2 21 320 M M 0 30 310
24 82 35 59 -6 6 0 0.00 M M 10.0 25 310 M M 0 39 310
25 90 37 64 -1 1 0 0.00 M M 6.7 14 140 M M 0 18 130
26 94 42 68 3 0 3 0.00 M M 9.9 21 200 M M 0 29 200
27 90 43 67 1 0 2 0.00 M M 9.6 22 140 M M 0 29 140
28 90 55 73 7 0 8 0.00 M M 11.3 24 130 M M 3 31 130
29 89 63 76 10 0 11 0.00 M M 16.2 26 170 M M 3 36 150
30 87 53 70 4 0 5 0.07 M M 14.7 29 290 M M 3 1 44 290
31 85 43 64 -3 1 0 0.00 M M 6.8 14 100 M M 0 21 240
================================================================================
SM 2466 1350 167 66 0.15 M 329.3 M 75
================================================================================
AV 79.5 43.5 10.6 FASTST M M 2 MAX(MPH)
MISC ----> 32 360 44 290
================================================================================
NOTES:
# LAST OF SEVERAL OCCURRENCES
COLUMN 17 PEAK WIND IN M.P.H.
PRELIMINARY LOCAL CLIMATOLOGICAL DATA (WS FORM: F-6) , PAGE 2
STATION: HONDO
MONTH: MARCH
YEAR: 2022
LATITUDE: 29 21 N
LONGITUDE: 99 10 W
[TEMPERATURE DATA] [PRECIPITATION DATA] SYMBOLS USED IN COLUMN 16
AVERAGE MONTHLY: 61.5 TOTAL FOR MONTH: 0.15 1 = FOG OR MIST
DPTR FM NORMAL: -1.5 DPTR FM NORMAL: -1.73 2 = FOG REDUCING VISIBILITY
HIGHEST: 94 ON 26 GRTST 24HR 0.08 ON 21-21 TO 1/4 MILE OR LESS
LOWEST: 21 ON 12 3 = THUNDER
SNOW, ICE PELLETS, HAIL 4 = ICE PELLETS
TOTAL MONTH: M 5 = HAIL
GRTST 24HR M ON M 6 = FREEZING RAIN OR DRIZZLE
GRTST DEPTH: M ON M 7 = DUSTSTORM OR SANDSTORM:
VSBY 1/2 MILE OR LESS
8 = SMOKE OR HAZE
[NO. OF DAYS WITH] [WEATHER - DAYS WITH] 9 = BLOWING SNOW
X = TORNADO
MAX 32 OR BELOW: 0 0.01 INCH OR MORE: 2
MAX 90 OR ABOVE: 5 0.10 INCH OR MORE: 0
MIN 32 OR BELOW: 4 0.50 INCH OR MORE: 0
MIN 0 OR BELOW: 0 1.00 INCH OR MORE: 0
[HDD (BASE 65) ]
TOTAL THIS MO. 167 CLEAR (SCALE 0-3) 20
DPTR FM NORMAL 27 PTCLDY (SCALE 4-7) 10
TOTAL FM JUL 1 1295 CLOUDY (SCALE 8-10) 1
DPTR FM NORMAL -123
[CDD (BASE 65) ]
TOTAL THIS MO. 66
DPTR FM NORMAL -12 [PRESSURE DATA]
TOTAL FM JAN 1 95 HIGHEST SLP 30.59 ON 12
DPTR FM NORMAL -14 LOWEST SLP 29.47 ON 29
[REMARKS]
#FINAL-03-22#