000
CXUS54 KEWX 011110
CF6HDO
PRELIMINARY LOCAL CLIMATOLOGICAL DATA (WS FORM: F-6)
STATION: HONDO
MONTH: NOVEMBER
YEAR: 2023
LATITUDE: 29 21 N
LONGITUDE: 99 10 W
TEMPERATURE IN F: :PCPN: SNOW: WIND :SUNSHINE: SKY :PK WND
================================================================================
1 2 3 4 5 6A 6B 7 8 9 10 11 12 13 14 15 16 17 18
12Z AVG MX 2MIN
DY MAX MIN AVG DEP HDD CDD WTR SNW DPTH SPD SPD DIR MIN PSBL S-S WX SPD DR
================================================================================
1 65 32 49 -17 16 0 0.00 M M 5.9 13 50 M M 0 18 60
2 70 44 57 -8 8 0 0.00 M M 7.1 17 180 M M 4 8 22 190
3 78 51 65 0 0 0 0.00 M M 6.0 16 170 M M 5 23 190
4 81 51 66 1 0 1 0.00 M M 5.3 16 190 M M 2 22 180
5 81 53 67 3 0 2 0.00 M M 6.3 15 180 M M 0 21 170
6 82 57 70 6 0 5 0.00 M M 5.5 17 210 M M 1 12 23 210
7 87 54 71 7 0 6 0.00 M M 6.7 16 170 M M 0 21 170
8 85 60 73 10 0 8 0.00 M M 5.6 16 150 M M 3 12 21 160
9 75 56 66 3 0 1 0.93 M M 8.2 23 30 M M 9 1 30 30
10 62 54 58 -4 7 0 0.13 M M 11.3 18 20 M M 10 25 360
11 60 57 59 -3 6 0 0.02 M M 6.4 15 40 M M 10 20 40
12 61 57 59 -3 6 0 0.22 M M 5.9 14 40 M M 10 1 18 40
13 62 54 58 -3 7 0 0.05 M M 9.9 16 30 M M 10 1 21 40
14 75 53 64 3 1 0 0.00 M M 4.7 13 10 M M 5 15 20
15 76 49 63 2 2 0 0.00 M M 4.4 9 70 M M 0 1 12 170
16 74 48 61 1 4 0 0.00 M M 5.3 13 200 M M 0 17 180
17 78 53 66 6 0 1 0.00 M M 5.4 14 30 M M 3 12 19 30
18 73 55 64 4 1 0 0.00 M M 7.4 15 60 M M 3 19 80
19 67 54 61 2 4 0 T M M 4.9 9 170 M M 9 12 12 180
20 85 60 73 14 0 8 T M M 10.4 26 320 M M 4 12 37 310
21 65 43 54 -5 11 0 0.00 M M 15.2 30 360 M M 2 41 10
22 68 32 50 -8 15 0 0.00 M M 4.8 10 290 M M 0 16 300
23 62 37 50 -8 15 0 0.00 M M 5.2 13 180 M M 3 19 230
24 70 39 55 -3 10 0 0.00 M M 7.6 15 120 M M 1 1 20 100
25 59 55 57 0 8 0 0.12 M M 8.4 16 90 M M 10 1 19 90
26 62 48 55 -2 10 0 T M M 12.1 26 10 M M 8 35 20
27 58 47 53 -4 12 0 0.00 M M 5.0 13 50 M M 10 17 70
28 62 50 56 0 9 0 0.00 M M 5.0 8 180 M M 9 11 170
29 60 52 56 0 9 0 0.09 M M 6.0 14 130 M M 10 18 18 120
30 66 51 59 3 6 0 0.12 M M 5.6 14 130 M M 8 12 17 130
================================================================================
SM 2109 1506 167 32 1.68 M 207.5 M 149
================================================================================
AV 70.3 50.2 6.9 FASTST M M 5 MAX(MPH)
MISC ----> 30 360 41 10
================================================================================
NOTES:
# LAST OF SEVERAL OCCURRENCES
COLUMN 17 PEAK WIND IN M.P.H.
PRELIMINARY LOCAL CLIMATOLOGICAL DATA (WS FORM: F-6) , PAGE 2
STATION: HONDO
MONTH: NOVEMBER
YEAR: 2023
LATITUDE: 29 21 N
LONGITUDE: 99 10 W
[TEMPERATURE DATA] [PRECIPITATION DATA] SYMBOLS USED IN COLUMN 16
AVERAGE MONTHLY: 60.3 TOTAL FOR MONTH: 1.68 1 = FOG OR MIST
DPTR FM NORMAL: -0.3 DPTR FM NORMAL: 0.12 2 = FOG REDUCING VISIBILITY
HIGHEST: 87 ON 7 GRTST 24HR 1.06 ON 9-10 TO 1/4 MILE OR LESS
LOWEST: 32 ON 22, 1 3 = THUNDER
SNOW, ICE PELLETS, HAIL 4 = ICE PELLETS
TOTAL MONTH: M 5 = HAIL
GRTST 24HR M ON M 6 = FREEZING RAIN OR DRIZZLE
GRTST DEPTH: M ON M 7 = DUSTSTORM OR SANDSTORM:
VSBY 1/2 MILE OR LESS
8 = SMOKE OR HAZE
[NO. OF DAYS WITH] [WEATHER - DAYS WITH] 9 = BLOWING SNOW
X = TORNADO
MAX 32 OR BELOW: 0 0.01 INCH OR MORE: 8
MAX 90 OR ABOVE: 0 0.10 INCH OR MORE: 5
MIN 32 OR BELOW: 2 0.50 INCH OR MORE: 1
MIN 0 OR BELOW: 0 1.00 INCH OR MORE: 0
[HDD (BASE 65) ]
TOTAL THIS MO. 167 CLEAR (SCALE 0-3) 12
DPTR FM NORMAL -21 PTCLDY (SCALE 4-7) 7
TOTAL FM JUL 1 208 CLOUDY (SCALE 8-10) 11
DPTR FM NORMAL -12
[CDD (BASE 65) ]
TOTAL THIS MO. 32
DPTR FM NORMAL -24 [PRESSURE DATA]
TOTAL FM JAN 1 3769 HIGHEST SLP 30.49 ON 1
DPTR FM NORMAL 633 LOWEST SLP 29.64 ON 20
[REMARKS]
#FINAL-11-23#