000
CXUS54 KJAN 011529
CF6HEZ
PRELIMINARY LOCAL CLIMATOLOGICAL DATA (WS FORM: F-6)
STATION: NATCHEZ
MONTH: MARCH
YEAR: 2020
LATITUDE: 31 37 N
LONGITUDE: 91 15 W
TEMPERATURE IN F: :PCPN: SNOW: WIND :SUNSHINE: SKY :PK WND
================================================================================
1 2 3 4 5 6A 6B 7 8 9 10 11 12 13 14 15 16 17 18
12Z AVG MX 2MIN
DY MAX MIN AVG DEP HDD CDD WTR SNW DPTH SPD SPD DIR MIN PSBL S-S WX SPD DR
================================================================================
1 72 49 61 M 4 0 T 0.0 0 16.8 23 170 M M 7 31 170
2 73 60 67 M 0 2 T 0.0 0 10.2 15 180 M M 7 25 210
3 76 68 72 M 0 7 T 0.0 0 6.5 9 120 M M 6 1 M M
4 M M M M M M 2.01 0.0 0 11.5 22 50 M M 10 13 37 50
5 67 47 57 M 8 0 0.08 0.0 0 9.8 22 20 M M 5 1 30 360
6 62 44 53 M 12 0 0.00 0.0 0 12.1 22 350 M M 0 32 360
7 64 35 50 M 15 0 0.00 0.0 0 4.7 13 80 M M 0 22 80
8 73 45 59 M 6 0 0.00 0.0 0 8.6 17 140 M M 0 22 160
9 70 57 64 M 1 0 0.11 0.0 0 12.2 17 170 M M 6 25 170
10 78 63 71 M 0 6 0.07 0.0 0 6.0 9 220 M M 8 1 M M
11 77 63 70 M 0 5 0.00 0.0 0 8.2 14 230 M M 5 21 210
12 80 64 72 M 0 7 0.00 0.0 0 10.0 15 220 M M 5 24 220
13 81 64 73 M 0 8 0.00 0.0 0 4.6 9 180 M M 8 8 M M
14 79 65 72 M 0 7 0.00 0.0 0 6.8 10 230 M M 4 M M
15 71 54 63 M 2 0 T 0.0 0 6.8 13 350 M M 6 1 M M
16 77 54 66 M 0 1 0.00 0.0 0 4.9 10 310 M M 5 18 M M
17 77 60 69 M 0 4 0.00 0.0 0 2.1 8 100 M M 6 M M
18 82 63 73 M 0 8 0.00 0.0 0 8.2 14 150 M M 6 1 20 190
19 84 69 77 M 0 12 0.00 0.0 0 11.3 16 180 M M 7 25 160
20 80 60 70 M 0 5 1.27 0.0 0 7.6 15 320 M M 9 1 30 330
21 61 54 58 M 7 0 0.04 0.0 0 8.3 13 10 M M 10 1 M M
22 75 52 64 M 1 0 2.11 0.0 0 8.2 15 170 M M 6 13 M M
23 82 67 75 M 0 10 0.00 0.0 0 6.7 14 230 M M 8 18 220
24 82 66 74 M 0 9 0.00 0.0 0 9.5 20 220 M M 7 32 220
25 82 62 72 M 0 7 0.00 0.0 0 3.3 10 230 M M 4 1 M M
26 86 60 73 M 0 8 0.00 0.0 0 7.5 13 210 M M 2 1 21 220
27 87 66 77 M 0 12 0.00 0.0 0 9.1 15 180 M M 4 8 23 190
28 85 68 77 M 0 12 0.29 0.0 0 10.8 17 170 M M 5 1 24 170
29 74 55 65 M 0 0 T 0.0 0 3.8 7 30 M M 1 128 M M
30 72 56 64 M 1 0 0.00 0.0 0 6.9 13 130 M M 5 8 M M
31 73 47 60 M 5 0 0.33 M 0 9.7 16 350 M M 8 13 25 220
================================================================================
SM 2282 1737 62 130 6.31 0.0 252.7 M 170
================================================================================
AV 76.1 57.9 8.2 FASTST M M 5 MAX(MPH)
MISC ----> # 23 170 # 37 50
================================================================================
NOTES:
# LAST OF SEVERAL OCCURRENCES
COLUMN 17 PEAK WIND IN M.P.H.
PRELIMINARY LOCAL CLIMATOLOGICAL DATA (WS FORM: F-6) , PAGE 2
STATION: NATCHEZ
MONTH: MARCH
YEAR: 2020
LATITUDE: 31 37 N
LONGITUDE: 91 15 W
[TEMPERATURE DATA] [PRECIPITATION DATA] SYMBOLS USED IN COLUMN 16
AVERAGE MONTHLY: 67.0 TOTAL FOR MONTH: 6.31 1 = FOG OR MIST
DPTR FM NORMAL: M DPTR FM NORMAL: M 2 = FOG REDUCING VISIBILITY
HIGHEST: 87 ON 27 GRTST 24HR 2.11 ON 22-22 TO 1/4 MILE OR LESS
LOWEST: 35 ON 7 3 = THUNDER
SNOW, ICE PELLETS, HAIL 4 = ICE PELLETS
TOTAL MONTH: 0.0 INCH 5 = HAIL
GRTST 24HR 0.0 6 = FREEZING RAIN OR DRIZZLE
GRTST DEPTH: 0 7 = DUSTSTORM OR SANDSTORM:
VSBY 1/2 MILE OR LESS
8 = SMOKE OR HAZE
[NO. OF DAYS WITH] [WEATHER - DAYS WITH] 9 = BLOWING SNOW
X = TORNADO
MAX 32 OR BELOW: 0 0.01 INCH OR MORE: 9
MAX 90 OR ABOVE: 0 0.10 INCH OR MORE: 6
MIN 32 OR BELOW: 0 0.50 INCH OR MORE: 3
MIN 0 OR BELOW: 0 1.00 INCH OR MORE: 3
[HDD (BASE 65) ]
TOTAL THIS MO. 62 CLEAR (SCALE 0-3) 5
DPTR FM NORMAL M PTCLDY (SCALE 4-7) 22
TOTAL FM JUL 1 1643 CLOUDY (SCALE 8-10) 4
DPTR FM NORMAL M
[CDD (BASE 65) ]
TOTAL THIS MO. 130
DPTR FM NORMAL M [PRESSURE DATA]
TOTAL FM JAN 1 140 HIGHEST SLP M ON M
DPTR FM NORMAL M LOWEST SLP M ON M
[REMARKS]
#FINAL-03-20#